--
-- Host: localhost    Database: TD_OA
-- ------------------------------------------------------


--
-- Current Database: `TD_OA`
--

CREATE DATABASE /*!32312 IF NOT EXISTS*/ `td_oa` /*!40100 DEFAULT CHARACTER SET gbk */;

USE `TD_OA`;

--
-- Table structure for table `address`
--

CREATE TABLE `address` (
  `ADD_ID` int(11) NOT NULL AUTO_INCREMENT COMMENT '自增唯一ID',
  `USER_ID` varchar(20) NOT NULL DEFAULT '' COMMENT '创建人USER_ID',
  `GROUP_ID` int(11) NOT NULL DEFAULT '0' COMMENT '所属组',
  `PSN_NAME` varchar(120) NOT NULL DEFAULT '' COMMENT '联系人姓名',
  `SEX` char(1) NOT NULL DEFAULT '' COMMENT '性别(0-男,1-女)',
  `NICK_NAME` varchar(50) NOT NULL DEFAULT '' COMMENT '昵称',
  `BIRTHDAY` date NOT NULL DEFAULT '0000-00-00' COMMENT '生日',
  `MINISTRATION` varchar(50) NOT NULL DEFAULT '' COMMENT '职务',
  `MATE` varchar(50) NOT NULL DEFAULT '' COMMENT '配偶',
  `CHILD` varchar(50) NOT NULL DEFAULT '' COMMENT '子女',
  `DEPT_NAME` varchar(50) NOT NULL DEFAULT '' COMMENT '单位名称',
  `ADD_DEPT` varchar(200) NOT NULL DEFAULT '' COMMENT '单位地址',
  `POST_NO_DEPT` varchar(50) NOT NULL DEFAULT '' COMMENT '单位邮编',
  `TEL_NO_DEPT` varchar(50) NOT NULL DEFAULT '' COMMENT '工作电话',
  `FAX_NO_DEPT` varchar(50) NOT NULL DEFAULT '' COMMENT '工作传真',
  `ADD_HOME` varchar(200) NOT NULL DEFAULT '' COMMENT '家庭住址',
  `POST_NO_HOME` varchar(50) NOT NULL DEFAULT '' COMMENT '家庭邮编',
  `TEL_NO_HOME` varchar(50) NOT NULL DEFAULT '' COMMENT '家庭电话',
  `MOBIL_NO` varchar(50) NOT NULL DEFAULT '' COMMENT '手机',
  `BP_NO` varchar(50) NOT NULL DEFAULT '' COMMENT '小灵通',
  `EMAIL` varchar(100) NOT NULL DEFAULT '' COMMENT '电子邮件',
  `OICQ_NO` varchar(50) NOT NULL DEFAULT '' COMMENT 'QQ',
  `ICQ_NO` varchar(50) NOT NULL DEFAULT '' COMMENT 'MSN号码',
  `NOTES` text NOT NULL COMMENT '备注',
  `PSN_NO` int(11) NOT NULL DEFAULT '0' COMMENT '排序',
  `SMS_FLAG` char(1) NOT NULL DEFAULT '0' COMMENT '用途未知',
  `SHARE_USER` text NOT NULL COMMENT '共享范围',
  `MANAGE_USER` text NOT NULL COMMENT '修改权限用户',
  `ADD_SHARE_NAME` varchar(11) NOT NULL COMMENT '共享名',
  `ATTACHMENT_ID` text NOT NULL COMMENT '附件id',
  `ATTACHMENT_NAME` text NOT NULL COMMENT '附件名称',
  `ADD_START` datetime NOT NULL COMMENT '共享开始时间',
  `ADD_END` datetime NOT NULL COMMENT '共享结束时间',
  `PER_WEB` varchar(200) NOT NULL COMMENT '个人主页',
  PRIMARY KEY (`ADD_ID`),
  KEY `USER_ID` (`USER_ID`),
  KEY `GROUP_ID` (`GROUP_ID`),
  KEY `PSN_NAME` (`PSN_NAME`)
) ENGINE=InnoDB DEFAULT CHARSET=gbk COMMENT='通讯簿';

--
-- Dumping data for table `address`
--


--
-- Table structure for table `address_group`
--

CREATE TABLE `address_group` (
  `GROUP_ID` int(11) NOT NULL AUTO_INCREMENT COMMENT '自增唯一ID',
  `GROUP_NAME` varchar(200) NOT NULL DEFAULT '' COMMENT '分组名称',
  `USER_ID` varchar(200) NOT NULL DEFAULT '' COMMENT '创建人USER_ID',
  `PRIV_DEPT` text NOT NULL COMMENT '部门权限',
  `PRIV_ROLE` text NOT NULL COMMENT '角色权限',
  `PRIV_USER` text NOT NULL COMMENT '用户权限',
  `ORDER_NO` int(11) NOT NULL DEFAULT '0' COMMENT '排序号',
  `SUPPORT_DEPT` text NOT NULL COMMENT '维护权限部门',
  `SUPPORT_USER` text NOT NULL COMMENT '维护权限用户',
  `SHARE_GROUP_ID` int(11) NOT NULL COMMENT '共享组',
  `SHARE_USER_ID` varchar(200) NOT NULL COMMENT '共享用户',
  PRIMARY KEY (`GROUP_ID`),
  KEY `GROUP_NAME` (`GROUP_NAME`),
  KEY `USER_ID` (`USER_ID`),
  KEY `ORDER_NO` (`ORDER_NO`)
) ENGINE=InnoDB AUTO_INCREMENT=4 DEFAULT CHARSET=gbk COMMENT='通讯簿分组';

--
-- Dumping data for table `address_group`
--

INSERT INTO `address_group` VALUES (1,'客户','admin','','','',0,'','',0,''),(2,'朋友','admin','','','',0,'','',0,''),(3,'客户','','ALL_DEPT','','',0,'','',0,'');

--
-- Table structure for table `affair`
--

CREATE TABLE `affair` (
  `AFF_ID` int(11) NOT NULL AUTO_INCREMENT COMMENT '唯一自增ID',
  `USER_ID` varchar(20) NOT NULL DEFAULT '' COMMENT '用户ID',
  `BEGIN_TIME` int(10) unsigned NOT NULL COMMENT '起始日期',
  `END_TIME` int(10) unsigned NOT NULL COMMENT '结束日期',
  `TYPE` char(1) NOT NULL DEFAULT '' COMMENT '提醒类型(2-按日提醒,3-按周提醒,4-按月提醒,5按年提醒,6-按工作日提醒)',
  `REMIND_DATE` varchar(200) NOT NULL DEFAULT '' COMMENT '提醒日期',
  `REMIND_TIME` time NOT NULL DEFAULT '00:00:00' COMMENT '提醒时间',
  `CONTENT` text NOT NULL COMMENT '事务内容 ',
  `LAST_REMIND` date NOT NULL DEFAULT '0000-00-00' COMMENT '最近一次提醒的时间',
  `SMS_REMIND` char(1) NOT NULL DEFAULT '1' COMMENT '是否使用事务提醒(0-否,1-是)',
  `SMS2_REMIND` varchar(2) NOT NULL COMMENT '是否使用手机短信提醒(0-否,1-是)',
  `LAST_SMS2_REMIND` date NOT NULL DEFAULT '0000-00-00' COMMENT '最近一次手机短信提醒的时间',
  `MANAGER_ID` varchar(20) NOT NULL COMMENT '任务安排人的用户ID',
  `CAL_TYPE` char(1) NOT NULL COMMENT '事务类型(1-工作事务,2-个人事务)',
  `ADD_TIME` datetime NOT NULL COMMENT '新建时间',
  `TAKER` text NOT NULL COMMENT '参与人',
  `BEGIN_TIME_TIME` time NOT NULL COMMENT '开始时间',
  `END_TIME_TIME` time NOT NULL COMMENT '结束时间',
  `ALLDAY` tinyint(3) unsigned NOT NULL COMMENT '全天',
  PRIMARY KEY (`AFF_ID`),
  KEY `USER_ID` (`USER_ID`),
  KEY `BEGIN_TIME_2` (`BEGIN_TIME`),
  KEY `END_TIME_2` (`END_TIME`)
) ENGINE=InnoDB DEFAULT CHARSET=gbk COMMENT='日期安排-周期性事务表';

--
-- Dumping data for table `affair`
--


--
-- Table structure for table `app_log`
--

CREATE TABLE `app_log` (
  `LOG_ID` int(11) NOT NULL AUTO_INCREMENT COMMENT '唯一自增ID',
  `USER_ID` varchar(20) NOT NULL DEFAULT '' COMMENT 'OA用户名',
  `TIME` datetime NOT NULL DEFAULT '0000-00-00 00:00:00' COMMENT '操作时间',
  `MODULE` varchar(10) NOT NULL DEFAULT '' COMMENT '模块id',
  `OPP_ID` varchar(20) NOT NULL DEFAULT '' COMMENT '操作记录的id',
  `TYPE` varchar(10) NOT NULL DEFAULT '' COMMENT '操作类型',
  `REMARK` mediumtext NOT NULL COMMENT '备注',
  PRIMARY KEY (`LOG_ID`),
  KEY `MODULE_OPP_USER_TYPE` (`MODULE`,`OPP_ID`,`USER_ID`,`TYPE`)
) ENGINE=InnoDB DEFAULT CHARSET=gbk COMMENT='各模块操作日志表';

--
-- Dumping data for table `app_log`
--


--
-- Table structure for table `archive_tables`
--

CREATE TABLE `archive_tables` (
  `ARCHIVE_ID` int(10) unsigned NOT NULL AUTO_INCREMENT COMMENT '归档自增ID',
  `MODULE` varchar(20) NOT NULL DEFAULT '' COMMENT '归档数据模块代码',
  `ARCHIVE_DESC` varchar(100) NOT NULL DEFAULT '' COMMENT '归档描述',
  `ARCHIVE_DB` varchar(100) NOT NULL DEFAULT '' COMMENT '归档数据库名称',
  `TABLE_POSTFIX` varchar(20) NOT NULL DEFAULT '' COMMENT '归档表名后缀',
  `DATA_VERSION` varchar(20) NOT NULL DEFAULT '' COMMENT '归档数据版本',
  `ARCHIVE_TIME` int(10) unsigned NOT NULL DEFAULT '0' COMMENT '归档时间',
  `TABLE_NAME_STR` text NOT NULL COMMENT '所有归档的表名串',
  PRIMARY KEY (`ARCHIVE_ID`),
  KEY `MODULE` (`MODULE`)
) ENGINE=InnoDB DEFAULT CHARSET=gbk COMMENT='归档数据表';

--
-- Dumping data for table `archive_tables`
--


--
-- Table structure for table `attachment`
--

CREATE TABLE `attachment` (
  `AID` int(10) unsigned NOT NULL AUTO_INCREMENT COMMENT '自增唯一ID',
  `POSITION` tinyint(3) unsigned NOT NULL COMMENT '位置',
  `MODULE` tinyint(3) unsigned NOT NULL COMMENT '对应attachment_module表中模块的module_id号',
  `YM` char(4) NOT NULL COMMENT '年月',
  `ATTACH_ID` int(11) NOT NULL COMMENT '附件ID',
  `ATTACH_FILE` varchar(200) NOT NULL COMMENT '附件文件',
  `ATTACH_NAME` varchar(200) NOT NULL COMMENT '附件名称',
  `ATTACH_SIGN` bigint(20) NOT NULL COMMENT '标记',
  `DEL_FLAG` tinyint(3) unsigned NOT NULL COMMENT '删除标记(0-未删除,1-已删除)',
  PRIMARY KEY (`AID`)
) ENGINE=InnoDB AUTO_INCREMENT=2674 DEFAULT CHARSET=gbk COMMENT='附件信息表';

--
-- Dumping data for table `attachment`
--

INSERT INTO `attachment` VALUES (1886,2,32,'1309',913502254,'集团大楼.jpg','集团大楼.jpg',0,0),(1890,2,32,'1309',2020826564,'组织架构20130913165218.jpg','组织架构20130913165218.jpg',0,0),(1926,2,32,'1309',1600579559,'3. 图片.jpg','3. 图片.jpg',0,0),(1993,2,32,'1309',286677758,'1.jpg','1.jpg',0,1),(2004,2,32,'1309',531049398,'2.jpg','2.jpg',0,1),(2006,2,32,'1309',236056157,'3.jpg','3.jpg',0,1),(2007,2,32,'1309',1883287676,'4.jpg','4.jpg',0,1),(2009,2,32,'1309',1259476908,'7.jpg','7.jpg',0,0),(2010,2,32,'1309',1725642080,'8.jpg','8.jpg',0,0),(2011,2,32,'1309',718150572,'9.jpg','9.jpg',0,0),(2012,2,32,'1309',1454000050,'10.jpg','10.jpg',0,0),(2017,2,32,'1309',958658222,'1.jpg','1.jpg',0,0),(2089,2,32,'1309',433865072,'图1.1.jpg','图1.1.jpg',0,0),(2090,2,32,'1309',649148706,'图1.2.jpg','图1.2.jpg',0,0),(2091,2,32,'1309',1120818333,'图5.1.jpg','图5.1.jpg',0,0),(2250,2,32,'1309',1016095769,'1.jpg','1.jpg',0,0),(2251,2,32,'1309',155163630,'2.jpg','2.jpg',0,0),(2253,2,32,'1309',605686271,'2.jpg','2.jpg',0,0),(2254,2,32,'1309',599523773,'3.jpg','3.jpg',0,0),(2255,2,32,'1309',1625014950,'4.jpg','4.jpg',0,0),(2256,2,32,'1309',1679630923,'5.jpg','5.jpg',0,0),(2263,2,32,'1309',1573856762,'3.jpg','3.jpg',0,0),(2264,2,32,'1309',1080455584,'1.jpg','1.jpg',0,0),(2265,2,32,'1309',408178980,'1.jpg','1.jpg',0,0),(2266,2,32,'1309',1576186301,'2.jpg','2.jpg',0,0),(2267,2,32,'1309',1785118784,'2.jpg','2.jpg',0,0),(2269,2,32,'1309',1882644021,'1.jpg','1.jpg',0,0),(2270,2,32,'1309',1794952473,'2.jpg','2.jpg',0,0),(2271,2,32,'1309',169263008,'1.jpg','1.jpg',0,0),(2272,2,32,'1309',1855852116,'2.jpg','2.jpg',0,0),(2274,2,32,'1309',1142599922,'4.jpg','4.jpg',0,0),(2275,2,32,'1309',636242048,'5.jpg','5.jpg',0,0),(2276,2,32,'1309',1157626740,'1.jpg','1.jpg',0,0),(2277,2,32,'1309',998776250,'2.jpg','2.jpg',0,0),(2280,2,32,'1309',306913073,'11.png','11.png',0,0),(2281,2,32,'1309',699132102,'12.png','12.png',0,0),(2282,2,32,'1309',150880567,'123.jpg','123.jpg',0,0),(2283,2,32,'1309',1424946227,'1231.jpg','1231.jpg',0,0),(2284,2,32,'1309',787913663,'1232.jpg','1232.jpg',0,0),(2285,2,32,'1309',1916588318,'1233.jpg','1233.jpg',0,0),(2286,2,32,'1309',726951662,'1234.jpg','1234.jpg',0,0),(2287,2,32,'1309',1219111564,'11.jpg','11.jpg',0,0),(2288,2,32,'1309',1898845362,'12.jpg','12.jpg',0,0),(2289,2,32,'1309',1076777714,'13.gif','13.gif',0,0),(2290,2,32,'1309',1123437130,'11.gif','11.gif',0,0),(2291,2,32,'1309',1602886662,'11.jpg','11.jpg',0,0),(2292,2,32,'1309',2100689081,'12.jpg','12.jpg',0,0),(2293,2,32,'1309',424949096,'13.jpg','13.jpg',0,0),(2294,2,32,'1309',1961939225,'14.jpg','14.jpg',0,0),(2295,2,32,'1309',627406374,'15.jpg','15.jpg',0,0),(2297,2,32,'1309',647331417,'111.jpg','111.jpg',0,0),(2298,2,32,'1309',1312194815,'112.jpg','112.jpg',0,0),(2299,2,32,'1309',747626223,'113.jpg','113.jpg',0,0),(2300,2,32,'1309',1442292761,'1.jpg','1.jpg',0,0),(2301,2,32,'1309',1940316822,'12.jpg','12.jpg',0,0),(2302,2,32,'1309',1757155261,'13.jpg','13.jpg',0,0),(2303,2,32,'1309',1917263969,'14.jpg','14.jpg',0,0),(2304,2,32,'1309',561796701,'15.jpg','15.jpg',0,0),(2305,2,32,'1309',432926661,'121.jpg','121.jpg',0,0),(2306,2,32,'1309',410456047,'122.jpg','122.jpg',0,0),(2307,2,32,'1309',2087045734,'123.jpg','123.jpg',0,0),(2308,2,32,'1309',1134454949,'124.jpg','124.jpg',0,0),(2309,2,32,'1309',231330127,'125.jpg','125.jpg',0,0),(2310,2,32,'1309',2087490248,'126.jpg','126.jpg',0,0),(2311,2,32,'1309',385443116,'127.jpg','127.jpg',0,0),(2312,2,32,'1309',616340400,'121.jpg','121.jpg',0,0),(2313,2,32,'1309',1030892396,'122.jpg','122.jpg',0,0),(2314,2,32,'1309',2056726554,'123.jpg','123.jpg',0,0),(2315,2,32,'1309',1214451881,'111.jpg','111.jpg',0,0),(2316,2,32,'1309',1871878924,'112.jpg','112.jpg',0,0),(2317,2,32,'1309',2021490982,'113.jpg','113.jpg',0,0),(2318,2,32,'1309',311248350,'114.jpg','114.jpg',0,0),(2319,2,32,'1309',106580869,'222.jpg','222.jpg',0,0),(2320,2,32,'1309',1221530291,'223.jpg','223.jpg',0,0),(2321,2,32,'1309',841592100,'224.jpg','224.jpg',0,0),(2322,2,32,'1309',1388708642,'225.jpg','225.jpg',0,0),(2326,2,32,'1309',510590796,'333.jpg','333.jpg',0,0),(2327,2,32,'1309',313307351,'334.jpg','334.jpg',0,0),(2328,2,32,'1309',1035151467,'335.jpg','335.jpg',0,0),(2329,2,32,'1309',529888309,'336.jpg','336.jpg',0,0),(2330,2,32,'1309',1325926878,'337.jpg','337.jpg',0,0),(2331,2,32,'1309',558903398,'338.jpg','338.jpg',0,0),(2332,2,32,'1309',28401241,'339.jpg','339.jpg',0,0),(2333,2,32,'1309',1195216193,'3310.jpg','3310.jpg',0,0),(2334,2,32,'1309',571453998,'3310.jpg','3310.jpg',0,0),(2335,2,32,'1309',1275898079,'191.jpg','191.jpg',0,0),(2336,2,32,'1309',1281004681,'192.jpg','192.jpg',0,0),(2364,2,32,'1309',2069115840,'11.jpg','11.jpg',0,0),(2365,2,32,'1309',649267930,'12.jpg','12.jpg',0,0),(2366,2,32,'1309',2145065249,'211.jpg','211.jpg',0,0),(2367,2,32,'1309',692148636,'121.jpg','121.jpg',0,0),(2368,2,32,'1309',916570078,'122.jpg','122.jpg',0,0),(2369,2,32,'1309',637124780,'123.jpg','123.jpg',0,0),(2370,2,32,'1309',456405155,'124.jpg','124.jpg',0,0),(2371,2,32,'1309',1906382760,'125.jpg','125.jpg',0,0),(2372,2,32,'1309',284311747,'126.jpg','126.jpg',0,0),(2373,2,32,'1309',968351740,'127.jpg','127.jpg',0,0),(2374,2,32,'1309',1731407665,'128.jpg','128.jpg',0,0),(2375,2,32,'1309',700599772,'129.jpg','129.jpg',0,0),(2376,2,32,'1309',253637974,'333.jpg','333.jpg',0,0),(2377,2,32,'1309',827790515,'334.jpg','334.jpg',0,0),(2378,2,32,'1309',565439560,'335.jpg','335.jpg',0,0),(2380,2,32,'1309',2014403785,'336.jpg','336.jpg',0,0),(2381,2,32,'1309',773267316,'1.jpg','1.jpg',0,0),(2382,2,32,'1309',780190158,'2.jpg','2.jpg',0,0),(2383,2,32,'1309',1567991242,'3.jpg','3.jpg',0,0),(2384,2,32,'1309',1086359678,'4.jpg','4.jpg',0,0),(2385,2,32,'1309',1146097480,'121.jpg','121.jpg',0,0),(2386,2,32,'1309',41735814,'122.jpg','122.jpg',0,0),(2387,2,32,'1309',2043530478,'123.jpg','123.jpg',0,0),(2388,2,32,'1309',1303073062,'124.jpg','124.jpg',0,0),(2389,2,32,'1309',168789919,'133.jpg','133.jpg',0,0),(2390,2,32,'1309',2008792119,'134.jpg','134.jpg',0,0),(2391,2,32,'1309',1619334992,'141.jpg','141.jpg',0,0),(2392,2,32,'1309',164011043,'142.jpg','142.jpg',0,0),(2393,2,32,'1309',1289368825,'143.jpg','143.jpg',0,0),(2394,2,32,'1309',195249144,'144.jpg','144.jpg',0,0),(2395,2,32,'1309',121751089,'145.jpg','145.jpg',0,0),(2401,2,32,'1309',1011194616,'121.jpg','121.jpg',0,0),(2402,2,32,'1309',1122746690,'122.jpg','122.jpg',0,0),(2403,2,32,'1309',877067048,'123.jpg','123.jpg',0,0),(2405,2,32,'1309',1837193962,'121.jpg','121.jpg',0,0),(2420,2,32,'1309',1877695898,'2级页面图片.jpg','2级页面图片.jpg',0,0),(2426,2,32,'1309',1391343977,'1.jpg','1.jpg',0,0),(2427,2,32,'1309',1676989586,'2.jpg','2.jpg',0,0),(2429,2,32,'1309',318051642,'1.jpg','1.jpg',0,0),(2430,2,32,'1309',699063985,'2.jpg','2.jpg',0,0),(2432,2,32,'1309',2134554079,'1.jpg','1.jpg',0,0),(2433,2,32,'1309',1725823658,'2.jpg','2.jpg',0,0),(2435,2,32,'1309',652524898,'1.jpg','1.jpg',0,0),(2436,2,32,'1309',2079693699,'2.jpg','2.jpg',0,0),(2438,2,32,'1309',7910975,'1.jpg','1.jpg',0,0),(2439,2,32,'1309',1049301533,'2.jpg','2.jpg',0,0),(2441,2,32,'1309',1970533539,'1.jpg','1.jpg',0,0),(2442,2,32,'1309',1086067102,'2.jpg','2.jpg',0,0),(2444,2,32,'1309',776104229,'1.jpg','1.jpg',0,0),(2445,2,32,'1309',1057300666,'2.jpg','2.jpg',0,0),(2466,2,32,'1309',55105661,'001.mp4','001.mp4',0,0),(2467,2,32,'1309',397695306,'002.mp4','002.mp4',0,0),(2468,2,32,'1309',1911426329,'003.mp4','003.mp4',0,0),(2469,2,32,'1309',1231865064,'logo.jpg','logo.jpg',0,0),(2485,2,32,'1309',1535986922,'图片1.jpg','图片1.jpg',0,0),(2486,2,32,'1309',1567108375,'图片2.png','图片2.png',0,0),(2487,2,32,'1309',1977260745,'图片3.jpg','图片3.jpg',0,0),(2488,2,32,'1309',1751994644,'图片4.png','图片4.png',0,0),(2489,2,32,'1309',1869814825,'1.jpg','1.jpg',0,0),(2490,2,32,'1309',217730455,'2.jpg','2.jpg',0,0),(2491,2,32,'1309',1953787398,'3.jpg','3.jpg',0,0),(2492,2,32,'1309',1176711243,'4.jpg','4.jpg',0,0),(2493,2,32,'1309',2041243079,'5.jpg','5.jpg',0,0),(2494,2,32,'1309',1173204518,'6.jpg','6.jpg',0,0),(2501,2,32,'1309',1780030869,'11.jpg','11.jpg',0,0),(2502,2,32,'1309',1030967995,'12.png','12.png',0,0),(2503,2,32,'1309',2123132493,'13.png','13.png',0,0),(2504,2,32,'1309',1375009232,'14.png','14.png',0,0),(2505,2,32,'1309',230011274,'15.png','15.png',0,0),(2506,2,32,'1309',1157406121,'16.png','16.png',0,0),(2508,2,32,'1309',2058272705,'111.png','111.png',0,0),(2509,2,32,'1309',1293302354,'112.png','112.png',0,0),(2511,2,32,'1309',564899254,'113.png','113.png',0,0),(2512,2,32,'1309',1381500264,'114.png','114.png',0,0),(2513,2,32,'1309',348225849,'115.png','115.png',0,0),(2515,2,32,'1309',2055708750,'01.jpg','01.jpg',0,0),(2516,2,32,'1309',1205773820,'02.jpg','02.jpg',0,0),(2517,2,32,'1309',1826275600,'03.jpg','03.jpg',0,0),(2518,2,32,'1309',405031173,'04.jpg','04.jpg',0,0),(2519,2,32,'1309',1622299277,'05.jpg','05.jpg',0,0),(2520,2,32,'1309',729349235,'logo5.png','logo5.png',0,0),(2521,2,32,'1309',2030923684,'1.jpg','1.jpg',0,0),(2522,2,32,'1309',1451074279,'2.jpg','2.jpg',0,0),(2523,2,32,'1309',2005518211,'3.jpg','3.jpg',0,0),(2524,2,32,'1309',283420140,'4.jpg','4.jpg',0,0),(2525,2,32,'1309',1789935002,'5.jpg','5.jpg',0,0),(2526,2,32,'1309',1641243463,'6.jpg','6.jpg',0,0),(2527,2,32,'1309',1468864643,'7.jpg','7.jpg',0,0),(2528,2,32,'1309',728796124,'8.jpg','8.jpg',0,0),(2529,2,32,'1309',360584357,'9.jpg','9.jpg',0,0),(2530,2,32,'1309',1660982471,'10.jpg','10.jpg',0,0),(2531,2,32,'1309',829425594,'11.jpg','11.jpg',0,0),(2532,2,32,'1309',171970532,'12.jpg','12.jpg',0,0),(2533,2,32,'1309',1741518666,'13.jpg','13.jpg',0,0),(2534,2,32,'1309',1658560177,'14.jpg','14.jpg',0,0),(2535,2,32,'1309',1473707904,'15.jpg','15.jpg',0,0),(2536,2,32,'1309',1508434681,'16.jpg','16.jpg',0,0),(2537,2,32,'1309',626728555,'17.jpg','17.jpg',0,0),(2538,2,32,'1309',552163932,'18.jpg','18.jpg',0,0),(2539,2,32,'1309',2070960725,'19.jpg','19.jpg',0,0),(2540,2,32,'1309',1692731861,'20.jpg','20.jpg',0,0),(2541,2,32,'1309',1978721623,'21.jpg','21.jpg',0,0),(2542,2,32,'1309',1449198943,'121.jpg','121.jpg',0,0),(2543,2,32,'1309',223083334,'122.jpg','122.jpg',0,0),(2544,2,32,'1309',1953698464,'123.jpg','123.jpg',0,0),(2545,2,32,'1309',1747482367,'124.jpg','124.jpg',0,0),(2546,2,32,'1309',1818750546,'125.jpg','125.jpg',0,0),(2547,2,32,'1309',174956541,'126.jpg','126.jpg',0,0),(2559,2,32,'1309',22224809,'11.jpg','11.jpg',0,0),(2589,2,32,'1309',2134598694,'0001.JPG','0001.JPG',0,0),(2592,2,32,'1309',1239223295,'6.jpg','6.jpg',0,0),(2594,2,32,'1309',680111626,'111.jpg','111.jpg',0,0),(2595,2,32,'1309',2126242376,'121.jpg','121.jpg',0,0),(2596,2,32,'1309',892029678,'1.jpg','1.jpg',0,0),(2597,2,32,'1309',378375487,'2.jpg','2.jpg',0,0),(2599,2,32,'1309',172564540,'3.jpg','3.jpg',0,0),(2600,2,32,'1309',495702712,'4.jpg','4.jpg',0,0),(2601,2,32,'1309',1958406470,'集团大楼.jpg','集团大楼.jpg',0,0),(2602,2,200,'1310',506490411,'20130917015057610.jpg','20130917015057610.jpg',0,0),(2603,2,200,'1310',638744319,'20130918115644272.jpg','20130918115644272.jpg',0,0),(2604,2,5,'1310',1816331432,'20130917015057610.jpg','20130917015057610.jpg',0,0),(2605,2,5,'1310',806600241,'20130918115644272.jpg','20130918115644272.jpg',0,0),(2606,2,3,'1310',634299172,'公司发文通知(模板格式).doc','公司发文通知(模板格式).doc',0,1),(2607,2,3,'1310',1163663744,'企业标准发文模板.doc','企业标准发文模板.doc',0,1),(2608,2,3,'1310',1143991910,'企业标准模板.doc','企业标准模板.doc',0,1),(2609,2,3,'1310',774601685,'2009年公司财务工作总结范本.doc','2009年公司财务工作总结范本.doc',0,0),(2610,2,3,'1310',243603916,'2009年收文登记表(范本).xls','2009年收文登记表(范本).xls',0,0),(2611,2,3,'1310',1155033989,'收文发文登记表.xls','收文发文登记表.xls',0,0),(2612,2,1,'1310',220082000,'TDmixin_loli_0.6.apk','TDmixin_loli_0.6.apk',0,1),(2613,2,1,'1310',1783156752,'TDmixin_boy_0.6.apk','TDmixin_boy_0.6.apk',0,1),(2614,2,1,'1310',953376200,'loli_code.png','loli_code.png',0,1),(2615,2,1,'1310',598983059,'boy_code.png','boy_code.png',0,1),(2616,2,3,'1310',1342013046,'通达OA功能详细介绍.doc','通达OA功能详细介绍.doc',0,1),(2617,2,5,'1310',52817808,'1.jpg','1.jpg',0,0),(2618,2,3,'1310',564675884,'OA 2013.pdf','OA 2013.pdf',0,1),(2619,2,5,'1310',431439255,'2.jpg','2.jpg',0,0),(2620,2,5,'1310',161222691,'3.jpg','3.jpg',0,0),(2621,2,3,'1310',1146323066,'Office Anywhere2013工作流使用详解.pdf','Office Anywhere2013工作流使用详解.pdf',0,1),(2622,2,3,'1310',288151713,'[公文管理]用户使用手册.doc','[公文管理]用户使用手册.doc',0,1),(2623,2,3,'1310',1944670263,'标准版合同样本.doc','标准版合同样本.doc',0,1),(2624,2,3,'1310',4220832,'标准施工合同文本.doc','标准施工合同文本.doc',0,1),(2625,2,3,'1310',1360442371,'国家法律文件_登记局注册.doc','国家法律文件_登记局注册.doc',0,1),(2626,2,3,'1310',1516392337,'上市公司法律文件.doc','上市公司法律文件.doc',0,1),(2627,2,3,'1310',335842413,'会议系统资料.doc','会议系统资料.doc',0,1),(2628,2,3,'1310',905829034,'会议资料.ppt','会议资料.ppt',0,1),(2629,2,3,'1310',201029587,'工作量化记录模板.xlsx','工作量化记录模板.xlsx',0,1),(2630,2,3,'1310',2135236891,'BS结构软件开发管理规范流程图.docx','BS结构软件开发管理规范流程图.docx',0,1),(2631,2,3,'1310',418392252,'软件开发管理规范流程图.docx','软件开发管理规范流程图.docx',0,1),(2632,2,3,'1310',1666543549,'软件开发规范整体规范.doc','软件开发规范整体规范.doc',0,0),(2633,2,3,'1310',437964746,'小企业财务管理制度.pdf','小企业财务管理制度.pdf',0,1),(2634,2,3,'1310',440158991,'企业财务管理制度.pdf','企业财务管理制度.pdf',0,1),(2635,2,3,'1310',398309501,'企业财务管理制度范本.doc','企业财务管理制度范本.doc',0,1),(2636,2,3,'1310',440071028,'小公司财务管理制度2010年最新范本.doc','小公司财务管理制度2010年最新范本.doc',0,1),(2637,2,3,'1310',2127382198,'公司行政管理制度(详细).doc','公司行政管理制度(详细).doc',0,1),(2638,2,3,'1310',1629715481,'员工行为规范.doc','员工行为规范.doc',0,1),(2639,2,3,'1310',1621526580,'9.1火灾、地震自救常识..doc','9.1火灾、地震自救常识..doc',0,1),(2640,2,3,'1310',2076798027,'2.6产前工间休息申请单.doc','2.6产前工间休息申请单.doc',0,1),(2641,2,3,'1310',1260946849,'非常全面的工厂规章制度.doc','非常全面的工厂规章制度.doc',0,1),(2642,2,3,'1310',306369621,'公司薪酬管理制度(范本).doc','公司薪酬管理制度(范本).doc',0,1),(2643,2,7,'1310',1285098366,'QQ截图20130628104019.jpg','QQ截图20130628104019.jpg',0,0),(2644,2,3,'1310',447227077,'技术研发项目管理制度.txt','技术研发项目管理制度.txt',0,1),(2645,2,3,'1310',104040418,'项目管理制度.doc','项目管理制度.doc',0,1),(2646,2,3,'1310',1113726878,'未来10年新技术.doc','未来10年新技术.doc',0,1),(2647,2,3,'1310',422338045,'上品软件感恩十年 齐聚通达OA嘉年华完美落幕.doc','上品软件感恩十年 齐聚通达OA嘉年华完美落幕.doc',0,1),(2648,2,3,'1310',460057708,'测试数据.xls','测试数据.xls',0,1),(2649,2,3,'1310',1554083645,'关于设立员工“创新-金点子”奖的通告.doc','关于设立员工“创新-金点子”奖的通告.doc',0,1),(2650,2,3,'1310',1164345692,'金点子方案.doc','金点子方案.doc',0,1),(2651,2,3,'1310',345277054,'vcdromx41p.exe','vcdromx41p.exe',0,1),(2652,2,3,'1310',1121248469,'ispirit2008.exe','ispirit2008.exe',0,1),(2653,2,3,'1310',1493178468,'Excel使用技巧大全(超全).doc','Excel使用技巧大全(超全).doc',0,1),(2654,2,3,'1310',1225458067,'photo_shop_快捷键.docx','photo_shop_快捷键.docx',0,0),(2655,2,3,'1310',1433632133,'计算机世界：王志东：OA不是协同 三块试金石辨真伪.doc','计算机世界：王志东：OA不是协同 三块试金石辨真伪.doc',0,0),(2656,2,3,'1310',1997707849,'协同该如何落地？聆听用户的声音.doc','协同该如何落地？聆听用户的声音.doc',0,0),(2657,2,24,'1310',1465312222,'KYC%AS[5YN%C$RUNPJVI$HI.jpg','KYC%AS[5YN%C$RUNPJVI$HI.jpg',0,1),(2658,2,3,'1310',1406833902,'2.6产前工间休息申请单.doc','2.6产前工间休息申请单.doc',0,1),(2659,2,17,'1310',1787391284,'开发协作流程.docx','开发协作流程.docx',0,0),(2660,2,17,'1310',70734449,'员工行为规范.docx','员工行为规范.docx',0,0),(2661,2,3,'1310',1893883476,'收文发文登记表.xls','收文发文登记表.xls',0,1),(2662,2,17,'1310',361457102,'保密工作要求.docx','保密工作要求.docx',0,0),(2663,2,17,'1310',789503505,'考勤管理制度.docx','考勤管理制度.docx',0,0),(2664,2,17,'1310',804256882,'新产品测试规.docx','新产品测试规.docx',0,0),(2668,2,33,'1310',813944203,'抽奖.JPG','抽奖.JPG',0,0),(2673,2,33,'1310',593572192,'R_2_1383118550.amr','R_2_1383118550.amr',0,0);

--
-- Table structure for table `attachment_edit`
--

CREATE TABLE `attachment_edit` (
  `ATTACHMENT_ID` varchar(20) NOT NULL DEFAULT '' COMMENT '附件ID',
  `USER_ID` varchar(20) NOT NULL DEFAULT '' COMMENT '用户ID',
  `LAST_VISIT` datetime NOT NULL DEFAULT '0000-00-00 00:00:00' COMMENT '访问时间',
  PRIMARY KEY (`ATTACHMENT_ID`)
) ENGINE=InnoDB DEFAULT CHARSET=gbk COMMENT='Office文档在线编辑操作表';

--
-- Dumping data for table `attachment_edit`
--


--
-- Table structure for table `attachment_module`
--

CREATE TABLE `attachment_module` (
  `MODULE_ID` tinyint(3) unsigned NOT NULL COMMENT '模块ID',
  `MODULE_NAME` varchar(30) NOT NULL COMMENT '模块名称',
  `MODULE_CODE` varchar(30) NOT NULL COMMENT '模块代码',
  PRIMARY KEY (`MODULE_ID`),
  UNIQUE KEY `MODULE_CODE` (`MODULE_CODE`)
) ENGINE=InnoDB DEFAULT CHARSET=gbk COMMENT='附件模块信息表';

--
-- Dumping data for table `attachment_module`
--

INSERT INTO `attachment_module` VALUES (1,'电子邮件','email'),(2,'工作流','workflow'),(3,'文件柜','file_folder'),(4,'公告通知','notify'),(5,'新闻','news'),(6,'工作日志','diary'),(7,'讨论区','bbs'),(8,'图书管理','book'),(9,'CRM','crm'),(10,'公文管理','document'),(11,'电子传真','fax'),(12,'人力资源','hr'),(13,'会议管理','meeting'),(14,'办公用品','office_product'),(15,'项目管理','project'),(16,'报表管理','reportshop'),(17,'档案管理','roll_manage'),(18,'销售管理','sale_manage'),(19,'培训管理','training'),(20,'车辆管理','vehicle'),(21,'投票','vote'),(22,'工作计划','work_plan'),(23,'OA知道','zhidao'),(24,'单位管理','unit'),(25,'Word模板','model'),(26,'即时通讯','im'),(27,'数据交互平台','ext_data'),(28,'固定资产','asset'),(29,'其它','unknown'),(30,'通讯簿','address'),(31,'语音微讯','voicemsg'),(32,'门户','portal'),(33,'微讯分享','weixunshare'),(34,'安全文档中心','safedoc'),(35,'临时文件夹','upload_temp'),(36,'智协同','itask');

--
-- Table structure for table `attachment_position`
--

CREATE TABLE `attachment_position` (
  `POS_ID` tinyint(3) unsigned NOT NULL COMMENT '标识ID',
  `POS_NAME` varchar(100) NOT NULL COMMENT '描述',
  `POS_PATH` varchar(500) NOT NULL COMMENT '目录',
  `IS_ACTIVE` char(1) NOT NULL DEFAULT '0' COMMENT '是否将所有新附件存至该目录(1-是,0-否)',
  PRIMARY KEY (`POS_ID`)
) ENGINE=InnoDB DEFAULT CHARSET=gbk COMMENT='自定义附件存储路径表';

--
-- Dumping data for table `attachment_position`
--


--
-- Table structure for table `attend_ask_duty`
--

CREATE TABLE `attend_ask_duty` (
  `ASK_DUTY_ID` int(11) NOT NULL AUTO_INCREMENT COMMENT '查岗信息自增ID',
  `RECORD_TIME` datetime NOT NULL COMMENT '缺岗人个人说明创建的时间',
  `CHECK_DUTY_TIME` datetime NOT NULL COMMENT '查岗时间',
  `CHECK_DUTY_REMARK` text NOT NULL COMMENT '查岗人说明',
  `CHECK_USER_ID` varchar(100) NOT NULL COMMENT '缺岗人',
  `CHECK_DUTY_MANAGER` varchar(100) NOT NULL COMMENT '查岗人',
  `EXPLANATION` text NOT NULL COMMENT '缺岗人的个人说明',
  `CREATE_USER_ID` text NOT NULL COMMENT '创建人',
  PRIMARY KEY (`ASK_DUTY_ID`)
) ENGINE=InnoDB DEFAULT CHARSET=gbk COMMENT='查岗质询信息';

--
-- Dumping data for table `attend_ask_duty`
--


--
-- Table structure for table `attend_config`
--

CREATE TABLE `attend_config` (
  `DUTY_TYPE` int(11) NOT NULL AUTO_INCREMENT COMMENT '排班类型自增ID',
  `DUTY_NAME` varchar(100) NOT NULL DEFAULT '' COMMENT '排班类型说明',
  `GENERAL` varchar(200) NOT NULL DEFAULT '' COMMENT '公休日',
  `DUTY_TIME1` varchar(50) NOT NULL DEFAULT '' COMMENT '第一次登记时间',
  `DUTY_TIME2` varchar(50) NOT NULL DEFAULT '' COMMENT '第二次登记时间',
  `DUTY_TIME3` varchar(50) NOT NULL DEFAULT '' COMMENT '第三次登记时间',
  `DUTY_TIME4` varchar(50) NOT NULL DEFAULT '' COMMENT '第四次登记时间',
  `DUTY_TIME5` varchar(50) NOT NULL DEFAULT '' COMMENT '第五次登记时间',
  `DUTY_TIME6` varchar(50) NOT NULL DEFAULT '' COMMENT '第六次登记时间',
  `DUTY_TYPE1` char(1) NOT NULL DEFAULT '' COMMENT '第一次登记时间的类型(1—上班,2—下班)',
  `DUTY_TYPE2` char(1) NOT NULL DEFAULT '' COMMENT '第二次登记时间的类型(1—上班,2—下班)',
  `DUTY_TYPE3` char(1) NOT NULL DEFAULT '' COMMENT '第三次登记时间的类型(1—上班,2—下班)',
  `DUTY_TYPE4` char(1) NOT NULL DEFAULT '' COMMENT '第四次登记时间的类型(1—上班,2—下班)',
  `DUTY_TYPE5` char(1) NOT NULL DEFAULT '' COMMENT '第五次登记时间的类型(1—上班,2—下班)',
  `DUTY_TYPE6` char(1) NOT NULL DEFAULT '' COMMENT '第六次登记时间的类型(1—上班,2—下班)',
  PRIMARY KEY (`DUTY_TYPE`)
) ENGINE=InnoDB AUTO_INCREMENT=3 DEFAULT CHARSET=gbk COMMENT='考勤排班类型';

--
-- Dumping data for table `attend_config`
--

INSERT INTO `attend_config` VALUES (1,'正常班','','8:00:00','11:30:00','13:00:00','17:00:00','','','1','2','1','2','1','2'),(2,'全日班','','8:00:00','11:00:00','13:00:00','16:00:00','18:00:00','22:00:00','1','2','1','2','1','2');

--
-- Table structure for table `attend_duty`
--

CREATE TABLE `attend_duty` (
  `USER_ID` varchar(20) NOT NULL DEFAULT '' COMMENT '登记人',
  `REGISTER_TYPE` char(1) NOT NULL DEFAULT '' COMMENT '第几次登记',
  `REGISTER_TIME` datetime NOT NULL DEFAULT '0000-00-00 00:00:00' COMMENT '登记时间',
  `REGISTER_IP` varchar(20) NOT NULL DEFAULT '' COMMENT '登记IP',
  `REMARK` text NOT NULL COMMENT '登记说明',
  `DUTY_TYPE` int(11) NOT NULL COMMENT '排班类型',
  `IS_MOBILE_DUTY` tinyint(1) NOT NULL DEFAULT '0' COMMENT '是否为手机登记',
  `ATTEND_MOBILE_ID` int(11) NOT NULL DEFAULT '0' COMMENT '手机考勤ID',
  KEY `USER_ID` (`USER_ID`),
  KEY `REGISTER_TIME` (`REGISTER_TIME`),
  KEY `DUTY_TYPE` (`DUTY_TYPE`)
) ENGINE=InnoDB DEFAULT CHARSET=gbk COMMENT='上下班登记';

--
-- Dumping data for table `attend_duty`
--


--
-- Table structure for table `attend_duty_shift`
--

CREATE TABLE `attend_duty_shift` (
  `USER_ID` varchar(20) NOT NULL DEFAULT '' COMMENT '等级的用户',
  `REGISTER_TYPE` char(1) NOT NULL DEFAULT '' COMMENT '第几次登记,实际上没用到',
  `REGISTER_TIME` datetime NOT NULL DEFAULT '0000-00-00 00:00:00' COMMENT '登记的时间',
  `REGISTER_IP` varchar(20) NOT NULL DEFAULT '' COMMENT '登记的IP',
  `REMARK` text NOT NULL COMMENT '说明',
  `SXB` int(1) NOT NULL COMMENT '上下班类型(1—上班,2—下班)',
  `IS_MOBILE_DUTY` tinyint(1) NOT NULL DEFAULT '0' COMMENT '是否为手机登记',
  `ATTEND_MOBILE_ID` int(11) NOT NULL DEFAULT '0' COMMENT '手机考勤ID',
  KEY `USER_ID` (`USER_ID`),
  KEY `REGISTER_TIME` (`REGISTER_TIME`)
) ENGINE=InnoDB DEFAULT CHARSET=gbk COMMENT='轮班';

--
-- Dumping data for table `attend_duty_shift`
--


--
-- Table structure for table `attend_evection`
--

CREATE TABLE `attend_evection` (
  `EVECTION_ID` int(11) NOT NULL AUTO_INCREMENT COMMENT '出差登记ID',
  `USER_ID` varchar(20) NOT NULL DEFAULT '' COMMENT '出差人',
  `EVECTION_DEST` varchar(50) NOT NULL DEFAULT '' COMMENT '出差地点',
  `EVECTION_DATE1` datetime NOT NULL DEFAULT '0000-00-00 00:00:00' COMMENT '出差开始时间',
  `EVECTION_DATE2` datetime NOT NULL DEFAULT '0000-00-00 00:00:00' COMMENT '出差结束时间',
  `STATUS` char(1) NOT NULL DEFAULT '' COMMENT '确认状态(1—未确认,2—已确认)',
  `LEADER_ID` varchar(20) NOT NULL DEFAULT '' COMMENT '审批人',
  `ALLOW` char(1) NOT NULL DEFAULT '' COMMENT '审批状态(0—待审批,1—已批准,2—未批准)',
  `REASON` text NOT NULL COMMENT '出差原因',
  `NOT_REASON` text NOT NULL COMMENT '不准的原因',
  `REGISTER_IP` varchar(20) NOT NULL COMMENT '登记IP',
  `HANDLE_TIME` datetime NOT NULL DEFAULT '0000-00-00 00:00:00' COMMENT '处理时间',
  `AGENT` varchar(20) NOT NULL COMMENT '创建人',
  `RECORD_TIME` datetime NOT NULL COMMENT '登记时间',
  `ORDER_NO` int(10) NOT NULL DEFAULT '0' COMMENT '排序号',
  `EVEC_DAYS` varchar(20) NOT NULL COMMENT '出差时间',
  UNIQUE KEY `EVECTION_ID` (`EVECTION_ID`),
  KEY `USER_ID` (`USER_ID`)
) ENGINE=InnoDB AUTO_INCREMENT=4 DEFAULT CHARSET=gbk COMMENT='出差登记';

--
-- Dumping data for table `attend_evection`
--

INSERT INTO `attend_evection` VALUES (1,'guojun','天津','2013-10-30 00:00:00','2013-11-04 00:00:00','2','wangyun','1','销售部门天津客户联系会，协助举办。','','192.168.3.200','2013-11-04 15:07:23','guojun','2013-11-04 15:05:29',0,''),(2,'litian','石家庄','2013-11-01 00:00:00','2013-11-04 00:00:00','2','chenfeifei','1','石家庄举办客户联系会。','','192.168.3.200','2013-11-04 15:20:22','litian','2013-11-04 15:19:12',0,''),(3,'litian','天津','2013-11-05 00:00:00','2013-11-06 00:00:00','1','chenfeifei','1','天津举办客户联系会。','','192.168.3.200','2013-11-04 15:20:24','litian','2013-11-04 15:19:45',0,'');

--
-- Table structure for table `attend_holiday`
--

CREATE TABLE `attend_holiday` (
  `HOLIDAY_ID` int(11) NOT NULL AUTO_INCREMENT COMMENT '免签节假日自增ID',
  `HOLIDAY_NAME` varchar(64) NOT NULL COMMENT '节假日名称',
  `BEGIN_DATE` date NOT NULL DEFAULT '0000-00-00' COMMENT '节假日开始时间',
  `END_DATE` date NOT NULL DEFAULT '0000-00-00' COMMENT '节假日结束时间',
  PRIMARY KEY (`HOLIDAY_ID`),
  KEY `BEGIN_DATE` (`BEGIN_DATE`),
  KEY `END_DATE` (`END_DATE`)
) ENGINE=InnoDB DEFAULT CHARSET=gbk COMMENT='免签节假日信息';

--
-- Dumping data for table `attend_holiday`
--


--
-- Table structure for table `attend_leave`
--

CREATE TABLE `attend_leave` (
  `LEAVE_ID` int(11) NOT NULL AUTO_INCREMENT COMMENT '请假登记ID',
  `USER_ID` varchar(20) NOT NULL DEFAULT '' COMMENT '请假人',
  `LEADER_ID` varchar(20) NOT NULL DEFAULT '' COMMENT '审批人',
  `LEAVE_TYPE` text NOT NULL COMMENT '请假原因',
  `LEAVE_DATE1` datetime NOT NULL DEFAULT '0000-00-00 00:00:00' COMMENT '请假开始时间',
  `LEAVE_DATE2` datetime NOT NULL DEFAULT '0000-00-00 00:00:00' COMMENT '请假结束时间',
  `ANNUAL_LEAVE` decimal(10,1) NOT NULL DEFAULT '0.0' COMMENT '占用年休假时间',
  `STATUS` char(1) NOT NULL DEFAULT '' COMMENT '确认状态(1—未确认,2—确认销假)',
  `ALLOW` char(1) NOT NULL DEFAULT '' COMMENT '审批状态(0—待审批,1—已批准,2—未批准,3—申请销假)',
  `REASON` text NOT NULL COMMENT '审批不通过的原因',
  `DESTROY_TIME` datetime NOT NULL DEFAULT '0000-00-00 00:00:00' COMMENT '销假时间',
  `REGISTER_IP` varchar(20) NOT NULL COMMENT '登记IP',
  `RECORD_TIME` datetime NOT NULL COMMENT '请假登录时间',
  `LEAVE_TYPE2` char(2) NOT NULL DEFAULT '1' COMMENT '请假类型(1—事假,2—病假,3—年假,9—其他)',
  `HANDLE_TIME` datetime NOT NULL DEFAULT '0000-00-00 00:00:00' COMMENT '处理时间',
  `AGENT` varchar(20) NOT NULL COMMENT '创建人',
  `ORDER_NO` int(10) NOT NULL DEFAULT '0' COMMENT '排序号',
  UNIQUE KEY `LEAVE_ID` (`LEAVE_ID`),
  KEY `LEADER_ID` (`LEADER_ID`),
  KEY `USER_ID` (`USER_ID`),
  KEY `LEAVE_DATE1` (`LEAVE_DATE1`),
  KEY `LEAVE_DATE2` (`LEAVE_DATE2`)
) ENGINE=InnoDB AUTO_INCREMENT=4 DEFAULT CHARSET=gbk COMMENT='请假登记';

--
-- Dumping data for table `attend_leave`
--

INSERT INTO `attend_leave` VALUES (1,'wangde','wangyun','补假：家中有事，请假一天','2013-11-01 09:00:00','2013-11-01 18:00:00',0.0,'2','3','','0000-00-00 00:00:00','192.168.3.200','2013-11-04 15:03:00','1','2013-11-04 15:03:41','wangde',0),(2,'guojun','wangyun','补假：家中有事，请假一天。','2013-11-01 09:00:00','2013-11-01 18:00:00',0.0,'2','3','','0000-00-00 00:00:00','192.168.3.200','2013-11-04 15:09:04','1','2013-11-04 15:09:26','guojun',0),(3,'litian','chenfeifei','家中有事，请假一天','2013-11-04 09:00:00','2013-11-04 18:00:00',0.0,'1','1','','0000-00-00 00:00:00','192.168.3.200','2013-11-04 15:15:32','1','2013-11-04 15:17:41','litian',0);

--
-- Table structure for table `attend_leave_manager`
--

CREATE TABLE `attend_leave_manager` (
  `MANAGER_ID` int(11) NOT NULL AUTO_INCREMENT COMMENT '唯一自增ID',
  `MANAGERS` text NOT NULL COMMENT '代考勤人员',
  `DEPT_ID_STR` text NOT NULL COMMENT '管辖部门',
  PRIMARY KEY (`MANAGER_ID`)
) ENGINE=InnoDB DEFAULT CHARSET=gbk COMMENT='代考勤规则';

--
-- Dumping data for table `attend_leave_manager`
--


--
-- Table structure for table `attend_machine`
--

CREATE TABLE `attend_machine` (
  `MACHINEID` int(11) NOT NULL AUTO_INCREMENT COMMENT '唯一自增ID',
  `MACHINE_BRAND` varchar(100) NOT NULL COMMENT '考勤机品牌',
  `DATABASE_TYPE` varchar(20) NOT NULL COMMENT '考勤机数据库类型',
  `ACCESS_PATH` varchar(100) NOT NULL COMMENT '数据文件路径',
  `DATABASE_IP` varchar(20) NOT NULL COMMENT '考勤机数据库IP地址',
  `DATABASE_PORT` varchar(8) NOT NULL COMMENT '考勤机数据库端口',
  `DATABASE_USER` varchar(20) NOT NULL COMMENT '数据库用户名',
  `DATABASE_PASS` varchar(40) NOT NULL COMMENT '数据库密码',
  `DUTY_TABLE` varchar(20) NOT NULL COMMENT '数据存储表表名',
  `DUTY_USER` varchar(20) NOT NULL COMMENT '用户字段名',
  `DUTY_TIME` varchar(20) NOT NULL COMMENT '打卡时间字段名',
  `DATABASE_NAME` varchar(50) NOT NULL DEFAULT '' COMMENT '数据库名',
  PRIMARY KEY (`MACHINEID`)
) ENGINE=InnoDB AUTO_INCREMENT=2 DEFAULT CHARSET=gbk COMMENT='考勤机设置';

--
-- Dumping data for table `attend_machine`
--

INSERT INTO `attend_machine` VALUES (1,'ZK_iclock660','access','C:/Program Files/Att2008/att2000.mdb','','','','','CHECKINOUT','USERID','CHECKTIME','zkeco_db');

--
-- Table structure for table `attend_manager`
--

CREATE TABLE `attend_manager` (
  `MANAGER_ID` int(11) NOT NULL AUTO_INCREMENT COMMENT '唯一自增ID',
  `MANAGERS` text NOT NULL COMMENT '审批人员',
  `DEPT_ID_STR` text NOT NULL COMMENT '管辖部门',
  PRIMARY KEY (`MANAGER_ID`)
) ENGINE=InnoDB AUTO_INCREMENT=5 DEFAULT CHARSET=gbk COMMENT='考勤审批规则';

--
-- Dumping data for table `attend_manager`
--

INSERT INTO `attend_manager` VALUES (1,'','ALL_DEPT'),(3,'chenfeifei,','7,28,29,30,27,8,'),(4,'wangyun,','18,19,20,');

--
-- Table structure for table `attend_mobile`
--

CREATE TABLE `attend_mobile` (
  `M_ID` int(11) NOT NULL AUTO_INCREMENT,
  `M_UID` smallint(6) NOT NULL,
  `M_TIME` int(11) NOT NULL COMMENT '创建时间',
  `M_LNG` varchar(20) DEFAULT NULL COMMENT '地理坐标经度',
  `M_LAT` varchar(20) DEFAULT NULL COMMENT '地理坐标纬度',
  `M_LOCATION` varchar(100) NOT NULL DEFAULT '' COMMENT '定位地点名称',
  `M_REMARK` varchar(1000) NOT NULL DEFAULT '' COMMENT '备注',
  `M_PROVICE` varchar(40) NOT NULL DEFAULT '' COMMENT '省份',
  `M_ISFOOT` tinyint(1) NOT NULL DEFAULT '0' COMMENT '是否为足迹',
  PRIMARY KEY (`M_ID`)
) ENGINE=InnoDB DEFAULT CHARSET=gbk COMMENT='移动考勤表';

--
-- Dumping data for table `attend_mobile`
--


--
-- Table structure for table `attend_out`
--

CREATE TABLE `attend_out` (
  `USER_ID` varchar(20) NOT NULL DEFAULT '' COMMENT '外出人',
  `LEADER_ID` varchar(20) NOT NULL DEFAULT '' COMMENT '审批人',
  `OUT_TYPE` text NOT NULL COMMENT '外出原因',
  `CREATE_DATE` datetime NOT NULL DEFAULT '0000-00-00 00:00:00' COMMENT '外出申请创建时间',
  `SUBMIT_TIME` datetime NOT NULL DEFAULT '0000-00-00 00:00:00' COMMENT '外出申请提交时间',
  `OUT_TIME1` varchar(10) NOT NULL DEFAULT '' COMMENT '外出开始时间',
  `OUT_TIME2` varchar(10) NOT NULL DEFAULT '' COMMENT '外出结束时间',
  `ALLOW` char(1) NOT NULL DEFAULT '' COMMENT '审批状态(0—待审批,1—已批准,2—未批准)',
  `STATUS` char(1) NOT NULL DEFAULT '0' COMMENT '确认状态(0—未确认,1—确认归来)',
  `REASON` text NOT NULL COMMENT '不批准的原因',
  `OUT_ID` int(11) NOT NULL AUTO_INCREMENT COMMENT '唯一自增ID',
  `REGISTER_IP` varchar(20) NOT NULL COMMENT '外出登记的IP',
  `HANDLE_TIME` datetime NOT NULL DEFAULT '0000-00-00 00:00:00' COMMENT '请求处理时间',
  `AGENT` varchar(20) NOT NULL COMMENT '创建人',
  `ORDER_NO` int(10) NOT NULL DEFAULT '0' COMMENT '排序号',
  PRIMARY KEY (`OUT_ID`),
  KEY `LEADER_ID` (`LEADER_ID`),
  KEY `USER_ID` (`USER_ID`),
  KEY `CREATE_DATE` (`CREATE_DATE`),
  KEY `SUBMIT_TIME` (`SUBMIT_TIME`)
) ENGINE=InnoDB AUTO_INCREMENT=4 DEFAULT CHARSET=gbk COMMENT='外出登记';

--
-- Dumping data for table `attend_out`
--

INSERT INTO `attend_out` VALUES ('wangde','wangyun','外出采购办公用品。','2013-11-04 15:01:46','2013-11-01 15:01:00','15:01','17:01','1','1','',2,'192.168.3.200','2013-11-04 15:02:05','',0),('litian','chenfeifei','拜访客户。','2013-11-04 15:15:02','2013-10-31 14:00:00','14:00','17:30','1','1','',3,'192.168.3.200','2013-11-04 15:17:38','',0);

--
-- Table structure for table `attendance_overtime`
--

CREATE TABLE `attendance_overtime` (
  `OVERTIME_ID` int(11) NOT NULL AUTO_INCREMENT COMMENT '自增字段',
  `USER_ID` varchar(64) NOT NULL COMMENT '用户名',
  `APPROVE_ID` varchar(254) NOT NULL COMMENT '审批人',
  `RECORD_TIME` datetime NOT NULL DEFAULT '0000-00-00 00:00:00' COMMENT '登记时间',
  `START_TIME` datetime NOT NULL DEFAULT '0000-00-00 00:00:00' COMMENT '加班开始时间',
  `END_TIME` datetime NOT NULL DEFAULT '0000-00-00 00:00:00' COMMENT '加班结束时间',
  `OVERTIME_HOURS` varchar(254) NOT NULL COMMENT '加班时长',
  `OVERTIME_CONTENT` text NOT NULL COMMENT '加班内容',
  `CONFIRM_TIME` datetime NOT NULL DEFAULT '0000-00-00 00:00:00' COMMENT '确认时间',
  `CONFIRM_VIEW` text NOT NULL COMMENT '确认意见',
  `ALLOW` char(1) NOT NULL COMMENT '审批状态(0—待审批,1—已批准,2—未批准,3—待确认)',
  `STATUS` char(1) NOT NULL COMMENT '确认状态(0—未确认,1—已确认)',
  `REGISTER_IP` varchar(254) NOT NULL COMMENT '登记IP',
  `REASON` text NOT NULL COMMENT '不准原因',
  `HANDLE_TIME` datetime NOT NULL DEFAULT '0000-00-00 00:00:00' COMMENT '请求处理时间',
  `AGENT` varchar(20) NOT NULL COMMENT '创建人',
  `ORDER_NO` int(10) NOT NULL DEFAULT '0' COMMENT '排序号',
  PRIMARY KEY (`OVERTIME_ID`)
) ENGINE=InnoDB DEFAULT CHARSET=gbk COMMENT='加班登记';

--
-- Dumping data for table `attendance_overtime`
--


--
-- Table structure for table `bbs_board`
--

CREATE TABLE `bbs_board` (
  `BOARD_ID` int(11) NOT NULL AUTO_INCREMENT COMMENT '讨论区ID',
  `BOARD_NAME` varchar(100) NOT NULL DEFAULT '' COMMENT '讨论区名称',
  `ANONYMITY_YN` char(1) NOT NULL DEFAULT '' COMMENT '发帖设置 (0-禁止匿名,1-允许匿名,2-禁止发帖)',
  `WELCOME_TEXT` varchar(200) NOT NULL DEFAULT '' COMMENT '讨论区简介',
  `BOARD_HOSTER` text NOT NULL COMMENT '版主',
  `DEPT_ID` text NOT NULL COMMENT '开放部门',
  `PRIV_ID` text NOT NULL COMMENT '开放角色',
  `USER_ID` text NOT NULL COMMENT '开放人员',
  `BOARD_NO` int(11) NOT NULL DEFAULT '0' COMMENT '排序号',
  `CATEGORY` text NOT NULL COMMENT '帖子类别',
  `LOCK_DAYS_BEFORE` int(3) NOT NULL COMMENT '权限限制',
  `PARENT_ID` int(11) NOT NULL COMMENT '上级讨论区ID',
  `NEED_CHECK` int(1) NOT NULL COMMENT '审核标志(1-需要审核 ,0-不需要审核)',
  PRIMARY KEY (`BOARD_ID`),
  KEY `BOARD_NO` (`BOARD_NO`)
) ENGINE=InnoDB DEFAULT CHARSET=gbk COMMENT='讨论区定义表';

--
-- Dumping data for table `bbs_board`
--


--
-- Table structure for table `bbs_comment`
--

CREATE TABLE `bbs_comment` (
  `COMMENT_ID` int(11) NOT NULL AUTO_INCREMENT COMMENT '唯一自增ID',
  `BOARD_ID` int(11) NOT NULL DEFAULT '0' COMMENT '讨论区ID',
  `USER_ID` varchar(20) NOT NULL DEFAULT '' COMMENT '发帖人',
  `AUTHOR_NAME` varchar(50) NOT NULL DEFAULT '' COMMENT '匿名名称',
  `TYPE` varchar(50) NOT NULL COMMENT '帖子类别',
  `SUBJECT` varchar(200) NOT NULL DEFAULT '' COMMENT '主题',
  `CONTENT` mediumtext NOT NULL COMMENT '发帖内容',
  `ATTACHMENT_ID` text NOT NULL COMMENT '附件ID串',
  `ATTACHMENT_NAME` text NOT NULL COMMENT '附件名称串',
  `SUBMIT_TIME` datetime NOT NULL DEFAULT '0000-00-00 00:00:00' COMMENT '发布时间',
  `REPLY_CONT` int(11) NOT NULL DEFAULT '0' COMMENT '回复次数',
  `READ_CONT` int(11) NOT NULL DEFAULT '0' COMMENT '阅读次数',
  `PARENT` int(11) NOT NULL DEFAULT '0' COMMENT '被回复的帖子COMMENT_ID',
  `OLD_SUBMIT_TIME` datetime NOT NULL DEFAULT '0000-00-00 00:00:00' COMMENT '原始发帖时间',
  `TOP` varchar(20) NOT NULL DEFAULT '0' COMMENT '置顶标记',
  `JING` varchar(20) NOT NULL DEFAULT '0' COMMENT '加精标记',
  `READEDER` text NOT NULL COMMENT '阅读者',
  `SIGNED_YN` char(1) NOT NULL DEFAULT '0' COMMENT '发帖加上签名档',
  `LOCK_YN` int(11) NOT NULL DEFAULT '0' COMMENT '锁帖标记',
  `UPDATE_PERSON` varchar(254) NOT NULL COMMENT '修改人',
  `UPDATE_TIME` datetime NOT NULL DEFAULT '0000-00-00 00:00:00' COMMENT '修改时间',
  `SHOW_YN` int(1) NOT NULL DEFAULT '0' COMMENT '是否屏蔽',
  `IS_CHECK` int(1) NOT NULL DEFAULT '9' COMMENT '是否需要审核',
  `TO_ID_STR1` varchar(300) NOT NULL COMMENT '短信提醒人',
  `TO_ID_STR2` varchar(300) NOT NULL COMMENT '手机提醒人',
  `FROM_USER` varchar(200) NOT NULL COMMENT '发信人',
  `AUTHOR_NAME_TMEP` int(1) NOT NULL COMMENT '署名标记 (1-署名,2-昵称)',
  `NICK_NAME` varchar(200) NOT NULL COMMENT '昵称',
  PRIMARY KEY (`COMMENT_ID`),
  KEY `Author_id` (`USER_ID`),
  KEY `PID` (`BOARD_ID`),
  KEY `SUBMIT_TIME` (`SUBMIT_TIME`),
  KEY `PARENT` (`PARENT`)
) ENGINE=InnoDB DEFAULT CHARSET=gbk COMMENT='讨论区发帖表';

--
-- Dumping data for table `bbs_comment`
--


--
-- Table structure for table `bi_global_setting`
--

CREATE TABLE `bi_global_setting` (
  `id` int(11) unsigned NOT NULL AUTO_INCREMENT,
  `logo_text` varchar(50) NOT NULL,
  `logo_img_id` varchar(100) NOT NULL,
  `logo_img_name` varchar(100) NOT NULL,
  PRIMARY KEY (`id`)
) ENGINE=InnoDB AUTO_INCREMENT=2 DEFAULT CHARSET=gbk;

--
-- Dumping data for table `bi_global_setting`
--

INSERT INTO `bi_global_setting` VALUES (1,'管理中心','','');

--
-- Table structure for table `bi_oa_engine`
--

CREATE TABLE `bi_oa_engine` (
  `id` int(10) unsigned NOT NULL AUTO_INCREMENT,
  `engine_name` varchar(255) NOT NULL,
  `para_list` text,
  `col_list` text,
  `engine_func` text,
  PRIMARY KEY (`id`)
) ENGINE=InnoDB AUTO_INCREMENT=26 DEFAULT CHARSET=gbk;

--
-- Dumping data for table `bi_oa_engine`
--

INSERT INTO `bi_oa_engine` VALUES (1,'邮件收发数量报表','YEAR:年份:文本','year:年份;month:月份;send_number:发信数量;accept_number:收信数量;','engine_email_accept_and_receive'),(2,'超过两天未阅读的邮件统计报表','DAY:天数:文本','dept_id:部门编号;dept_name:部门名称;user_id:用户编号;user_name:用户名;number:数量;','engine_email_morethan_two_days_no_read'),(3,'日程安排数量报表','YEAR:年份:文本','dept_id:部门编号;dept_name:部门名称;year:年份;jan:一月;feb:二月;mar:三月;apr:四月;may:五月;jun:六月;july:七月;august:八月;sept:九月;oct:十月;nov:十一月;dec:十二月;','engine_schedule_number'),(4,'部门人均日志数量报表','YEAR:年份:文本','dept_id:部门编号;dept_name:部门名称;year:年份;jan:一月;feb:二月;mar:三月;apr:四月;may:五月;jun:六月;july:七月;august:八月;sept:九月;oct:十月;nov:十一月;dec:十二月;','engine_dept_avg_logs_number'),(5,'部门人均写日志天数报表','YEAR:年份:文本','dept_id:部门编号;dept_name:部门名称;year:年份;jan:一月;feb:二月;mar:三月;apr:四月;may:五月;jun:六月;july:七月;august:八月;sept:九月;oct:十月;nov:十一月;dec:十二月;','engine_dept_avg_write_logs_number'),(6,'公告通知报表-按类型统计','YEAR:年份:文本','type_id:公告类型;type_name:类型名称;year:年份;jan:一月;feb:二月;mar:三月;apr:四月;may:五月;jun:六月;july:七月;august:八月;sept:九月;oct:十月;nov:十一月;dec:十二月;','engine_notify_category'),(7,'公告通知报表-按部门统计','YEAR:年份:文本','dept_id:部门编号;dept_name:部门名称;year:年份;jan:一月;feb:二月;mar:三月;apr:四月;may:五月;jun:六月;july:七月;august:八月;sept:九月;oct:十月;nov:十一月;dec:十二月;','engine_notify_dept'),(8,'新闻数量报表-按新闻类型统计','YEAR:年份:文本','type_id:新闻编号;type_name:新闻类型;year:年份;jan:一月;feb:二月;mar:三月;apr:四月;may:五月;jun:六月;july:七月;august:八月;sept:九月;oct:十月;nov:十一月;dec:十二月;','engine_news_category'),(9,'热门新闻TOP10','','news_id:新闻编号;subject:新闻标题;number:点击数;','engine_news_top_ten'),(10,'手机短信发送数量报表','YEAR:年份:文本','dept_id:部门编号;year:年份;dept_name:部门名称;jan:一月;feb:二月;mar:三月;apr:四月;may:五月;jun:六月;july:七月;august:八月;sept:九月;oct:十月;nov:十一月;dec:十二月;','engine_message_receive'),(11,'办公用品库存报表','','pro_id:物品编号;pro_name:物品名称;number:库存数量;','engine_office_supplies_number'),(12,'车辆出车次数报表','YEAR:年份:文本','v_id:车辆编号;car_id:车牌号码;year:年份;jan:一月;feb:二月;mar:三月;apr:四月;may:五月;jun:六月;july:七月;august:八月;sept:九月;oct:十月;nov:十一月;dec:十二月;','engine_car_use'),(13,'车辆油耗报表','YEAR:年份:文本','v_id:车辆编号;car_id:车牌号码;year:年份;jan:一月;feb:二月;mar:三月;apr:四月;may:五月;jun:六月;july:七月;august:八月;sept:九月;oct:十月;nov:十一月;dec:十二月;','engine_car_oil'),(14,'车辆行驶里程报表','YEAR:年份:文本','v_id:车辆编号;car_id:车牌号码;year:年份;jan:一月;feb:二月;mar:三月;apr:四月;may:五月;jun:六月;july:七月;august:八月;sept:九月;oct:十月;nov:十一月;dec:十二月;','engine_car_drive_mileage'),(15,'司机出车次数报表','YEAR:年份:文本','v_driver:司机;year:年份;jan:一月;feb:二月;mar:三月;apr:四月;may:五月;jun:六月;july:七月;august:八月;sept:九月;oct:十月;nov:十一月;dec:十二月;','engine_driver_drive_out_number'),(16,'会议室使用频率报表','YEAR:年份:文本','m_room:会议室编号;year:年份;jan:一月;feb:二月;mar:三月;apr:四月;may:五月;jun:六月;july:七月;august:八月;sept:九月;oct:十月;nov:十一月;dec:十二月;','engine_meeting_room_user_number'),(17,'部门会议次数报表','YEAR:年份:文本','dept_id:部门编号;dept_name:部门名称;year:年份;jan:一月;feb:二月;mar:三月;apr:四月;may:五月;jun:六月;july:七月;august:八月;sept:九月;oct:十月;nov:十一月;dec:十二月;','engine_meeting_number'),(18,'工作数量报表','YEAR:年份:文本','dept_id:部门编号;dept_name:部门名称;year:年份;total_number:总数量;finish_number:完成数量;','engine_work_number'),(19,'人事档案报表-按学历统计','','education:学历;number:人数;','engine_personnel_archives_education'),(20,'人事档案报表-按入职年限统计','','year:入职年限;number:人数;','engine_personnel_archives_year'),(21,'当月管理简报统计',NULL,'item:统计项;value:值;','engine_manage_bulletin_number'),(22,'工作流未完成情况',NULL,'item:统计项;value:未完成工作;','engine_workflow_all_number'),(23,'工作流分类状态统计',NULL,'SORT_NAME:类型;ALL_COUNT:全部数量;FINISH_COUNT:已完成;TIMEOUT_COUNT:超时;','engine_workflow_type_number'),(24,'工作流总量统计',NULL,'SORT_NAME:类型名称;ALL_COUNT:全部数量;','engine_workflow_number'),(25,'项目进度表',NULL,'PROJ_NAME:项目名称;_percentage:项目总进度;','engine_project_number');

--
-- Table structure for table `bi_report_detail`
--

CREATE TABLE `bi_report_detail` (
  `id` int(10) unsigned NOT NULL AUTO_INCREMENT COMMENT '序号',
  `rid` int(10) unsigned NOT NULL COMMENT '报表ID',
  `did` int(10) unsigned NOT NULL COMMENT '数据集ID',
  PRIMARY KEY (`id`)
) ENGINE=InnoDB AUTO_INCREMENT=183 DEFAULT CHARSET=gbk;

--
-- Dumping data for table `bi_report_detail`
--

INSERT INTO `bi_report_detail` VALUES (1,174,8),(2,175,10),(3,177,11),(4,178,12),(5,179,20),(6,180,21),(7,181,54),(8,182,23),(9,183,25),(10,184,26),(11,176,27),(12,185,28),(13,186,49),(14,187,55),(15,188,31),(16,189,32),(17,190,33),(18,191,35),(19,192,47),(20,194,50),(21,195,51),(22,196,41),(23,198,52),(24,193,48),(68,33,593),(78,41,1),(84,55,573),(107,42,1140),(108,74,0),(109,75,0),(111,76,1115),(112,77,1115),(113,79,1115),(114,78,1115),(115,80,1101),(120,83,1102),(122,96,1100),(123,97,1098),(124,98,1097),(125,99,1099),(127,94,1095),(128,93,1094),(129,92,1092),(133,88,1089),(134,87,1088),(140,102,1102),(141,103,1115),(142,106,18),(143,105,19),(144,104,20),(145,108,16),(146,107,17),(147,110,11),(148,111,10),(149,112,14),(150,109,15),(151,113,13),(152,115,2),(153,118,3),(154,119,6),(155,114,9),(156,116,8),(157,117,7),(158,120,12),(159,121,4),(160,122,5),(161,199,21),(162,200,22),(163,201,23),(164,202,24),(165,203,25),(166,204,1039),(167,205,1031),(168,206,1044),(169,207,1006),(170,208,1011),(171,209,1020),(172,210,1020),(173,211,1027),(174,212,1028),(175,213,1169),(176,214,1268),(177,215,1269),(178,216,1266),(179,217,1267),(180,218,1272),(181,219,1270),(182,220,1271);

--
-- Table structure for table `bi_reports`
--

CREATE TABLE `bi_reports` (
  `rid` int(10) unsigned NOT NULL AUTO_INCREMENT COMMENT '报表ID',
  `tid` int(10) unsigned NOT NULL COMMENT '所属类别（对应bi_types表）',
  `report_no` varchar(11) NOT NULL COMMENT '报表排序号',
  `report_name` varchar(200) NOT NULL COMMENT '报表名称',
  `report_category` varchar(3) NOT NULL COMMENT '所属引擎类型（1：报表，2：工作流，3：业务模块，4：外部业务）',
  `report_priv_dept` text NOT NULL COMMENT '部门权限',
  `report_priv_role` text NOT NULL COMMENT '角色权限',
  `report_priv_user` text NOT NULL COMMENT '人员权限',
  `report_chart_title` varchar(300) NOT NULL COMMENT '图表主标题',
  `report_chart_type` text NOT NULL COMMENT '图表类型（比如1表示柱状图，2表示折线图，3表示饼状图，4表示雷达图等。',
  `report_chart_bkcolor` varchar(30) NOT NULL COMMENT '图表背景色',
  `report_chart_forecolor` text NOT NULL COMMENT '图表前景色',
  `report_chart_xaxis` text NOT NULL COMMENT '横坐标标签',
  `report_chart_xaxisvalue` text NOT NULL COMMENT '水平轴选值',
  `report_chart_series` text NOT NULL COMMENT '图例项',
  `report_rank_flag` varchar(3) NOT NULL COMMENT '横竖交换（0：不交换，1：交换）',
  `report_limit_users` text NOT NULL COMMENT '选择不显示此报表人员',
  PRIMARY KEY (`rid`)
) ENGINE=InnoDB AUTO_INCREMENT=221 DEFAULT CHARSET=gbk COMMENT='管理中心报表属性表';

--
-- Dumping data for table `bi_reports`
--

INSERT INTO `bi_reports` VALUES (41,5,'12','内部邮件使用','3','','','','','column','#ef6b9a','#2f7ed8,#e0522f,#ffcc00,#10cca6,#6bb61d,#f2a21a,#ff7372,#a5e8d2,#9ce810,#fff80a','month','','send_number,accept_number','',''),(42,8,'2','部门人员','1','ALL_DEPT','','','','bar','#329a4b','#2f7ed8,#e0522f,#ffcc00,#10cca6,#6bb61d,#f2a21a,#ff7372,#a5e8d2,#9ce810,#fff80a,#1dcfab,#858e54','{AE00D006-4502-4357-8877-F7EE1BE7A612}','','{84FDFCE2-ED40-4213-BD3E-17A409FF4C92}','',''),(74,6,'1','SAP月度采购申请','4','','','','','column','#779ddb','','{2C04CC53-00DC-4493-8E40-75BA834B4CC9}','','{E453288B-8DD0-4E8E-872F-5E39081952F3},{B1AC73F8-2F7B-4789-AF25-4DAC8F4584F1},{D413680C-9D3B-4306-96C4-5E9DE6A97FDE},{ACAB670D-4400-449A-9DD8-660ED13E0C4E},{7BA9EB51-3625-451C-A99B-9FD3CB67B132},{ECECD16D-42F6-4E61-A7CA-BD1DFBE5728D}','',''),(75,9,'1','SAP设备故障','4','','','','','pie','#a1bb1c','#2f7ed8,#e0522f,#ffcc00,#10cca6,#6bb61d,#f2a21a,#ff7372,#a5e8d2,#9ce810,#fff80a','{2C04CC53-00DC-4493-8E40-75BA834B4CC9}','','{E453288B-8DD0-4E8E-872F-5E39081952F3}','',''),(76,5,'28','出差','1','','','','','column','#99629c','#2f7ed8,#e0522f,#ffcc00,#10cca6,#6bb61d,#f2a21a,#ff7372,#a5e8d2,#9ce810,#fff80a','{F1BF1C57-BC19-4BF9-84BC-FF55EB493140}','','{F002911E-5A06-4F85-94DD-817DE3434F5F}','',''),(77,5,'6','请假','1','','','','','column','#2f80d1','#2f7ed8,#e0522f,#ffcc00,#10cca6,#6bb61d,#f2a21a,#ff7372,#a5e8d2,#9ce810,#fff80a','{F1BF1C57-BC19-4BF9-84BC-FF55EB493140}','','{3D2B0CAA-5810-4382-97DA-69364CEF8950}','',''),(78,5,'8','外出','1','','','','','column','#99629c','#2f7ed8,#e0522f,#ffcc00,#10cca6,#6bb61d,#f2a21a,#ff7372,#a5e8d2,#9ce810,#fff80a','{F1BF1C57-BC19-4BF9-84BC-FF55EB493140}','','{F84018D7-4326-4E98-9164-888577331C0A}','',''),(79,5,'9','加班','1','','','','','column','#2f80d1','#2f7ed8,#e0522f,#ffcc00,#10cca6,#6bb61d,#f2a21a,#ff7372,#a5e8d2,#9ce810,#fff80a','{F1BF1C57-BC19-4BF9-84BC-FF55EB493140}','','{3AFF2510-B907-44BC-AA9C-4563C1644F63}','',''),(80,8,'7','新老员工构成','1','ALL_DEPT','','','','pie','#99629c','#2f7ed8,#e0522f,#ffcc00,#10cca6,#6bb61d,#f2a21a,#ff7372,#a5e8d2,#9ce810,#fff80a,#1dcfab,#858e54','{9F23A236-E8B9-4333-BE50-C2228F09FF8C}','','{22C16AD2-6C6F-43A8-96EB-8F834E8478E8}','',''),(83,8,'3','月度员工人数','1','ALL_DEPT','','','','column','#ff7372','#2f7ed8,#e0522f,#ffcc00,#10cca6,#6bb61d,#f2a21a,#ff7372,#a5e8d2,#9ce810,#fff80a,#1dcfab,#858e54','{155FDA0D-222E-4440-B9F5-76DB811878C5}','','{F48681C9-B233-4D6D-8B85-D31EC480E9D4},{D83DAD17-A3CE-4E90-9381-CE1D0C04700D},{E7E5F7B4-47CA-4E7A-B0D1-D1D583C2126A},{7056EA1B-2E35-4798-A4D1-BB7E59B8BC43}','',''),(102,8,'1','人员离职率','1','ALL_DEPT','','','','line','#329a4b','#bb1d48,#5435ae,#ffcc00,#e0522f,#6bb61d,#2e8bef,#a97aca,#f59bb3,#2ecb70,#f2c40f,#8f6f4d,#ff8947','{155FDA0D-222E-4440-B9F5-76DB811878C5}','','{A69868DF-E5A0-41F7-8B73-21DE7C70D8DE},{D4D6E4A4-946F-4765-8236-5A4528981AA7},{ED561BEF-E2D8-4A36-99C3-0D9CB357FB9D}','',''),(103,5,'1','考勤统计','1','','','','','polar','#ff7372','#2f7ed8,#e0522f,#ffcc00,#10cca6,#6bb61d,#f2a21a,#ff7372,#a5e8d2,#9ce810,#fff80a,#1dcfab,#858e54','{F1BF1C57-BC19-4BF9-84BC-FF55EB493140}','','{F002911E-5A06-4F85-94DD-817DE3434F5F},{3D2B0CAA-5810-4382-97DA-69364CEF8950},{F84018D7-4326-4E98-9164-888577331C0A},{3AFF2510-B907-44BC-AA9C-4563C1644F63}','',''),(104,8,'8','人事档案（入职年限）','3','ALL_DEPT','','','','column','#a1bb1c','#2f7ed8,#e0522f,#ffcc00,#10cca6,#6bb61d,#f2a21a,#ff7372,#a5e8d2,#9ce810,#fff80a,#1dcfab,#858e54','year','','number','',''),(105,8,'9','人事档案（学历）','3','ALL_DEPT','','','','column','#ef8201','#2f7ed8,#e0522f,#ffcc00,#10cca6,#6bb61d,#f2a21a,#ff7372,#a5e8d2,#9ce810,#fff80a,#1dcfab,#858e54','education','','number','',''),(106,5,'2','工作数量','3','','','','','bar','#ff7372','#2f7ed8,#e0522f,#ffcc00,#10cca6,#6bb61d,#f2a21a,#ff7372,#a5e8d2,#9ce810,#fff80a,#1dcfab,#858e54','dept_name','','total_number,finish_number','',''),(107,5,'16','部门会议次数','3','','','','','column','#ff7372','#2f7ed8,#e0522f,#ffcc00,#10cca6,#6bb61d,#f2a21a,#ff7372,#a5e8d2,#9ce810,#fff80a,#1dcfab,#858e54','dept_name','','jan,feb,mar,apr,may,jun,july,august,sept,oct','',''),(108,5,'19','会议室使用频率','3','','','','','column','#329a4b','#2f7ed8,#e0522f,#ffcc00,#10cca6,#6bb61d,#f2a21a,#ff7372,#a5e8d2,#9ce810,#fff80a,#1dcfab,#858e54','m_room','','jan,feb,mar,apr,may,jun,july,august,sept,oct,nov,dec','',''),(109,5,'20','司机出车次数','3','','','','','column','#329a4b','#138cdd,#fda122,#ff7372,#4ebff9,#8bcb2e,#a97aca,#b3e7d6,#fce997,#fcdaaa,#fed2de,#5f9baf,#dd0ab2','v_driver','','jan,feb,mar,apr,may,jun,july,august,sept,oct,nov,dec','',''),(110,15,'4','办公用品库存','3','','','','','column','#a1bb1c','#2f7ed8,#e0522f,#ffcc00,#10cca6,#6bb61d,#f2a21a,#ff7372,#a5e8d2,#9ce810,#fff80a,#1dcfab,#858e54','pro_name','','number','',''),(111,5,'21','手机短信发送数量','3','','','','','column','#2f80d1','#2f7ed8,#e0522f,#ffcc00,#10cca6,#6bb61d,#f2a21a,#ff7372,#a5e8d2,#9ce810,#fff80a,#1dcfab,#858e54','dept_name','','jan,feb,mar','',''),(112,5,'22','车辆行驶里程','3','','','','','column','#99629c','#bb1d48,#5435ae,#ffcc00,#e0522f,#6bb61d,#2e8bef,#a97aca,#f59bb3,#2ecb70,#f2c40f,#8f6f4d,#ff8947','car_id','','jan,feb,mar,apr,may,jun,july,august,sept,oct,nov,dec','',''),(113,5,'23','车辆油耗','3','','','','','column','#ff7372','#bb1d48,#5435ae,#ffcc00,#e0522f,#6bb61d,#2e8bef,#a97aca,#f59bb3,#2ecb70,#f2c40f,#8f6f4d,#ff8947','car_id','','jan,feb,mar,apr,may,jun,july,august,sept,oct,nov,dec','',''),(114,5,'29','热门新闻','3','','','','','bar','#a1bb1c','#138cdd,#fda122,#ff7372,#4ebff9,#8bcb2e,#a97aca,#b3e7d6,#fce997,#fcdaaa,#fed2de,#5f9baf,#dd0ab2','subject','','number','',''),(115,5,'24','超二天未读邮件','3','','','','','column','#ef6b9a','#0e94db,#ffbf01,#6ab206,#128ece,#f13158,#f86031,#8350c6,#bbde5b,#dea15b,#77bfd1,#c6868e,#aab300','user_name','','number','',''),(116,5,'25','新闻数量','3','','','','','column','#779ddb','#bb1d48,#5435ae,#ffcc00,#e0522f,#6bb61d,#2e8bef,#a97aca,#f59bb3,#2ecb70,#f2c40f,#8f6f4d,#ff8947','type_name','','jun,july,august,sept,oct','',''),(117,5,'3','公告通知（按部门）','3','','','','','column','#2f80d1','#138cdd,#fda122,#ff7372,#4ebff9,#8bcb2e,#a97aca,#b3e7d6,#fce997,#fcdaaa,#fed2de,#5f9baf,#dd0ab2','dept_name','','mar,oct','',''),(118,5,'11','部门日程安排数量','3','','','','','bar','#a1bb1c','#2f7ed8,#e0522f,#ffcc00,#10cca6,#6bb61d,#f2a21a,#ff7372,#a5e8d2,#9ce810,#fff80a,#1dcfab,#858e54','dept_name','','oct,nov','',''),(119,5,'4','公告通知（按类型）','3','','','','','column','#ef6b9a','#0e94db,#ffbf01,#6ab206,#128ece,#f13158,#f86031,#8350c6,#bbde5b,#dea15b,#77bfd1,#c6868e,#aab300','type_name','','oct','',''),(120,5,'12','车辆出车次数','3','','','','','column','#329a4b','#bb1d48,#5435ae,#ffcc00,#e0522f,#6bb61d,#2e8bef,#a97aca,#f59bb3,#2ecb70,#f2c40f,#8f6f4d,#ff8947','car_id','','jan,feb,mar,apr,may,jun,july,august,sept,oct,nov,dec','',''),(121,5,'21','部门人均日志数量','3','','','','','column','#ef8201','#138cdd,#fda122,#ff7372,#4ebff9,#8bcb2e,#a97aca,#b3e7d6,#fce997,#fcdaaa,#fed2de,#5f9baf,#dd0ab2','dept_name','','mar,apr,may,jun,july,august,sept,oct,nov,dec','',''),(122,5,'22','部门人均写日志天数','3','','','','','column','#ef8201','#138cdd,#fda122,#ff7372,#4ebff9,#8bcb2e,#a97aca,#b3e7d6,#fce997,#fcdaaa,#fed2de,#5f9baf,#dd0ab2','dept_name','','mar,apr,may,jun,july,august,sept,oct,nov','',''),(174,5,'26','收文数量','2','','','admin,','','pie','#df4744','#2f7ed8,#e0522f,#ffcc00,#10cca6,#6bb61d,#f2a21a,#ff7372,#a5e8d2,#9ce810,#fff80a,#1dcfab,#858e54','DATA_4','','COUNT_DATA_5','',''),(175,5,'14','发文数量','2','','','admin,','','pie','#329a4b','#bb1d48,#5435ae,#ffcc00,#e0522f,#6bb61d,#2e8bef,#a97aca,#f59bb3,#2ecb70,#f2c40f,#8f6f4d,#ff8947','DATA_14','','COUNT_DATA_3','',''),(176,10,'17','报销金额','2','','','admin,','','line','#779ddb','#2f7ed8,#e0522f,#ffcc00,#10cca6,#6bb61d,#f2a21a,#ff7372,#a5e8d2,#9ce810,#fff80a,#1dcfab,#858e54','DATA_1','','SUM_DATA_13','',''),(177,10,'19','借款','2','','','','','bar','#99629c','#bb1d48,#5435ae,#ffcc00,#e0522f,#6bb61d,#2e8bef,#a97aca,#f59bb3,#2ecb70,#f2c40f,#8f6f4d,#ff8947','DATA_1','','SUM_DATA_9','',''),(178,5,'13','请假天数（按人员）','2','','','admin,','','line','#df4744','#0e94db,#ffbf01,#6ab206,#128ece,#f13158,#f86031,#8350c6,#bbde5b,#dea15b,#77bfd1,#c6868e,#aab300','DATA_1','','SUM_DATA_7','',''),(179,5,'5','请假天数（按部门）','2','','','admin,','','column','#df4744','#0e94db,#ffbf01,#6ab206,#128ece,#f13158,#f86031,#8350c6,#bbde5b,#dea15b,#77bfd1,#c6868e,#aab300','DATA_2','','COUNT_DATA_1,SUM_DATA_7','',''),(180,5,'7','出差天数（按人员）','2','','','admin,','','bar','#ff7372','#9b0d27,#fe9721,#0e94db,#e87a69,#000000,#ffff00,#90c543,#428190,#b5634b,#c1de34,#e30450,#654458','DATA_4','','SUM_DATA_19,SUM_DATA_8','',''),(181,5,'27','出差天数（按部门）','2','','','admin,','','line','#ef8201','#9b0d27,#fe9721,#0e94db,#e87a69,#000000,#ffff00,#90c543,#428190,#b5634b,#c1de34,#e30450,#654458','DATA_2','','SUM_DATA_19,COUNT_DATA_4','',''),(182,5,'10','加班时间','2','','','admin,','','area','#329a4b','#bb1d48,#5435ae,#ffcc00,#e0522f,#6bb61d,#2e8bef,#a97aca,#f59bb3,#2ecb70,#f2c40f,#8f6f4d,#ff8947','DATA_68','','SUM_DATA_87','',''),(183,8,'4','部门新老员工构成','2','ALL_DEPT','','','','line','#df4744','#bb1d48,#5435ae,#ffcc00,#e0522f,#6bb61d,#2e8bef,#a97aca,#f59bb3,#2ecb70,#f2c40f,#8f6f4d,#ff8947','DATA_4','','COUNT_DATA_3','',''),(184,8,'10','入职员工（按学历）','2','ALL_DEPT','','','','polar','#99629c','#bb1d48,#5435ae,#ffcc00,#e0522f,#6bb61d,#2e8bef,#a97aca,#f59bb3,#2ecb70,#f2c40f,#8f6f4d,#ff8947','DATA_8','','COUNT_DATA_3','',''),(185,8,'6','转正人数','2','ALL_DEPT','','','','line','#ef6b9a','#bb1d48,#5435ae,#ffcc00,#e0522f,#6bb61d,#2e8bef,#a97aca,#f59bb3,#2ecb70,#f2c40f,#8f6f4d,#ff8947','DATA_2','','COUNT_DATA_1','',''),(186,8,'5','离职人数','2','ALL_DEPT','','','','area','#329a4b','#2f7ed8,#e0522f,#ffcc00,#10cca6,#6bb61d,#f2a21a,#ff7372,#a5e8d2,#9ce810,#fff80a,#1dcfab,#858e54','DATA_4','','COUNT_DATA_2','',''),(187,5,'11','印章使用情况','2','','','admin,','','column','#779ddb','#138cdd,#fda122,#ff7372,#4ebff9,#8bcb2e,#a97aca,#b3e7d6,#fce997,#fcdaaa,#fed2de,#5f9baf,#dd0ab2','DATA_21','','COUNT_DATA_20','',''),(188,5,'15','会议室使用情况','2','','','admin,','','column','#99629c','#0e94db,#ffbf01,#6ab206,#128ece,#f13158,#f86031,#8350c6,#bbde5b,#dea15b,#77bfd1,#c6868e,#aab300','DATA_3','','COUNT_DATA_8','',''),(189,5,'16','部门会议情况','2','','','admin,','','line','#2f80d1','#0e94db,#ffbf01,#6ab206,#128ece,#f13158,#f86031,#8350c6,#bbde5b,#dea15b,#77bfd1,#c6868e,#aab300','DATA_3','','COUNT_DATA_30','',''),(190,10,'24','采购金额（按部门）','2','','','admin,','','column','#ef6b9a','#bb1d48,#5435ae,#ffcc00,#e0522f,#6bb61d,#2e8bef,#a97aca,#f59bb3,#2ecb70,#f2c40f,#8f6f4d,#ff8947','DATA_3','','SUM_DATA_17','',''),(191,10,'26','采购金额（类别）','2','','','','','column','#779ddb','#2f7ed8,#e0522f,#ffcc00,#10cca6,#6bb61d,#f2a21a,#ff7372,#a5e8d2,#9ce810,#fff80a,#1dcfab,#858e54','DATA_33','','SUM_DATA_17','',''),(192,5,'17','司机出车次数','2','','','admin,','','pie','#ef6b9a','#0e94db,#ffbf01,#6ab206,#128ece,#f13158,#f86031,#8350c6,#bbde5b,#dea15b,#77bfd1,#c6868e,#aab300','DATA_7','','COUNT_DATA_2','',''),(193,5,'18','部门用车次数','2','','','admin,','','bar','#df4744','#0e94db,#ffbf01,#6ab206,#128ece,#f13158,#f86031,#8350c6,#bbde5b,#dea15b,#77bfd1,#c6868e,#aab300','DATA_4','','COUNT_DATA_3','',''),(194,10,'25','请款借支金额（按部门）','2','','','admin,','','column','#779ddb','#bb1d48,#5435ae,#ffcc00,#e0522f,#6bb61d,#2e8bef,#a97aca,#f59bb3,#2ecb70,#f2c40f,#8f6f4d,#ff8947','DATA_29','','SUM_DATA_71','',''),(195,10,'8','请款借支金额（按币种）','2','','','admin,','','polar','#ef8201','#bb1d48,#5435ae,#ffcc00,#e0522f,#6bb61d,#2e8bef,#a97aca,#f59bb3,#2ecb70,#f2c40f,#8f6f4d,#ff8947','DATA_24','','COUNT_DATA_71','',''),(196,10,'14','差旅费报销金额（按使用单位）','2','','','admin,','','pie','#ff7372','#9b0d27,#fe9721,#0e94db,#e87a69,#000000,#ffff00,#90c543,#428190,#b5634b,#c1de34,#e30450,#654458','DATA_27','','SUM_DATA_42','',''),(198,10,'27','医疗费用金额','2','','','admin,','','area','#ef8201','#138cdd,#fda122,#ff7372,#4ebff9,#8bcb2e,#a97aca,#b3e7d6,#fce997,#fcdaaa,#fed2de,#5f9baf,#dd0ab2','DATA_53','','SUM_DATA_62','',''),(199,16,'1','当月管理简报统计','3','','','','','column','#3ebff9','#2f7ed8,#e0522f,#ffcc00,#10cca6,#6bb61d,#f2a21a,#ff7372,#a5e8d2,#9ce810,#fff80a,#1dcfab,#858e54','item','','value','',''),(200,16,'2','工作流预警','3','','','','','gauge','#3ebff9','#2f7ed8,#e0522f,#ffcc00,#10cca6,#6bb61d,#f2a21a,#ff7372,#a5e8d2,#9ce810,#fff80a,#1dcfab,#858e54','item','','value','',''),(201,16,'3','工作流分类状态统计','3','','','','','column','#3ebff9','#2f7ed8,#e0522f,#ffcc00,#10cca6,#6bb61d,#f2a21a,#ff7372,#a5e8d2,#9ce810,#fff80a,#1dcfab,#858e54','SORT_NAME','','ALL_COUNT,FINISH_COUNT,TIMEOUT_COUNT','',''),(202,16,'4','工作流总量统计','3','','','','','pie','#3ebff9','#2f7ed8,#e0522f,#ffcc00,#10cca6,#6bb61d,#f2a21a,#ff7372,#a5e8d2,#9ce810,#fff80a,#1dcfab,#858e54','SORT_NAME','','ALL_COUNT','',''),(203,16,'5','项目进度表','3','','','','','bar','#3ebff9','#2f7ed8,#e0522f,#ffcc00,#10cca6,#6bb61d,#f2a21a,#ff7372,#a5e8d2,#9ce810,#fff80a,#1dcfab,#858e54','PROJ_NAME','','_percentage','',''),(204,10,'1','关键数据','1','','','','','column','#3ebff9','#2f7ed8,#e0522f,#ffcc00,#10cca6,#6bb61d,#f2a21a,#ff7372,#a5e8d2,#9ce810,#fff80a,#1dcfab,#858e54','{FD8AF4CC-672B-4669-B55A-DB83BB2E217F}','','{054EEE87-A7E5-48FE-AE02-739C5AEB5F0C},{774C6E25-F16D-4EA6-B3E7-01A41A46C9EE},{D40D2FDB-738A-4A8B-8A70-D76BA503FEC9}','',''),(205,10,'3','合同预收款分析','1','','','','','pie','#3ebff9','#2f7ed8,#e0522f,#ffcc00,#10cca6,#6bb61d,#f2a21a,#ff7372,#a5e8d2,#9ce810,#fff80a,#1dcfab,#858e54','{F8D18AED-93CE-45AF-8629-E3FE832B710A}','','{6CD9F2B4-EB9C-4484-8CBE-04A2C6D2CB83}','',''),(207,12,'1','当月签订合同数量及金额','1','','','','','column','#3ebff9','#2f7ed8,#e0522f,#ffcc00,#10cca6,#6bb61d,#f2a21a,#ff7372,#a5e8d2,#9ce810,#fff80a,#1dcfab,#858e54','{CEBC12D2-C506-474E-87E5-3FA4E88C25C0}','','{1267D15D-15B9-47C1-9ABF-D3F5B76B27EB},{F43DCF9B-0E8C-4D29-9D22-1F92A716CA12},{40D66520-C723-451A-83BA-48A904EB1E26}','',''),(208,12,'10','全年签订合同情况分析','1','','','','','polar','#3ebff9','#2f7ed8,#e0522f,#ffcc00,#10cca6,#6bb61d,#f2a21a,#ff7372,#a5e8d2,#9ce810,#fff80a,#1dcfab,#858e54','{F28A727E-7BF8-4926-9406-1CD3183269CA}','','{03D04D60-49C6-4C92-BF24-6EFAE7F9C85E},{6E870FFB-236B-4C0C-87DE-93C1B45511BA}','',''),(209,12,'3','合同金额构成分析','1','','','','','pie','#3ebff9','#2f7ed8,#e0522f,#ffcc00,#10cca6,#6bb61d,#f2a21a,#ff7372,#a5e8d2,#9ce810,#fff80a,#1dcfab,#858e54','{41EFDF2E-2AC7-47C2-AAE6-02D5EE73E549}','','{036A8ACF-4C06-48C0-A8A4-1632BCB90D25}','',''),(210,12,'4','到款金额构成分析','1','','','','','pie','#3ebff9','#2f7ed8,#e0522f,#ffcc00,#10cca6,#6bb61d,#f2a21a,#ff7372,#a5e8d2,#9ce810,#fff80a,#1dcfab,#858e54','{41EFDF2E-2AC7-47C2-AAE6-02D5EE73E549}','','{B06DE3B7-36BC-4DFE-BA5C-8C455863ACF1}','',''),(211,12,'12','合同金额分析','1','','','','','column','#3ebff9','#2f7ed8,#e0522f,#ffcc00,#10cca6,#6bb61d,#f2a21a,#ff7372,#a5e8d2,#9ce810,#fff80a,#1dcfab,#858e54','{37243EEA-F61E-441A-B472-45DCED4B7984}','','{46FFCF90-0A14-44EC-8BF2-278CAB1FA29F}','',''),(212,12,'6','客户类型构成分析','1','','','','','pie','#3ebff9','#2f7ed8,#e0522f,#ffcc00,#10cca6,#6bb61d,#f2a21a,#ff7372,#a5e8d2,#9ce810,#fff80a,#1dcfab,#858e54','{650EA0B6-DB0B-4725-92B7-58BE2CD0B837}','','{C7DEE08F-B61A-420E-B495-6C8B455C81CD}','',''),(213,10,'6','各月实到款分析','1','','','','','bubble','#3ebff9','#2f7ed8,#e0522f,#ffcc00,#10cca6,#6bb61d,#f2a21a,#ff7372,#a5e8d2,#9ce810,#fff80a,#1dcfab,#858e54','{9FA92C2C-EE2E-2986-BE93-126352459448}','','{1B5E325C-2376-308F-B48A-BF5D0A86056F}','',''),(214,10,'7','资产结构分析','1','','','','','pie','#3ebff9','#2f7ed8,#e0522f,#ffcc00,#10cca6,#6bb61d,#f2a21a,#ff7372,#a5e8d2,#9ce810,#fff80a,#1dcfab,#858e54','{888AE731-9193-45BC-A985-0606D2A088ED}','','{306B9E59-D40E-4FAB-AF56-32F3BFCBF645}','',''),(215,10,'8','负债结构分析','1','','','','','pie','#3ebff9','#2f7ed8,#e0522f,#ffcc00,#10cca6,#6bb61d,#f2a21a,#ff7372,#a5e8d2,#9ce810,#fff80a,#1dcfab,#858e54','{95E0343C-EF20-4930-A66F-8547D4A68B82}','','{EEA0B2DC-995B-49F6-AE09-25B4CFE86E95}','',''),(216,10,'9','营运能力分析','1','','','','','polar','#3ebff9','#2f7ed8,#e0522f,#ffcc00,#10cca6,#6bb61d,#f2a21a,#ff7372,#a5e8d2,#9ce810,#fff80a,#1dcfab,#858e54','{F92C7825-E347-4B36-B406-065FE8423F34}','','{C6D32720-37B6-4E60-A1E4-69051E6913AA},{0BA965FF-867E-49ED-B355-0109D03A6F9B}','',''),(217,10,'10','盈利能力分析','1','','','','','polar','#3ebff9','#2f7ed8,#e0522f,#ffcc00,#10cca6,#6bb61d,#f2a21a,#ff7372,#a5e8d2,#9ce810,#fff80a,#1dcfab,#858e54','{E4D07040-F952-4682-A129-03AC2A3F7198}','','{3E8E9E06-C1C1-47D9-925B-C31A042FDE80},{BBEA49C2-97E9-4822-AF99-6922FFD08CCB}','',''),(218,10,'11','现金能力分析','1','','','','','polar','#3ebff9','#2f7ed8,#e0522f,#ffcc00,#10cca6,#6bb61d,#f2a21a,#ff7372,#a5e8d2,#9ce810,#fff80a,#1dcfab,#858e54','{93B69519-6258-4035-B13E-5B7990CBFCB0}','','{8140EAF3-C977-49B1-8A43-F1B6BCFBDD75},{37C2EA8C-09B7-457E-BB54-AEC8A1F42F8D}','',''),(219,10,'12','发展能力分析','1','','','','','polar','#3ebff9','#2f7ed8,#e0522f,#ffcc00,#10cca6,#6bb61d,#f2a21a,#ff7372,#a5e8d2,#9ce810,#fff80a,#1dcfab,#858e54','{387A8A91-F6D4-4AEB-AC98-F887B307CE94}','','{EA1ECC18-5A06-4B0D-A945-B22C0A2FAB4E},{4785CB02-1D77-4F99-B54F-19D82B155441}','',''),(220,10,'13','偿债能力分析','1','','','','','polar','#3ebff9','#2f7ed8,#e0522f,#ffcc00,#10cca6,#6bb61d,#f2a21a,#ff7372,#a5e8d2,#9ce810,#fff80a,#1dcfab,#858e54','{16FA286C-5BAF-4518-92D5-FF10AA8EDBB8}','','{7F33508C-DE23-4A0F-98BE-96D137AF0071},{44BD2936-7D4E-45BD-B394-BE01623E389F}','','');

--
-- Table structure for table `bi_reports_cockpit`
--

CREATE TABLE `bi_reports_cockpit` (
  `cid` int(10) unsigned NOT NULL AUTO_INCREMENT COMMENT '主键，自增',
  `cindex` tinyint(2) unsigned NOT NULL COMMENT '按钮位置',
  `pos` varchar(1) NOT NULL DEFAULT '' COMMENT '显示位置',
  `rid` int(10) unsigned NOT NULL COMMENT '图谱ID',
  `rname` varchar(200) NOT NULL DEFAULT '' COMMENT '名称',
  `userid` varchar(20) NOT NULL DEFAULT '' COMMENT '用户ID',
  PRIMARY KEY (`cid`),
  KEY `cindex` (`cindex`)
) ENGINE=InnoDB AUTO_INCREMENT=17 DEFAULT CHARSET=gbk COMMENT='管理驾驶舱设置表';

--
-- Dumping data for table `bi_reports_cockpit`
--

INSERT INTO `bi_reports_cockpit` VALUES (1,1,'2',207,'本月合同','admin'),(2,2,'2',204,'关键数据','admin'),(3,3,'2',176,'报销金额','admin'),(4,4,'2',183,'部门新老员构成','admin'),(5,5,'2',200,'工作流预警','admin'),(6,6,'2',217,'盈利能力分析','admin'),(7,7,'2',219,'发展能力分析','admin'),(8,8,'2',218,'现金能力分析','admin'),(9,9,'1',214,'资产结构分析','admin'),(10,10,'1',213,'各月实到款分析','admin'),(11,11,'1',205,'合同预收款分析','admin'),(12,12,'1',211,'合同金额分析','admin'),(13,13,'3',75,'设备故障','admin'),(14,14,'3',110,'办公用品库存','admin'),(15,15,'3',212,'客户类型构成分析','admin'),(16,16,'3',74,'月度采购申请','admin');

--
-- Table structure for table `bi_reports_sort`
--

CREATE TABLE `bi_reports_sort` (
  `id` int(10) unsigned NOT NULL AUTO_INCREMENT COMMENT '序号',
  `user_id` text NOT NULL COMMENT '用户ID',
  `sort_id` text NOT NULL COMMENT '报表id串，用于前台显示报表内容和排序',
  PRIMARY KEY (`id`)
) ENGINE=InnoDB AUTO_INCREMENT=2 DEFAULT CHARSET=gbk;

--
-- Dumping data for table `bi_reports_sort`
--

INSERT INTO `bi_reports_sort` VALUES (1,'default','238,247,248,199,200,202,201,83,102,80,98,74,177,191,42,186,104,105,87,88,94,92,93,110,75,96,97,99,241,184,240,242,251,252,245,253,254,196,176,190,194,198,239,243,183,244,203,185,246,195,249,250');

--
-- Table structure for table `bi_types`
--

CREATE TABLE `bi_types` (
  `tid` int(10) unsigned NOT NULL AUTO_INCREMENT COMMENT '类别ID',
  `type_no` varchar(11) NOT NULL COMMENT '类别排序号',
  `type_name` varchar(200) NOT NULL COMMENT '类别名称',
  PRIMARY KEY (`tid`)
) ENGINE=InnoDB AUTO_INCREMENT=17 DEFAULT CHARSET=gbk COMMENT='报表类别表';

--
-- Dumping data for table `bi_types`
--

INSERT INTO `bi_types` VALUES (5,'3','行政'),(6,'6','采购'),(8,'4','人力'),(9,'7','生产'),(10,'2','财务'),(11,'9','知识'),(12,'5','销售'),(15,'8','库存'),(16,'1','管理');

--
-- Table structure for table `bi_workflow_engine`
--

CREATE TABLE `bi_workflow_engine` (
  `id` int(11) NOT NULL AUTO_INCREMENT COMMENT '自增ID',
  `engine_name` text NOT NULL COMMENT '报表名称',
  `flow_id` int(11) NOT NULL COMMENT '流程ID',
  `form_id` int(11) NOT NULL COMMENT '表单ID',
  `group_by_fields` text COMMENT '分组字段列表',
  `summary_fields` text COMMENT '汇总方式列表',
  `condition_fields` text COMMENT '过滤条件列表',
  `condition_expr` text COMMENT '过滤条件表达式',
  `para_list` text COMMENT '报表参数',
  `col_list` text COMMENT '报表数据列',
  `detail_list` text COMMENT '明细字段列',
  PRIMARY KEY (`id`)
) ENGINE=InnoDB AUTO_INCREMENT=56 DEFAULT CHARSET=gbk;

--
-- Dumping data for table `bi_workflow_engine`
--

INSERT INTO `bi_workflow_engine` VALUES (1,'请假分析',35,35,'data_1:申请人:ASC::\r\ndata_4:请假类型:ASC::\r\ndata_5:开始日期:ASC:月份:MONTH','data_7:请假时间:SUM:请假时间合计','data_1:申请人:=:admin\r\ndata_1:申请人:=:admin','[1] OR [2]','','',NULL),(8,'收文流程-深沉风格',1,0,'DATA_4:来文单位:ASC:来文单位:\r','DATA_5:来文文号:COUNT:收文数量\r','','','','DATA_4:来文单位;COUNT_DATA_5:收文数量;',NULL),(10,'发文流程-深沉风格',2,0,'DATA_14:拟稿单位:ASC:拟稿单位:\r','DATA_3:编号:COUNT:发文数量\r','','','','DATA_14:拟稿单位;COUNT_DATA_3:发文数量;',NULL),(11,'借款单流程',50,0,'DATA_1:借款项目:ASC:借款项目:\r','DATA_9:借款金额:SUM:借款金额总和\r','','','','DATA_1:借款项目;SUM_DATA_9:借款金额总和;',NULL),(12,'请假申请（人员）',35,0,'DATA_1:申请人:ASC:申请人:\r','DATA_7:请假时间:SUM:请假总天数\r\n','','','','DATA_1:申请人;SUM_DATA_7:请假总天数;',NULL),(20,'请假申请（部门）',35,0,'DATA_2:部门:ASC:部门:\r','DATA_1:申请人:COUNT:请假人次\r\nDATA_7:请假时间:SUM:请假总天数\r','','','','DATA_2:部门;COUNT_DATA_1:请假人次;SUM_DATA_7:请假总天数;',NULL),(21,'出差申请（人员）',38,0,'DATA_4:姓名:ASC:出差人姓名:\r','DATA_19:出差天数:SUM:出差总天数\r\nDATA_8:费用预计:SUM:出差费用总计\r','','','','DATA_4:出差人姓名;SUM_DATA_19:出差总天数;SUM_DATA_8:出差费用总计;',NULL),(23,'加班申请',36,0,'DATA_68:申请人:ASC:加班人员:\r','DATA_87:加班时间:SUM:加班时间\r','','','','DATA_68:加班人员;SUM_DATA_87:加班时间;',NULL),(25,'员工入职流程（部门）',34,0,'DATA_4:部门:ASC:部门:\r','DATA_3:姓名:COUNT:入职人数\r','','','','DATA_4:部门;COUNT_DATA_3:入职人数;',NULL),(26,'员工入职流程（学历）',34,0,'DATA_8:学历:ASC:学历:\r','DATA_3:姓名:COUNT:入职人数\r','','','','DATA_8:学历;COUNT_DATA_3:入职人数;',NULL),(27,'报销申请（人员）',49,0,'DATA_1:申请人:ASC:申请人:\r','DATA_13:报销金额:SUM:报销金额\r','','','','DATA_1:申请人;SUM_DATA_13:报销金额;',NULL),(28,'转正申请',48,0,'DATA_2:部门:ASC:部门:\r','DATA_1:姓名:COUNT:转正人数\r','','','','DATA_2:部门;COUNT_DATA_1:转正人数;',NULL),(31,'会议室申请',28,0,'DATA_3:申请部门:ASC:部门:\r','DATA_8:会议地点:COUNT:会议室使用次数\r','','','','DATA_3:部门;COUNT_DATA_8:会议室使用次数;',NULL),(32,'会议申请（部门）',28,0,'DATA_3:申请部门:ASC:部门:\r','DATA_30:编号:COUNT:会议次数\r','','','','DATA_3:部门;COUNT_DATA_30:会议次数;',NULL),(33,'采购申请（部门）',15,0,'DATA_3:部门:ASC:部门:\r','DATA_17:价格:SUM:金额总和\r','','','','DATA_3:部门;SUM_DATA_17:金额总和;',NULL),(35,'采购申请（类别）',15,0,'DATA_33:类别:ASC:物品类别:\r','DATA_17:价格:SUM:价格\r','','','','DATA_33:物品类别;SUM_DATA_17:价格;',NULL),(41,'差旅费报销',53,0,'DATA_27:使用单位:ASC:使用单位:\r','DATA_42:金额合计:SUM:金额总和\r','','','','DATA_27:使用单位;SUM_DATA_42:金额总和;',NULL),(47,'用车申请（出车）',16,0,'DATA_7:司机:ASC:司机:\r','DATA_2:编号:COUNT:出车次数\r','','','','DATA_7:司机;COUNT_DATA_2:出车次数;',NULL),(48,'用车申请（用车）',16,0,'DATA_4:用车部门:ASC:用车部门:\r','DATA_3:申请人:COUNT:用车次数\r','','','','DATA_4:用车部门;COUNT_DATA_3:用车次数;',NULL),(49,'离职申请',37,0,'DATA_4:所在部门:ASC:部门:\r','DATA_2:工号:COUNT:离职人数\r','','','','DATA_4:部门;COUNT_DATA_2:离职人数;',NULL),(50,'请假借支流程（部门）',58,0,'DATA_29:请款部门:ASC:部门:\r','DATA_71:请款金额:SUM:请款金额总计\r','','','','DATA_29:部门;SUM_DATA_71:请款金额总计;',NULL),(51,'请款借支流程（币种）',58,0,'DATA_24:货币币种:ASC:货币币种:\r','DATA_71:请款金额:COUNT:金额\r','','','','DATA_24:货币币种;COUNT_DATA_71:金额;',NULL),(52,'医疗费用报销',60,0,'DATA_53:职工姓名:ASC:职工姓名:\r','DATA_62:实报销金额:SUM:报销总额\r','','','','DATA_53:职工姓名;SUM_DATA_62:报销总额;',NULL),(54,'出差申请（部门）',38,0,'DATA_2:部门:ASC:部门:\r','DATA_19:出差天数:SUM:出差总天数\r\nDATA_4:姓名:COUNT:出差人次\r','','','','DATA_2:部门;SUM_DATA_19:出差总天数;COUNT_DATA_4:出差人次;',NULL),(55,'用印申请',32,0,'DATA_21:用印类别:ASC:印章类别:\r','DATA_20:编号:COUNT:印章使用次数\r','','','','DATA_21:印章类别;COUNT_DATA_20:印章使用次数;',NULL);

--
-- Table structure for table `book_info`
--

CREATE TABLE `book_info` (
  `BOOK_ID` int(11) NOT NULL AUTO_INCREMENT COMMENT '自增唯一ID',
  `ISBN` varchar(200) NOT NULL DEFAULT '' COMMENT 'ISBN号',
  `TYPE_ID` int(4) unsigned NOT NULL DEFAULT '0' COMMENT '图书类型',
  `DEPT` int(10) unsigned NOT NULL DEFAULT '0' COMMENT '所在部门',
  `BOOK_NAME` varchar(200) NOT NULL DEFAULT '' COMMENT '图书名称',
  `AUTHOR` varchar(200) NOT NULL DEFAULT '' COMMENT '作者',
  `PUB_DATE` varchar(200) NOT NULL DEFAULT '' COMMENT '出版日期',
  `PUB_HOUSE` varchar(200) NOT NULL DEFAULT '' COMMENT '出版社',
  `AMT` int(10) unsigned NOT NULL DEFAULT '1' COMMENT '数量',
  `PRICE` decimal(10,2) NOT NULL DEFAULT '0.00' COMMENT '单价',
  `AREA` varchar(200) NOT NULL DEFAULT '' COMMENT '存放地点',
  `BRIEF` text NOT NULL COMMENT '内容简介',
  `OPEN` text NOT NULL COMMENT '借阅范围',
  `LEND` char(1) NOT NULL DEFAULT '0' COMMENT '借出标识(0-未借出,1-已借出)',
  `BORR_PERSON` varchar(200) NOT NULL DEFAULT '' COMMENT '录入人',
  `MEMO` varchar(255) NOT NULL DEFAULT '' COMMENT '备注',
  `BOOK_NO` varchar(200) NOT NULL DEFAULT '' COMMENT '图书编号',
  `ATTACHMENT_ID` text NOT NULL COMMENT '附件ID',
  `ATTACHMENT_NAME` text NOT NULL COMMENT '附件名称',
  PRIMARY KEY (`BOOK_ID`),
  KEY `TYPE_ID` (`TYPE_ID`),
  KEY `DEPT` (`DEPT`),
  KEY `BOOK_NO` (`BOOK_NO`)
) ENGINE=InnoDB DEFAULT CHARSET=gbk COMMENT='图书基本信息表';

--
-- Dumping data for table `book_info`
--


--
-- Table structure for table `book_manage`
--

CREATE TABLE `book_manage` (
  `BORROW_ID` int(11) NOT NULL AUTO_INCREMENT COMMENT '自增唯一ID',
  `BUSER_ID` varchar(20) NOT NULL DEFAULT '' COMMENT '借书人',
  `BOOK_NO` varchar(50) NOT NULL DEFAULT '' COMMENT '图书编号',
  `BORROW_DATE` date NOT NULL DEFAULT '0000-00-00' COMMENT '借书日期',
  `BORROW_REMARK` text NOT NULL COMMENT '借书备注',
  `RUSER_ID` varchar(20) NOT NULL DEFAULT '' COMMENT '借书审批人',
  `RETURN_DATE` date NOT NULL DEFAULT '0000-00-00' COMMENT '还书日期',
  `BOOK_STATUS` varchar(10) NOT NULL DEFAULT '0' COMMENT '借书状态标记(0-待批,1-已准,2-未准)',
  `REAL_RETURN_TIME` date NOT NULL DEFAULT '0000-00-00' COMMENT '实际还书时间',
  `DELETE_FLAG` varchar(20) NOT NULL DEFAULT '0' COMMENT '删除标记',
  `STATUS` varchar(10) NOT NULL DEFAULT '' COMMENT '还书状态标记(0-待批,1-已准,2-未准)',
  `REG_FLAG` char(2) NOT NULL DEFAULT '' COMMENT '管理员直接登记标记(0-不直接登记,1-直接登记)',
  `RENEW_FLAG` char(2) NOT NULL DEFAULT '0' COMMENT '续借状态标记：0-未续借,1-已续借',
  `WHO_CONFIRM` varchar(100) NOT NULL DEFAULT '' COMMENT '用途未知',
  PRIMARY KEY (`BORROW_ID`)
) ENGINE=InnoDB DEFAULT CHARSET=gbk COMMENT='图书借阅登记表';

--
-- Dumping data for table `book_manage`
--


--
-- Table structure for table `book_manager`
--

CREATE TABLE `book_manager` (
  `AUTO_ID` int(11) NOT NULL AUTO_INCREMENT COMMENT '自增唯一ID',
  `MANAGER_ID` text NOT NULL COMMENT '管理员USER_ID',
  `MANAGE_DEPT_ID` text NOT NULL COMMENT '管理范围',
  PRIMARY KEY (`AUTO_ID`)
) ENGINE=InnoDB DEFAULT CHARSET=gbk COMMENT='图书管理员表';

--
-- Dumping data for table `book_manager`
--


--
-- Table structure for table `book_type`
--

CREATE TABLE `book_type` (
  `TYPE_ID` int(4) NOT NULL AUTO_INCREMENT COMMENT '唯一自增ID',
  `TYPE_NAME` char(200) NOT NULL DEFAULT '' COMMENT '类别名称',
  PRIMARY KEY (`TYPE_ID`)
) ENGINE=InnoDB AUTO_INCREMENT=6 DEFAULT CHARSET=gbk COMMENT='图书类别表';

--
-- Dumping data for table `book_type`
--

INSERT INTO `book_type` VALUES (1,'文学'),(2,'管理'),(3,'人文社科'),(5,'计算机与互联网');

--
-- Table structure for table `calendar`
--

CREATE TABLE `calendar` (
  `CAL_ID` int(11) NOT NULL AUTO_INCREMENT COMMENT '唯一自增ID',
  `USER_ID` varchar(20) NOT NULL DEFAULT '' COMMENT '用户ID ',
  `CAL_TIME` int(10) unsigned NOT NULL COMMENT '开始时间 ',
  `END_TIME` int(10) unsigned NOT NULL COMMENT '结束时间 ',
  `CAL_TYPE` char(1) NOT NULL DEFAULT '' COMMENT '事务类型(1-工作事务,2-个人事务)',
  `CAL_LEVEL` char(1) NOT NULL DEFAULT '' COMMENT '优先级(1-重要/紧急,2-重要/不紧急,3-不重要/紧急,4-不重要/不紧急)',
  `CONTENT` text NOT NULL COMMENT '事务内容',
  `MANAGER_ID` varchar(20) NOT NULL DEFAULT '' COMMENT '安排人的用户ID',
  `OVER_STATUS` varchar(20) NOT NULL DEFAULT '' COMMENT '完成状态(0-未完成,1-已完成)',
  `BEFORE_REMAIND` varchar(20) NOT NULL COMMENT '提前提醒时间',
  `ADD_TIME` datetime NOT NULL COMMENT '新建时间',
  `OWNER` text NOT NULL COMMENT '所属者',
  `TAKER` text NOT NULL COMMENT '参与者',
  `ALLDAY` tinyint(3) unsigned NOT NULL COMMENT '全天',
  `FROM_MODULE` tinyint(3) unsigned NOT NULL COMMENT '从哪个模块添加的日程(1-外出,2-会议申请,3-工作计划,4-人力资源)',
  `URL` varchar(200) NOT NULL COMMENT '详情URL',
  `M_ID` int(11) NOT NULL COMMENT '关联的模块的id',
  UNIQUE KEY `ID` (`CAL_ID`),
  KEY `USER_ID` (`USER_ID`),
  KEY `MANAGER_ID` (`MANAGER_ID`),
  KEY `CAL_TIME_2` (`CAL_TIME`),
  KEY `END_TIME_2` (`END_TIME`)
) ENGINE=InnoDB DEFAULT CHARSET=gbk COMMENT='日程安排-我的日程表';

--
-- Dumping data for table `calendar`
--


--
-- Table structure for table `categories_type`
--

CREATE TABLE `categories_type` (
  `CATEGORIE_ID` int(11) NOT NULL AUTO_INCREMENT COMMENT '唯一自增ID',
  `CATEGORIE_NAME` varchar(250) NOT NULL DEFAULT '' COMMENT '分类名称',
  `PEARENT_ID` int(11) NOT NULL DEFAULT '0' COMMENT '父分类ID',
  `ORDER_ID` int(11) NOT NULL DEFAULT '0' COMMENT '排序号',
  `MANAGER` text NOT NULL COMMENT '管理人员',
  `TO_ID` text NOT NULL COMMENT '开放部门',
  `PRIV_ID` text NOT NULL COMMENT '开放角色',
  `USER_ID` text NOT NULL COMMENT '开放人员',
  PRIMARY KEY (`CATEGORIE_ID`),
  KEY `PEARENT_ID` (`PEARENT_ID`)
) ENGINE=InnoDB DEFAULT CHARSET=gbk COMMENT='OA知道问题分类表';

--
-- Dumping data for table `categories_type`
--


--
-- Table structure for table `censor_data`
--

CREATE TABLE `censor_data` (
  `DATA_ID` int(11) NOT NULL AUTO_INCREMENT COMMENT '唯一自增ID',
  `MODULE_CODE` varchar(20) NOT NULL DEFAULT '' COMMENT '对应的模块代码',
  `CENSOR_FLAG` char(1) NOT NULL DEFAULT '0' COMMENT '审核标记(0-待审核,1-审核通过,2-审核未通过)',
  `CHECK_USER` varchar(20) NOT NULL DEFAULT '' COMMENT '审核人',
  `CHECK_TIME` datetime NOT NULL DEFAULT '0000-00-00 00:00:00' COMMENT '审核时间',
  `CONTENT` mediumtext NOT NULL COMMENT '审核意见',
  PRIMARY KEY (`DATA_ID`),
  KEY `MODULE_CODE` (`MODULE_CODE`),
  KEY `CHECK_USER` (`CHECK_USER`),
  KEY `CHECK_TIME` (`CHECK_TIME`)
) ENGINE=InnoDB DEFAULT CHARSET=gbk COMMENT='敏感词语待审核数据表';

--
-- Dumping data for table `censor_data`
--


--
-- Table structure for table `censor_module`
--

CREATE TABLE `censor_module` (
  `MODULE_ID` int(11) NOT NULL AUTO_INCREMENT COMMENT '唯一自增ID',
  `MODULE_CODE` varchar(20) NOT NULL DEFAULT '' COMMENT '模块代码',
  `USE_FLAG` char(1) NOT NULL DEFAULT '1' COMMENT '启用过滤(1-启用,0-不启用)',
  `CHECK_USER` text NOT NULL COMMENT '审核人员',
  `SMS_REMIND` varchar(20) NOT NULL DEFAULT '1' COMMENT '内部短信提醒标识',
  `SMS2_REMIND` varchar(20) NOT NULL DEFAULT '0' COMMENT '手机短信提醒标识',
  `BANNED_HINT` varchar(255) NOT NULL DEFAULT '' COMMENT '禁止提示',
  `MOD_HINT` varchar(255) NOT NULL DEFAULT '' COMMENT '审核提示',
  `FILTER_HINT` varchar(255) NOT NULL DEFAULT '' COMMENT '过滤提示',
  PRIMARY KEY (`MODULE_ID`)
) ENGINE=InnoDB AUTO_INCREMENT=4 DEFAULT CHARSET=gbk COMMENT='敏感词语过滤模块表';

--
-- Dumping data for table `censor_module`
--

INSERT INTO `censor_module` VALUES (1,'0','1','admin,','1','0','您发送的邮件标题或内容含有被禁止的词语。','您发送的邮件标题或内容含有敏感词语，已提交相关管理人员审核发送。',''),(2,'1','1','admin,','1','0','您发送的短信内容含有被禁止的词语。','您发送的短信内容含有敏感词语，已提交相关管理人员审核发送。',''),(3,'2','1','admin,','1','0','您发送的手机短信内容含有被禁止的词语。','您发送的手机短信内容含有敏感词语，已提交相关管理人员审核发送。','');

--
-- Table structure for table `censor_words`
--

CREATE TABLE `censor_words` (
  `WORD_ID` int(11) NOT NULL AUTO_INCREMENT COMMENT '自增唯一ID',
  `UID` int(11) NOT NULL DEFAULT '0' COMMENT '添加人',
  `FIND` varchar(255) NOT NULL DEFAULT '' COMMENT '不良词语',
  `REPLACEMENT` varchar(255) NOT NULL DEFAULT '' COMMENT '替换词语',
  PRIMARY KEY (`WORD_ID`)
) ENGINE=InnoDB DEFAULT CHARSET=gbk COMMENT='敏感词语定义表';

--
-- Dumping data for table `censor_words`
--


--
-- Table structure for table `chatroom`
--

CREATE TABLE `chatroom` (
  `CHAT_ID` int(11) NOT NULL AUTO_INCREMENT COMMENT '唯一自增ID',
  `SUBJECT` char(200) NOT NULL DEFAULT '' COMMENT '聊天室名称',
  `STOP` char(1) NOT NULL DEFAULT '' COMMENT '关闭标记(0-开放,1-关闭)',
  UNIQUE KEY `ID` (`CHAT_ID`)
) ENGINE=InnoDB DEFAULT CHARSET=gbk COMMENT='聊天室信息表';

--
-- Dumping data for table `chatroom`
--


--
-- Table structure for table `concern_user`
--

CREATE TABLE `concern_user` (
  `concern_id` int(11) NOT NULL AUTO_INCREMENT,
  `user_id` varchar(20) NOT NULL COMMENT '对应user表的USER_ID',
  `group_id` varchar(50) NOT NULL COMMENT '分组ID',
  `concern_user` varchar(20) NOT NULL,
  `concern_content` varchar(50) NOT NULL COMMENT '关注备注:可设置关注人上线提醒等信息',
  PRIMARY KEY (`concern_id`)
) ENGINE=InnoDB DEFAULT CHARSET=gbk COMMENT='人员关注信息表';

--
-- Dumping data for table `concern_user`
--


--
-- Table structure for table `connect_config`
--

CREATE TABLE `connect_config` (
  `ID` int(11) NOT NULL AUTO_INCREMENT COMMENT '唯一自增ID',
  `LOGIN_ID` varchar(25) NOT NULL DEFAULT '' COMMENT '登录ID',
  `LOGIN_PASSWORD` varchar(50) NOT NULL DEFAULT '' COMMENT '登录密码',
  `MEMBER_ID` varchar(10) NOT NULL DEFAULT '' COMMENT '分支机构唯一标识',
  `MEMBER_NAME` varchar(50) NOT NULL DEFAULT '' COMMENT '分支机构名称',
  `MEMBER_URL` varchar(50) NOT NULL DEFAULT '' COMMENT '访问系统地址',
  `PRIV` text NOT NULL COMMENT '授权用户',
  `ACTIVE` int(1) NOT NULL COMMENT '状态(1-启用,0-停用)',
  PRIMARY KEY (`ID`)
) ENGINE=InnoDB DEFAULT CHARSET=gbk COMMENT='互联互通访问接口信息表';

--
-- Dumping data for table `connect_config`
--


--
-- Table structure for table `cool_field`
--

CREATE TABLE `cool_field` (
  `id` int(11) NOT NULL AUTO_INCREMENT,
  `fid` int(11) DEFAULT NULL,
  `name` varchar(255) DEFAULT NULL,
  `title` varchar(255) DEFAULT NULL,
  `order` tinyint(4) DEFAULT NULL,
  `value` varchar(255) DEFAULT NULL,
  `type` varchar(255) DEFAULT NULL,
  `other` varchar(255) DEFAULT NULL,
  `options` tinytext,
  `validation` varchar(255) DEFAULT NULL,
  `iid` varchar(100) DEFAULT NULL,
  `uid` varchar(100) DEFAULT NULL,
  `edittime` varchar(100) DEFAULT NULL,
  `addtime` varchar(100) DEFAULT NULL,
  PRIMARY KEY (`id`)
) ENGINE=MyISAM AUTO_INCREMENT=526 DEFAULT CHARSET=utf8;

--
-- Dumping data for table `cool_field`
--

INSERT INTO `cool_field` VALUES (197,3,'validation','验证规则',6,'','input','','','',NULL,NULL,NULL,NULL),(198,1,'fields','字段',3,'','list','id=\"fields_table\"','3,fid','',NULL,NULL,NULL,NULL),(199,2,'sql','SQL',5,'','textarea','','','',NULL,NULL,NULL,NULL),(180,1,'table_title','表单名称',0,'','input','','','required',NULL,NULL,NULL,NULL),(181,1,'table_name','数据库表名称',1,'','input','','','alpha_dash|required|is_unique[cool_form.table_name]',NULL,NULL,NULL,NULL),(182,1,'remark','备注',2,'','textarea','','','',NULL,NULL,NULL,NULL),(183,2,'fid','表单ID',1,'','input','','','',NULL,NULL,NULL,NULL),(184,2,'view_title','列表名称',0,'','input','','','required',NULL,NULL,NULL,NULL),(186,2,'remark','备注',10,'','input','','','',NULL,NULL,NULL,NULL),(187,2,'fields','列表显示字段',7,'','list','id=\"fields_table\"','4,vid','',NULL,NULL,NULL,NULL),(188,2,'buttons','操作按钮',12,'','checkbox',' class=\"form-inline\"','新建,查看,编辑,删除,导入EXCEL,导出EXCEL','',NULL,NULL,NULL,NULL),(189,3,'fid','fid',0,'','input','','','',NULL,NULL,NULL,NULL),(190,3,'name','字段名称',2,'','input','','','required|alpha_dash',NULL,NULL,NULL,NULL),(191,3,'title','字段描述',1,'','input','','','required',NULL,NULL,NULL,NULL),(192,3,'order','排序',8,'','input','','','',NULL,NULL,NULL,NULL),(193,3,'value','初始值',5,'','input','','','',NULL,NULL,NULL,NULL),(194,3,'type','字段类型',3,'','select','','input:单行文本框,textarea:多行文本框,select:下拉菜单,radio:单选框,checkbox:复选框,file:附件,list:列表','',NULL,NULL,NULL,NULL),(195,3,'other','其他',7,'','input','','','',NULL,NULL,NULL,NULL),(196,3,'options','选项',4,'','input','','','',NULL,NULL,NULL,NULL),(206,27,'gg','刚刚',0,'','','','','',NULL,NULL,NULL,NULL),(207,28,'dsf','收到',0,'','select','','1,2,3,4,5','',NULL,NULL,NULL,NULL),(209,28,'vid','视图ID',0,'','input','','','',NULL,NULL,NULL,NULL),(210,5,'vid','vid',0,'','input','','','',NULL,NULL,NULL,NULL),(211,5,'order','排序',6,'','input','','','',NULL,NULL,NULL,NULL),(212,5,'field','字段',2,'','input','','','alpha_dash|required',NULL,NULL,NULL,NULL),(213,5,'title','描述',1,'','input','','','required',NULL,NULL,NULL,NULL),(214,5,'operator','运算符',3,'包含','select','','等于,大于,小于,大于等于,小于等于,不等于,开始为,包含,结束为','required',NULL,NULL,NULL,NULL),(215,4,'vid','vid',0,'','input','','','',NULL,NULL,NULL,NULL),(216,4,'field','字段',2,'','input','','','required|alpha_dash',NULL,NULL,NULL,NULL),(217,4,'title','字段描述',1,'','input','','','required',NULL,NULL,NULL,NULL),(218,2,'search','搜索条件',9,'','list','id=\"search_table\"','5,vid','',NULL,NULL,NULL,NULL),(219,2,'format','格式化一行',11,'','textarea','','','',NULL,NULL,NULL,NULL),(221,4,'order','排序',4,'','input','','','',NULL,NULL,NULL,NULL),(222,33,'pname','产品名称',1,'','input','','','',NULL,NULL,NULL,NULL),(223,33,'guige','规格',3,'','input','','','',NULL,NULL,NULL,NULL),(237,33,'danjia','单价',4,'0.00','input','','','required|numeric',NULL,NULL,NULL,NULL),(236,33,'leixing','产品类型',2,'','select','',',类型1,类型2,类型3,类型4','',NULL,NULL,NULL,NULL),(238,33,'tupian','产品图片',5,'','file','','jpg|gif|png','',NULL,NULL,NULL,NULL),(239,2,'fname','表单名称',3,'','input','readonly','','',NULL,NULL,NULL,NULL),(240,2,'type','视图类型',4,'','input','','','',NULL,NULL,NULL,NULL),(241,2,'template','模板',8,'default','input','readonly','','required',NULL,NULL,NULL,NULL),(242,5,'location','位置',4,'where_str','input','','','',NULL,NULL,NULL,NULL),(243,5,'other','其他',5,'','input','','','',NULL,NULL,NULL,NULL),(244,35,'xingming','姓名',0,'','input','','','required',NULL,NULL,NULL,NULL),(245,35,'sfzh','相关证件号',0,'','input','','','required',NULL,NULL,NULL,NULL),(246,35,'dcsfs','调查司法所',0,'','input','','','',NULL,NULL,NULL,NULL),(247,35,'dcsj','调查时间',0,'','input','','','',NULL,NULL,NULL,NULL),(248,35,'wtdw','委托单位',0,'','input','','','',NULL,NULL,NULL,NULL),(249,35,'wtsj','委托时间',0,'','input','','','',NULL,NULL,NULL,NULL),(250,36,'name','姓名',0,'','input','','','required',NULL,NULL,NULL,NULL),(251,36,'sex','性别',0,'','select','','男,女','',NULL,NULL,NULL,NULL),(252,36,'nl','年龄',0,'18','input','','','',NULL,NULL,NULL,NULL),(253,36,'zz','照片',0,'','file','','','',NULL,NULL,NULL,NULL),(254,1,'template','模板',4,'default','input','readonly','','required',NULL,NULL,NULL,NULL),(255,37,'ddd','ddd',0,'','input','','','',NULL,NULL,NULL,NULL),(256,37,'cccc','ccc',0,'','input','','','',NULL,NULL,NULL,NULL),(257,39,'rrr','rrr',0,'','input','','','',NULL,NULL,NULL,NULL),(258,39,'ttt','ttt',0,'','input','','','',NULL,NULL,NULL,NULL),(259,40,'sifaju','司法局',0,'','input','','','',NULL,NULL,NULL,NULL),(260,40,'bianhao','编号',1,'','input','','','',NULL,NULL,NULL,NULL),(261,40,'xingming','姓名',2,'','input','','','',NULL,NULL,NULL,NULL),(262,40,'xingbie','性别',3,'','select','','男,女','',NULL,NULL,NULL,NULL),(263,40,'csrq','出生日期',7,'','input',' onclick=\"WdatePicker()\"','','',NULL,NULL,NULL,NULL),(264,40,'sfzh','身份证号',4,'','input','','','',NULL,NULL,NULL,NULL),(265,40,'zuiming','罪名',5,'','input','','','',NULL,NULL,NULL,NULL),(266,40,'ypxq','原判刑期',6,'','input','','','',NULL,NULL,NULL,NULL),(267,40,'xfzxlb','刑法执行类别',8,'','input','','','',NULL,NULL,NULL,NULL),(268,40,'sqjzkssj','社区矫正开始时间',9,'','input',' onclick=\"WdatePicker()\"','','',NULL,NULL,NULL,NULL),(269,40,'jiguan','籍贯',11,'','input','','','',NULL,NULL,NULL,NULL),(270,40,'jtzz','家庭住址',12,'','input','','','',NULL,NULL,NULL,NULL),(271,40,'gzdw','工作单位',13,'','input','','','',NULL,NULL,NULL,NULL),(272,40,'lxfs','联系方式',14,'','input','','','',NULL,NULL,NULL,NULL),(273,40,'dwsj','定位手机',15,'','input','','','',NULL,NULL,NULL,NULL),(274,40,'sqjzjssj','社区矫正结束时间',10,'','input','','','',NULL,NULL,NULL,NULL),(275,40,'zhaopian','照片',0,'','file','','','',NULL,NULL,NULL,NULL),(276,41,'xingming','服刑人员姓名',0,'','input','','','',NULL,NULL,NULL,NULL),(277,41,'sfzh','身份证号码',8,'','input','','','',NULL,NULL,NULL,NULL),(278,41,'cbdw','承办单位',10,'','input','','','',NULL,NULL,NULL,NULL),(279,41,'jdsj','建档时间',9,'','input','','','',NULL,NULL,NULL,NULL),(280,41,'miji','密级',11,'','select','','普密,秘密,机密','',NULL,NULL,NULL,NULL),(281,41,'jjdj','紧急等级',12,'','select','','员工类型,普通','',NULL,NULL,NULL,NULL),(282,41,'wjys','文件页数',13,'','input','','','',NULL,NULL,NULL,NULL),(283,41,'bgnx','保管年限',14,'','input','','','',NULL,NULL,NULL,NULL),(284,41,'anyou','案由',15,'','input','','','',NULL,NULL,NULL,NULL),(285,41,'wtdw','委托单位',16,'','input','','','',NULL,NULL,NULL,NULL),(286,41,'ljr','立卷人',1,'','input','','','',NULL,NULL,NULL,NULL),(287,41,'jcr','检查人',2,'','input','','','',NULL,NULL,NULL,NULL),(288,41,'sfsp','查看电子档案是否需要审批',3,'','radio','','是,否','',NULL,NULL,NULL,NULL),(289,41,'beizhu','备注',4,'','textarea','','','',NULL,NULL,NULL,NULL),(290,41,'gjsj','挂接时间',5,'','input','','','',NULL,NULL,NULL,NULL),(291,41,'gjys','挂接页数',6,'','input','','','',NULL,NULL,NULL,NULL),(292,41,'gjr','挂接人',7,'','input','','','',NULL,NULL,NULL,NULL),(294,100,'title','文章标题',0,'','input','','','',NULL,NULL,NULL,NULL),(295,100,'content','文章内容',2,'','textarea','class=\"ckeditor\" ','','',NULL,NULL,NULL,NULL),(296,100,'type','文章类型',1,'','input','','','',NULL,NULL,NULL,NULL),(297,4,'other','其他',3,'','input','','','',NULL,NULL,NULL,NULL),(299,107,'select','下拉菜单测试',0,'选项二','select','onclick=\"alert();\" style=\"width:200px;\"','选项一,选项二,选项三','required',NULL,NULL,NULL,NULL),(302,33,'bianhao','产品编号',0,'','input','','','required|integer|min_length[6]|max_length[6]',NULL,NULL,NULL,NULL),(303,108,'qq','qq号',0,'','input','','','',NULL,NULL,NULL,NULL),(304,108,'qun','群',0,'','input','','','',NULL,NULL,NULL,NULL),(305,100,'desc','描述',0,'1','textarea','','ok','',NULL,NULL,NULL,NULL),(306,111,'username','用户名',1,'','input','','','no',NULL,NULL,NULL,NULL),(307,111,'password','密码',0,'','input','','','no',NULL,NULL,NULL,NULL),(308,113,'name','姓名',0,'','input','','','',NULL,NULL,NULL,NULL),(309,114,'title','标题',0,'','input','','','required',NULL,NULL,NULL,NULL),(310,114,'content','内容',0,'','textarea','class=\"ckeditor\"','','required',NULL,NULL,NULL,NULL),(311,114,'pid','pid',0,'','input','','','',NULL,NULL,NULL,NULL),(312,110,'bianhao','订单编号',0,'PHP:$dt=$this->db->query(\"select max(id) id from cooldingdan\")->row_array(); return date(\"Ymd\").(100000+$dt[\'id\']);','input','readonly','','',NULL,NULL,NULL,NULL),(313,110,'kehuid','客户ID',1,'','input','readonly','','required',NULL,NULL,NULL,NULL),(314,110,'kehumc','客户名称',2,'','input','readonly onclick=\"data_picker(\'选择客户\',110,[\'kehuid\',\'kehumc\'],[2,0])\"','','required',NULL,NULL,NULL,NULL),(315,115,'kehumc','客户名称',4,'','input','','','required',NULL,NULL,NULL,NULL),(316,115,'dianhua','联系电话',5,'','input','','','',NULL,NULL,NULL,NULL),(317,116,'bianhao','产品编号',0,'','input','','','required',NULL,NULL,NULL,NULL),(318,116,'mingcheng','产品名称',0,'','input','','','required',NULL,NULL,NULL,NULL),(319,116,'fenlei','产品分类',0,'','select','',',分类一,分类二','',NULL,NULL,NULL,NULL),(320,116,'tupian','产品图片',0,'','file','','','',NULL,NULL,NULL,NULL),(321,110,'mingxi','订单明细',3,'','list','','113','',NULL,NULL,NULL,NULL),(329,119,'tmpstr','模板字符',0,'','textarea','','','',NULL,NULL,NULL,NULL),(322,117,'chanpinid','产品ID',0,'','input','readonly','','required',NULL,NULL,NULL,NULL),(323,117,'chanpinmc','产品名称',1,'','input','readonly onclick=\"data_picker(\'选择产品\',\'111\',[\'chanpinid\',\'chanpinmc\',\'danjia\'],[0,2,5]);\"','','required',NULL,NULL,NULL,NULL),(324,117,'danjia','单价',2,'','input','','','numeric',NULL,NULL,NULL,NULL),(325,117,'shuliang','数量',3,'','input','','','numeric',NULL,NULL,NULL,NULL),(326,117,'jine','金额',4,'','input','','','numeric',NULL,NULL,NULL,NULL),(327,116,'guige','规格',0,'','input','','','',NULL,NULL,NULL,NULL),(328,116,'danjia','销售单价',0,'','input','','','numeric',NULL,NULL,NULL,NULL),(330,119,'tmpstr','模板html',0,'','input','','','',NULL,NULL,NULL,NULL),(331,1,'tmpstr','模板HTML',0,'','textarea','','','',NULL,NULL,NULL,NULL),(332,1,'tmpstr_custom','客户html',0,'','textarea','','','',NULL,NULL,NULL,NULL),(333,119,'qq','QQ',0,'','input','','','',NULL,NULL,NULL,NULL),(334,119,'qq','qq',0,'','input','','','',NULL,NULL,NULL,NULL),(335,119,'id','id',0,'','input','','','',NULL,NULL,NULL,NULL),(336,119,'id','表单id',0,'','input','','','',NULL,NULL,NULL,NULL),(349,115,'bianhao','客户编号',0,'PHP: $dt=$this->db->query(\"select max(id) id from cooldingdan\")->row_array();  return date(\"Ymd\").(100000+$dt[\'id\']);','input','readonly','','required',NULL,NULL,NULL,NULL),(340,118,'a','a',0,'','input','','','',NULL,NULL,NULL,NULL),(341,118,'b','b',0,'','input','','','',NULL,NULL,NULL,NULL),(342,119,'a','a',0,'','input','','','',NULL,NULL,NULL,NULL),(343,119,'b','b',0,'','input','','','',NULL,NULL,NULL,NULL),(344,2,'table_name','数据库表',2,'','input','','','',NULL,NULL,NULL,NULL),(345,2,'limit','每页行数',6,'15','input','','','is_natural',NULL,NULL,NULL,NULL),(346,120,'title','文章标题',0,'','input','','','required',NULL,NULL,NULL,NULL),(347,120,'type','文章分类',0,'','select','',',分类一,分类二,分类三,','',NULL,NULL,NULL,NULL),(348,120,'content','文章内容',0,'','textarea','class=\"ckeditor\" ','','',NULL,NULL,NULL,NULL),(351,115,'shi','市',2,'','select','class=\"city\"','','',NULL,NULL,NULL,NULL),(350,115,'sheng','省',1,'','select','class=\"prov\"','','',NULL,NULL,NULL,NULL),(352,115,'xian','县',3,'','select','class=\"dist\"','','',NULL,NULL,NULL,NULL),(353,121,'a','a',1,'','input','','','',NULL,NULL,NULL,NULL),(354,121,'v','v',0,'','input','','','',NULL,NULL,NULL,NULL),(355,122,'qq','qq',0,'','input','','','',NULL,NULL,NULL,NULL),(356,122,'qun','qun',0,'','input','','','',NULL,NULL,NULL,NULL),(357,122,'cs','cs',0,'','input','','','',NULL,NULL,NULL,NULL),(358,123,'xingming','姓名',0,'','input','','','required',NULL,NULL,NULL,NULL),(359,123,'xingbie','性别',0,'','radio','','男,女','',NULL,NULL,NULL,NULL),(360,123,'bumen','部门',0,'','input','','','',NULL,NULL,NULL,NULL),(361,123,'zhiwu','职务',0,'','input','','','',NULL,NULL,NULL,NULL),(362,123,'dianhua','电话',0,'','input','','','',NULL,NULL,NULL,NULL),(363,123,'shouji','手机',0,'','input','','','',NULL,NULL,NULL,NULL),(364,123,'qq','QQ',0,'','input','','','',NULL,NULL,NULL,NULL),(365,123,'youxiang','邮箱',0,'','input','','','valid_email',NULL,NULL,NULL,NULL),(366,124,'zhanghumc','帐户名称',0,'','input','','','required',NULL,NULL,NULL,NULL),(367,124,'zhanghu','账户号',0,'','input','','','required',NULL,NULL,NULL,NULL),(368,124,'kaihuhang','开户行',0,'','input','','','',NULL,NULL,NULL,NULL),(369,125,'kehujc','客户简称',0,'','input','','','',NULL,NULL,NULL,NULL),(370,125,'ywsx','英文缩写',0,'','input','','','',NULL,NULL,NULL,NULL),(371,125,'kehumc','客户名称',0,'','input','','','required',NULL,NULL,NULL,NULL),(372,125,'kehulx','客户类型',0,'','select','','同行,组团社,酒店,航空公司,机票供应商,地接供应商,保险公司,办公用品供应商,景点,餐厅,车队,旅游商店,娱乐公司,火车票公司,商务公司,直客,美团报名,去哪儿报名','',NULL,NULL,NULL,NULL),(373,125,'szd','所在地',0,'','input','','','',NULL,NULL,NULL,NULL),(374,125,'gsdz','公司地址',0,'','input','','','',NULL,NULL,NULL,NULL),(375,125,'youbian','邮编',0,'','input','','','',NULL,NULL,NULL,NULL),(376,125,'lxdh','联系电话',0,'','input','','','',NULL,NULL,NULL,NULL),(377,125,'gscz','公司传真',0,'','input','','','',NULL,NULL,NULL,NULL),(378,125,'wangzhi','网址',0,'','input','','','',NULL,NULL,NULL,NULL),(379,125,'hzpj','合作评价',0,'','select','','非常好,好, 一般,差,非常差','',NULL,NULL,NULL,NULL),(380,125,'beizhu','备注',0,'','input','','','',NULL,NULL,NULL,NULL),(381,123,'fid','fid',0,'','input','','','',NULL,NULL,NULL,NULL),(382,124,'fid','fid',0,'','input','','','',NULL,NULL,NULL,NULL),(384,125,'lxr','联系人',0,'','list','','122,fid','',NULL,NULL,NULL,NULL),(385,125,'yhk','银行卡信息',0,'','list','','123,fid','',NULL,NULL,NULL,NULL),(386,126,'tjrxm','提交人姓名',0,'PHP:return $session[\'LOGIN_USER_NAME\'];','input','','','',NULL,NULL,NULL,NULL),(387,126,'tjrbm',' 提交人部门',0,'','input','','','',NULL,NULL,NULL,NULL),(388,126,'hth','合同号',0,'','input','','','',NULL,NULL,NULL,NULL),(389,126,'gys','供应商',0,'','input','readonly onclick=\"data_picker(\'选择供应商\',\'144\',[\'gysid\',\'gys\'],[0,1]);\"','','',NULL,NULL,NULL,NULL),(390,126,'gysdh','供应商电话',0,'','input','','','',NULL,NULL,NULL,NULL),(391,126,'gyslxr','供应商联系人',0,'','input','','','',NULL,NULL,NULL,NULL),(392,126,'gyscz','供应商传真',0,'','input','','','',NULL,NULL,NULL,NULL),(393,126,'xianlu','参团线路',0,'','input','','','',NULL,NULL,NULL,NULL),(394,126,'ctrq','参团日期',0,'','input','','','',NULL,NULL,NULL,NULL),(395,126,'htrq','回团日期',0,'','input','','','',NULL,NULL,NULL,NULL),(404,127,'ljr','立卷人',1,'PHP: return $_SESSION[\'LOGIN_USER_ID\'];','input','readonly','','',NULL,NULL,NULL,NULL),(402,127,'xingming','姓名',0,'','input','','','',NULL,NULL,NULL,NULL),(403,127,'tp','类型',0,'PHP:return $_GET[tp];','input','readonly','','',NULL,NULL,NULL,NULL),(405,127,'jcr','检查人',2,'','input','','','',NULL,NULL,NULL,NULL),(406,127,'sfsp','查看电子档案是否需要审批',3,'','radio','','是,否','',NULL,NULL,NULL,NULL),(407,127,'beizhu','备注',4,'','textarea','','','',NULL,NULL,NULL,NULL),(408,127,'gjsj','挂接时间',5,'PHP: return date(\"Y-m-d\");','input','readonly','','',NULL,NULL,NULL,NULL),(409,127,'gjys','挂接页数',6,'','input','','','',NULL,NULL,NULL,NULL),(410,127,'gjr','挂接人',7,'','input','readonly','','',NULL,NULL,NULL,NULL),(411,127,'sfzh','身份证号码',8,'','input','','','',NULL,NULL,NULL,NULL),(412,127,'jdsj','建档时间',9,'','input','','','',NULL,NULL,NULL,NULL),(413,127,'cbdw','承办单位',10,'','input','','','',NULL,NULL,NULL,NULL),(414,127,'miji','密级',11,'','select','','普密,秘密,机密','',NULL,NULL,NULL,NULL),(415,127,'jjdj','紧急等级',12,'','select','','员工类型,普通','',NULL,NULL,NULL,NULL),(416,127,'wjys','文件页数',13,'','input','','','',NULL,NULL,NULL,NULL),(417,127,'bgnx','保管年限',14,'15','input','','','',NULL,NULL,NULL,NULL),(418,127,'anyou','案由',15,'','input','','','',NULL,NULL,NULL,NULL),(419,127,'wtdw','委托单位',16,'','input','','','',NULL,NULL,NULL,NULL),(420,128,'sifasuo','司法所',0,'','select','',',苍南司法局,龙港分局,灵溪司法所,金乡司法所,钱库司法所,宜山司法所,藻溪司法所,桥墩司法所,马站司法所,矾山司法所,赤溪司法所','',NULL,'1','1428652515',NULL),(421,128,'zhaopian','照片',0,'','file','','','',NULL,NULL,NULL,NULL),(422,128,'bianhao','编号',1,'','input','','','',NULL,NULL,NULL,NULL),(423,128,'xingming','姓名',2,'','input','','','required',NULL,NULL,NULL,NULL),(424,128,'xingbie','性别',3,'','select','','男,女','',NULL,NULL,NULL,NULL),(425,128,'sfzh','身份证号码',4,'','input','','','required',NULL,NULL,NULL,NULL),(426,128,'zuiming','罪名',5,'','input','','','',NULL,NULL,NULL,NULL),(427,128,'ypxq','原判刑期',6,'','input','','','',NULL,NULL,NULL,NULL),(428,128,'csrq','出生日期',7,'','input',' onclick=\"WdatePicker()\"','','',NULL,NULL,NULL,NULL),(429,128,'xfzxlb','刑法执行类别',8,'','input','','','',NULL,NULL,NULL,NULL),(430,128,'sqjzkssj','社区矫正开始时间',9,'','input',' onclick=\"WdatePicker()\"','','',NULL,NULL,NULL,NULL),(431,128,'sqjzjssj','社区矫正结束时间',10,'','input',' onclick=\"WdatePicker()\"','','',NULL,'1','1428652658',NULL),(432,128,'jiguan','籍贯',11,'','input','','','',NULL,NULL,NULL,NULL),(433,128,'jtzz','家庭住址',12,'','input','','','',NULL,NULL,NULL,NULL),(434,128,'gzdw','工作单位',13,'','input','','','',NULL,NULL,NULL,NULL),(435,128,'lxfs','联系方式',14,'','input','','','',NULL,NULL,NULL,NULL),(436,128,'dwsj','定位手机',15,'','input','','','',NULL,NULL,NULL,NULL),(437,129,'xingming','姓名',0,'','input','','','required',NULL,NULL,NULL,NULL),(438,129,'sfzh','相关证件号',0,'','input','','','required',NULL,NULL,NULL,NULL),(439,129,'dcsfs','调查司法所',0,'','input','','','',NULL,NULL,NULL,NULL),(440,129,'dcsj','调查时间',0,'','input','','','',NULL,NULL,NULL,NULL),(441,129,'wtdw','委托单位',0,'','input','','','',NULL,NULL,NULL,NULL),(442,129,'wtsj','委托时间',0,'','input','','','',NULL,NULL,NULL,NULL),(443,129,'ajh','案卷号',0,'33','input','','','',NULL,NULL,NULL,NULL),(444,129,'azh','案宗号',0,'30','input','','','',NULL,NULL,NULL,NULL),(445,127,'ajh','案卷号',0,'PHP:$dt=$this->db->query(\"select * from z_tree where t3=\'$_GET[tp]\'\")->row_array();  return $dt[\'ajh\'];','input','readonly','','',NULL,NULL,NULL,NULL),(446,127,'azh','案宗号',0,'PHP:$dt=$this->db->query(\"select * from z_tree where t3=\'$_GET[tp]\'\")->row_array();  return $dt[\'azh\'];','input','readonly','','',NULL,NULL,NULL,NULL),(447,127,'wjh','文件号',0,'','input','','','',NULL,NULL,NULL,NULL),(448,127,'fujian','档案附件',0,'','file','','','',NULL,NULL,NULL,NULL),(449,127,'fujian','档案附件',0,'','file','','','',NULL,NULL,NULL,NULL),(450,125,'tp','类型',0,'PHP:return $_GET[\'tp\'];','input','','','',NULL,NULL,NULL,NULL),(451,130,'bianhao','线路编号',0,'','input','','','required',NULL,NULL,NULL,NULL),(452,130,'mingcheng','线路名称',0,'','input','','','required',NULL,NULL,NULL,NULL),(453,130,'gysid','线路提供商ID',0,'','input','','','',NULL,NULL,NULL,NULL),(454,130,'gys','线路提供商',0,'','input','readonly onclick=\"data_picker(\'选择供应商\',\'144\',[\'gysid\',\'gys\'],[0,1]);\"','','',NULL,NULL,NULL,NULL),(455,130,'quyu','线路区域',0,'','select','',',国内线,出境线,省内线,港澳线,台湾线,签证,酒店,门票','',NULL,NULL,NULL,NULL),(456,130,'tese','特色说明',0,'','textarea','','','',NULL,NULL,NULL,NULL),(457,126,'bmfs','报名方式',0,'','select','','渠道/企业/团体,直客报名,美团,去哪儿','',NULL,NULL,NULL,NULL),(458,126,'lxr','联系人',0,'','input','','','',NULL,NULL,NULL,NULL),(459,126,'lxsj','联系手机',0,'','input','','','',NULL,NULL,NULL,NULL),(460,126,'ysje','应收金额',0,'','input','','','numeric',NULL,NULL,NULL,NULL),(461,126,'yfje','应付金额',0,'','input','','','numeric',NULL,NULL,NULL,NULL),(462,126,'yszrs','应收总人数',0,'','input','style=\"width:20px;\"','','numeric',NULL,NULL,NULL,NULL),(463,126,'yfzrs','应付总人数',0,'','input','style=\"width:20px;\"','','numeric',NULL,NULL,NULL,NULL),(464,126,'yscr','应收成人',0,'','input','style=\"width:20px;\"','','numeric',NULL,NULL,NULL,NULL),(465,126,'yfcr','应付成人',0,'','input','style=\"width:20px;\"','','',NULL,NULL,NULL,NULL),(466,126,'yset','应收儿童',0,'','input','style=\"width:20px;\"','','numeric',NULL,NULL,NULL,NULL),(467,126,'yfet','应付儿童',0,'','input','style=\"width:20px;\"','','numeric',NULL,NULL,NULL,NULL),(468,126,'yspt','应收陪同',0,'','input','style=\"width:20px;\"','','numeric',NULL,NULL,NULL,NULL),(469,126,'yfpt','应付陪同',0,'','input','style=\"width:20px;\"','','numeric',NULL,NULL,NULL,NULL),(470,126,'btsm','本团说明',0,'','textarea','style=\"width:99%; height:50px;\"','','',NULL,NULL,NULL,NULL),(471,126,'jlyj','经理意见',0,'','textarea','style=\"width:99%; height:50px;\"','','',NULL,NULL,NULL,NULL),(472,131,'riqi','收款日期',0,'','input','','','',NULL,NULL,NULL,NULL),(473,131,'fyx','费用项',0,'','select','','','',NULL,NULL,NULL,NULL),(474,131,'ywlx','业务类型',0,'','select','','','',NULL,NULL,NULL,NULL),(475,131,'zje','总金额',0,'','input','','','',NULL,NULL,NULL,NULL),(476,131,'zt','状态',0,'','input','','','',NULL,NULL,NULL,NULL),(477,132,'riqi','付款日期',0,'','input','','','',NULL,NULL,NULL,NULL),(478,132,'fyx','费用项',0,'','select','','','',NULL,NULL,NULL,NULL),(479,132,'ywdw','业务单位',0,'','input','','','',NULL,NULL,NULL,NULL),(480,132,'zje','总金额',0,'','input','','','',NULL,NULL,NULL,NULL),(481,132,'zt','状态',0,'','input','','','',NULL,NULL,NULL,NULL),(482,126,'ykjkd','游客交款单',0,'','list','','146,fid','',NULL,NULL,NULL,NULL),(483,126,'fkjld','付款记录单',0,'','list','','147,fid','',NULL,NULL,NULL,NULL),(484,131,'fid','fid',0,'','input','','','',NULL,NULL,NULL,NULL),(485,132,'fid','fid',0,'','input','','','',NULL,NULL,NULL,NULL),(486,133,'xingming','姓名',0,'','input','','','',NULL,NULL,NULL,NULL),(487,133,'xingbie','性别',0,'','input','','','',NULL,NULL,NULL,NULL),(488,133,'csny','出生年月',0,'','input','','','',NULL,NULL,NULL,NULL),(489,133,'sfzh','身份证号',0,'','input','','','',NULL,NULL,NULL,NULL),(490,133,'xiangzhen','乡镇',0,'','input','','','',NULL,NULL,NULL,NULL),(491,133,'jtzz','家庭住址',0,'','input','','','',NULL,NULL,NULL,NULL),(492,133,'zuiming','罪名',0,'','input','','','',NULL,NULL,NULL,NULL),(493,133,'pxsj','判刑时间',0,'','input','','','',NULL,NULL,NULL,NULL),(494,133,'xingzhong','刑种',0,'','input','','','',NULL,NULL,NULL,NULL),(495,133,'xingqi','刑期',0,'','input','','','',NULL,NULL,NULL,NULL),(496,133,'zxdd','执行地点',0,'','input','','','',NULL,NULL,NULL,NULL),(497,133,'zybx','在狱表现',0,'','input','','','',NULL,NULL,NULL,NULL),(498,133,'jianxing','减刑',0,'','input','','','',NULL,NULL,NULL,NULL),(499,133,'sfsj','释放时间',0,'','input','','','',NULL,NULL,NULL,NULL),(500,133,'zwjs','掌握技术',0,'','input','','','',NULL,NULL,NULL,NULL),(501,133,'jianyi','建议',0,'','input','','','',NULL,NULL,NULL,NULL),(502,133,'djrq','登记日期',0,'','input','','','',NULL,NULL,NULL,NULL),(503,133,'fkxzrq','反馈乡镇日期',0,'','input','','','',NULL,NULL,NULL,NULL),(504,133,'sfjzdx','是否矫正对象',0,'','input','','','',NULL,NULL,NULL,NULL),(505,133,'bjry','帮教人员',0,'','input','','','',NULL,NULL,NULL,NULL),(506,133,'sjh','手机号',0,'','input','','','',NULL,NULL,NULL,NULL),(507,133,'jzkssj','矫正开始时间',0,'','input','','','',NULL,NULL,NULL,NULL),(508,133,'jzjssj','矫正结束时间',0,'','input','','','',NULL,NULL,NULL,NULL),(509,127,'pid','pid',0,'PHP:return $_GET[pid];','input','','','',NULL,NULL,NULL,NULL),(510,127,'ml','目录对应',0,'','input','','','',NULL,NULL,NULL,NULL),(511,134,'khzbjmc','考核指标集名称',0,'','input','','','','1',NULL,NULL,'1429672453'),(512,134,'fanwei','范围（角色）',0,'','input','','','','1',NULL,NULL,'1429672489'),(513,134,'miaoshu','考核指标集描述',0,'','textarea','','','','1',NULL,NULL,'1429672509'),(514,134,'txxs','考核指标集明细填写形式',0,'','radio','','直接填写,选择','','1','1','1429672564','1429672545'),(515,134,'yjmk','设定考核依据模块',0,'','checkbox','','个人工作日志,个人工作安排','','1','1','1429672629','1429672592'),(516,135,'rwbt','考核任务标题',0,'','input','','','','1',NULL,NULL,'1429672712'),(517,135,'khr','考核人',0,'','textarea','','','','1',NULL,NULL,'1429672732'),(518,135,'bkhr','被考核人',0,'','textarea','','','','1',NULL,NULL,'1429672744'),(519,135,'azglfw','按照管理范围',0,'','checkbox','','按照管理范围','','1',NULL,NULL,'1429672775'),(520,135,'khzbj','考核指标集',0,'','select','','1,2','','1',NULL,NULL,'1429672803'),(521,135,'niming','匿名',0,'','checkbox','','允许匿名','','1',NULL,NULL,'1429672831'),(522,135,'sxrq','生效日期',0,'','input','','','','1',NULL,NULL,'1429672861'),(523,135,'zzrq','终止日期',0,'','input','','','','1',NULL,NULL,'1429672872'),(524,135,'tixing','提醒',0,'','checkbox','','使用内部短信提醒','','1',NULL,NULL,'1429672901'),(525,135,'miaoshu','描述',0,'','textarea','','','','1',NULL,NULL,'1429672916');

--
-- Table structure for table `cool_fields`
--

CREATE TABLE `cool_fields` (
  `id` int(11) NOT NULL AUTO_INCREMENT,
  `iid` int(8) DEFAULT NULL,
  `uid` int(8) DEFAULT NULL,
  `addtime` int(11) NOT NULL,
  `edittime` int(11) NOT NULL,
  `vid` text NOT NULL,
  `field` text NOT NULL,
  `title` text NOT NULL,
  `order` text NOT NULL,
  `other` text NOT NULL,
  PRIMARY KEY (`id`)
) ENGINE=MyISAM AUTO_INCREMENT=273 DEFAULT CHARSET=utf8;

--
-- Dumping data for table `cool_fields`
--

INSERT INTO `cool_fields` VALUES (1,NULL,NULL,0,0,'1','table_name','数据库表名称','1',''),(2,NULL,NULL,0,0,'1','table_title','表单名称','0',''),(5,NULL,NULL,0,0,'2','view_title','视图名称','0',''),(8,NULL,NULL,0,0,'3','name','字段名称','1',''),(9,NULL,NULL,0,0,'3','title','字段描述','0',''),(11,NULL,NULL,0,0,'4','field','字段','1',''),(12,NULL,NULL,0,0,'4','title','描述','0',''),(13,NULL,NULL,0,0,'5','field','字段','1',''),(14,NULL,NULL,0,0,'5','title','描述','0',''),(17,NULL,NULL,0,0,'14','wer','','',''),(19,NULL,NULL,0,0,'17','yyy','yyy','',''),(58,NULL,NULL,0,0,'16','remark','备注','',''),(59,NULL,NULL,0,0,'16','fields','字段','',''),(60,NULL,NULL,0,0,'16','fid','表单ID','',''),(61,NULL,NULL,0,0,'16','view_title','视图名称','',''),(62,NULL,NULL,0,0,'16','limit','每页行数','',''),(63,NULL,NULL,0,0,'16','fields','列表显示字段','',''),(70,NULL,NULL,0,0,'20','xingming','姓名','3',''),(71,NULL,NULL,0,0,'20','sfzh','相关证件号','4',''),(72,NULL,NULL,0,0,'20','dcsfs','调查司法所','5',''),(73,NULL,NULL,0,0,'20','dcsj','调查时间','6',''),(74,NULL,NULL,0,0,'20','wtdw','委托单位','7',''),(75,NULL,NULL,0,0,'20','wtsj','委托时间','8',''),(76,NULL,NULL,0,0,'21','name','姓名','99',''),(77,NULL,NULL,0,0,'21','sex','性别','99',''),(78,NULL,NULL,0,0,'21','nl','年龄','99',''),(79,NULL,NULL,0,0,'22','xingming','姓名','99',''),(80,NULL,NULL,0,0,'22','sfzh','身份证号','99',''),(81,NULL,NULL,0,0,'22','lxfs','联系方式','99',''),(82,NULL,NULL,0,0,'22','zuiming','罪名','99',''),(83,NULL,NULL,0,0,'22','sifaju','司法局','99',''),(84,NULL,NULL,0,0,'22','sqjzkssj','建档时间','99',''),(86,NULL,NULL,0,0,'22','sqjzjssj','期满时间','99',''),(87,NULL,NULL,0,0,'23','xingming','服刑人员姓名','3',''),(88,NULL,NULL,0,0,'23','sfzh','身份证号码','4',''),(89,NULL,NULL,0,0,'23','bgnx','保管年限','5',''),(90,NULL,NULL,0,0,'23','ajh','案卷号','0',''),(91,NULL,NULL,0,0,'23','azh','案宗号','1',''),(92,NULL,NULL,0,0,'23','wjh','文件号','2',''),(93,NULL,NULL,0,0,'100','title','文章标题','99',''),(94,NULL,NULL,0,0,'100','type','文章类型','99',''),(95,NULL,NULL,0,0,'20','ajh','案卷号','0',''),(96,NULL,NULL,0,0,'20','azh','案宗号','1',''),(97,NULL,NULL,0,0,'20','id','文件号','2',''),(98,NULL,NULL,0,0,'23','addtime','建档时间','6',''),(99,NULL,NULL,0,0,'19','leixing','产品类型','1',''),(100,NULL,NULL,0,0,'19','guige','规格','2',''),(101,NULL,NULL,0,0,'19','danjia','单价','3',''),(102,NULL,NULL,0,0,'19','pname','产品名称','0',''),(103,NULL,NULL,0,0,'102','qq','qq号','99',''),(104,NULL,NULL,0,0,'102','qun','群','99',''),(105,NULL,NULL,0,0,'103','select','下拉菜单测试','99',''),(106,NULL,NULL,0,0,'103','select','下拉菜单测试','99',''),(107,NULL,NULL,0,0,'103','select','下拉菜单测试','99',''),(108,NULL,NULL,0,0,'103','select','下拉菜单测试','99',''),(109,NULL,NULL,0,0,'103','select','下拉菜单测试','99',''),(110,NULL,NULL,0,0,'103','select','下拉菜单测试','99',''),(111,NULL,NULL,0,0,'104','vid','vid','99',''),(112,NULL,NULL,0,0,'104','title','描述','99',''),(113,NULL,NULL,0,0,'105','name','名称','',''),(114,NULL,NULL,0,0,'106','username','用户名','0',''),(115,NULL,NULL,0,0,'106','password','密码','1',''),(116,NULL,NULL,0,0,'106','ID','序号','2',''),(117,NULL,NULL,0,0,'107','bianhao','产品编号','99',''),(118,NULL,NULL,0,0,'107','pname','产品名称','99',''),(119,NULL,NULL,0,0,'107','leixing','产品类型','99',''),(120,NULL,NULL,0,0,'107','guige','规格','99',''),(121,NULL,NULL,0,0,'107','danjia','单价','99',''),(125,NULL,NULL,0,0,'109','bianhao','订单编号','99',''),(126,NULL,NULL,0,0,'110','kehumc','客户名称','0',''),(127,NULL,NULL,0,0,'110','dianhua','联系电话','1',''),(128,NULL,NULL,0,0,'111','bianhao','产品编号','1',''),(129,NULL,NULL,0,0,'111','mingcheng','产品名称','2',''),(130,NULL,NULL,0,0,'111','fenlei','产品分类','3',''),(131,NULL,NULL,0,0,'112','bianhao','产品编号','2',''),(132,NULL,NULL,0,0,'112','mingcheng','产品名称','1',''),(133,NULL,NULL,0,0,'112','fenlei','产品分类','3',''),(134,NULL,NULL,0,0,'111','guige','规格','4',''),(135,NULL,NULL,0,0,'111','danjia','销售单价','5',''),(136,NULL,NULL,0,0,'112','guige','规格','5',''),(137,NULL,NULL,0,0,'112','danjia','销售单价','4',''),(138,NULL,NULL,0,0,'113','chanpinid','产品ID','99',''),(139,NULL,NULL,0,0,'113','chanpinmc','产品名称','99',''),(140,NULL,NULL,0,0,'113','danjia','单价','99',''),(141,NULL,NULL,0,0,'113','shuliang','数量','99',''),(142,NULL,NULL,0,0,'113','jine','金额','99',''),(143,NULL,NULL,0,0,'114','kehumc','客户名称','1',''),(144,NULL,NULL,0,0,'114','dianhua','联系电话','2',''),(145,NULL,NULL,0,0,'114','id','客户ID','0',''),(146,NULL,NULL,0,0,'109','kehumc','客户名称','99',''),(147,NULL,NULL,0,0,'109','kehuid','客户ID','99',''),(148,NULL,NULL,0,0,'112','id','产品ID','0',''),(150,NULL,NULL,0,0,'109','id','表单ID','',''),(151,NULL,NULL,0,0,'109','id','id','',''),(154,NULL,NULL,0,0,'110','id','客户ID','2',''),(155,NULL,NULL,0,0,'111','id','产品ID','0',''),(156,NULL,NULL,0,0,'115','id','表单ID','',''),(157,NULL,NULL,0,0,'115','table_title','表单名称','',''),(158,NULL,NULL,0,0,'115','table_name','数据库表名称','',''),(159,NULL,NULL,0,0,'116','bianhao','订单编号','99',''),(160,NULL,NULL,0,0,'116','kehuid','客户ID','99',''),(161,NULL,NULL,0,0,'116','kehumc','客户名称','99',''),(162,NULL,NULL,0,0,'116','mingxi','订单明细','99',''),(163,NULL,NULL,0,0,'116','bianhao','产品编号','99',''),(164,NULL,NULL,0,0,'116','bianhao','产品编号','99',''),(165,NULL,NULL,0,0,'116','mingcheng','产品名称','99',''),(166,NULL,NULL,0,0,'116','kehumc','客户名称','99',''),(167,NULL,NULL,0,0,'116','kehumc','客户名称','99',''),(168,NULL,NULL,0,0,'116','bianhao','订单编号','99',''),(169,NULL,NULL,0,0,'116','bianhao','订单编号','99',''),(170,NULL,NULL,0,0,'116','bianhao','客户编号','99',''),(171,NULL,NULL,0,0,'116','bianhao','订单编号','99',''),(172,NULL,NULL,0,0,'116','kehuid','客户ID','99',''),(174,NULL,NULL,0,0,'1','id','表单ID','2',''),(175,NULL,NULL,0,0,'117','kehumc','客户名称','99',''),(176,NULL,NULL,0,0,'117','bianhao','客户编号','99',''),(177,NULL,NULL,0,0,'118','mingcheng','产品名称','0',''),(178,NULL,NULL,0,0,'118','guige','规格','1',''),(179,NULL,NULL,0,0,'118','shuliang','库存','2',''),(180,NULL,NULL,0,0,'119','id','客户编号','',''),(181,NULL,NULL,0,0,'119','kehumc','客户名称','1',''),(182,NULL,NULL,0,0,'119','kehumc','客户名称','2',''),(183,NULL,NULL,0,0,'119','dianhua','电话','3',''),(184,NULL,NULL,0,0,'119','shuliang','销量合计','4',''),(185,NULL,NULL,0,0,'120','a','a','99',''),(186,NULL,NULL,0,0,'120','v','v','99',''),(187,NULL,NULL,0,0,'121','qq','qq','99',''),(188,NULL,NULL,0,0,'121','qun','qun','99',''),(189,NULL,NULL,0,0,'121','cs','cs','99',''),(190,NULL,NULL,0,0,'122','xingming','姓名','99',''),(191,NULL,NULL,0,0,'122','xingbie','性别','99',''),(192,NULL,NULL,0,0,'122','bumen','部门','99',''),(193,NULL,NULL,0,0,'122','zhiwu','职务','99',''),(194,NULL,NULL,0,0,'122','dianhua','电话','99',''),(195,NULL,NULL,0,0,'122','shouji','手机','99',''),(196,NULL,NULL,0,0,'122','qq','QQ','99',''),(197,NULL,NULL,0,0,'122','youxiang','邮箱','99',''),(198,NULL,NULL,0,0,'123','zhanghumc','帐户名称','99',''),(199,NULL,NULL,0,0,'123','zhanghu','账户号','99',''),(200,NULL,NULL,0,0,'123','kaihuhang','开户行','99',''),(201,NULL,NULL,0,0,'124','kehumc','客户名称','1',''),(202,NULL,NULL,0,0,'124','kehujc','客户简称','2',''),(203,NULL,NULL,0,0,'124','ywsx','英文缩写','3',''),(204,NULL,NULL,0,0,'124','kehulx','客户类型','4',''),(205,NULL,NULL,0,0,'124','szd','所在地','5',''),(206,NULL,NULL,0,0,'124','hzpj','合作评价','6',''),(207,NULL,NULL,0,0,'125','tjrxm','提交人姓名','99',''),(208,NULL,NULL,0,0,'125','tjrbm',' 提交人部门','99',''),(209,NULL,NULL,0,0,'125','hth','合同号','99',''),(210,NULL,NULL,0,0,'125','gys','供应商','99',''),(211,NULL,NULL,0,0,'125','ctrq','参团日期','99',''),(212,NULL,NULL,0,0,'125','htrq','回团日期','99',''),(213,NULL,NULL,0,0,'129','ajh','案卷号','0',''),(214,NULL,NULL,0,0,'129','azh','案宗号','1',''),(215,NULL,NULL,0,0,'129','wjh','文件号','2',''),(216,NULL,NULL,0,0,'129','xingming','姓名','3',''),(217,NULL,NULL,0,0,'129','sfzh','身份证号码','4',''),(218,NULL,NULL,0,0,'129','bgnx','保管年限','5',''),(219,NULL,NULL,0,0,'129','addtime','建档时间','6',''),(220,NULL,NULL,0,0,'130','xingming','姓名','99',''),(221,NULL,NULL,0,0,'130','sfzh','身份证号','99',''),(222,NULL,NULL,0,0,'130','lxfs','联系方式','99',''),(223,NULL,NULL,0,0,'130','zuiming','罪名','99',''),(224,NULL,NULL,0,0,'130','sifasuo','司法所','99',''),(225,NULL,NULL,0,0,'130','sqjzkssj','建档时间','99',''),(226,NULL,NULL,0,0,'130','sqjzjssj','期满时间','99',''),(227,NULL,NULL,0,0,'131','ajh','案卷号','0',''),(228,NULL,NULL,0,0,'131','azh','案宗号','1',''),(229,NULL,NULL,0,0,'131','id','文件号','2',''),(230,NULL,NULL,0,0,'131','xingming','姓名','3',''),(231,NULL,NULL,0,0,'131','sfzh','相关证件号','4',''),(232,NULL,NULL,0,0,'131','dcsfs','调查司法所','5',''),(233,NULL,NULL,0,0,'131','dcsj','调查时间','6',''),(234,NULL,NULL,0,0,'131','wtdw','委托单位','7',''),(235,NULL,NULL,0,0,'131','wtsj','委托时间','8',''),(236,NULL,NULL,0,0,'144','kehumc','客户名称','1',''),(237,NULL,NULL,0,0,'144','kehujc','客户简称','2',''),(238,NULL,NULL,0,0,'144','ywsx','英文缩写','3',''),(239,NULL,NULL,0,0,'144','kehulx','客户类型','4',''),(240,NULL,NULL,0,0,'144','szd','所在地','5',''),(241,NULL,NULL,0,0,'144','hzpj','合作评价','6',''),(242,NULL,NULL,0,0,'145','bianhao','线路编号','99',''),(243,NULL,NULL,0,0,'145','mingcheng','线路名称','99',''),(244,NULL,NULL,0,0,'145','gys','线路提供商','99',''),(245,NULL,NULL,0,0,'145','quyu','线路区域','99',''),(246,NULL,NULL,0,0,'144','id','ID','0',''),(247,NULL,NULL,0,0,'124','id','ID','0',''),(248,NULL,NULL,0,0,'146','riqi','收款日期','99',''),(249,NULL,NULL,0,0,'146','fyx','费用项','99',''),(250,NULL,NULL,0,0,'146','ywlx','业务类型','99',''),(251,NULL,NULL,0,0,'146','zje','总金额','99',''),(252,NULL,NULL,0,0,'146','zt','状态','99',''),(253,NULL,NULL,0,0,'147','riqi','付款日期','99',''),(254,NULL,NULL,0,0,'147','fyx','费用项','99',''),(255,NULL,NULL,0,0,'147','ywdw','业务单位','99',''),(256,NULL,NULL,0,0,'147','zje','总金额','99',''),(257,NULL,NULL,0,0,'147','zt','状态','99',''),(258,NULL,NULL,0,0,'148','xingming','姓名','99',''),(259,NULL,NULL,0,0,'148','csny','出生年月','99',''),(260,NULL,NULL,0,0,'148','zuiming','罪名','99',''),(261,NULL,NULL,0,0,'148','pxsj','判刑时间','99',''),(262,NULL,NULL,0,0,'148','xingzhong','刑种','99',''),(263,NULL,NULL,0,0,'148','xingqi','刑期','99',''),(264,1,NULL,1429673020,0,'149','rwbt','考核任务标题','99',''),(265,1,NULL,1429673021,0,'149','khr','考核人','99',''),(266,1,NULL,1429673021,0,'149','bkhr','被考核人','99',''),(267,1,NULL,1429673028,0,'149','khzbj','考核指标集','99',''),(268,1,NULL,1429673028,0,'149','niming','匿名','99',''),(269,1,NULL,1429673030,0,'149','sxrq','生效日期','99',''),(270,1,NULL,1429673031,0,'149','zzrq','终止日期','99',''),(271,1,NULL,1429673140,0,'150','khzbjmc','考核指标集名称','99',''),(272,1,NULL,1429673144,0,'150','miaoshu','考核指标集描述','99','');

--
-- Table structure for table `cool_form`
--

CREATE TABLE `cool_form` (
  `id` int(11) NOT NULL AUTO_INCREMENT,
  `table_name` varchar(200) DEFAULT NULL,
  `table_title` varchar(200) DEFAULT NULL,
  `remark` text,
  `fields` text NOT NULL,
  `template` text NOT NULL,
  `lock` int(11) NOT NULL,
  `order` varchar(11) NOT NULL,
  `tmpstr` text NOT NULL,
  `tmpstr_custom` text NOT NULL,
  `uid` varchar(200) DEFAULT NULL,
  `iid` varchar(200) DEFAULT NULL,
  `addtime` varchar(200) DEFAULT NULL,
  `edittime` varchar(200) DEFAULT NULL,
  PRIMARY KEY (`id`)
) ENGINE=MyISAM AUTO_INCREMENT=136 DEFAULT CHARSET=utf8;

--
-- Dumping data for table `cool_form`
--

INSERT INTO `cool_form` VALUES (2,'cool_view','视图设计表','','184,199,183,344,239,240,345,187,218,186,219,188,241,','default',1,'','<table class=\"table\">\r\n		\r\n	\r\n\r\n		<tr>\r\n			<td>列表名称</td>\r\n			<td>#[列表名称]</td>\r\n		</tr>\r\n		\r\n		<tr>\r\n			<td>SQL</td>\r\n			<td>#[SQL]</td>\r\n		</tr>\r\n		\r\n		<tr>\r\n			<td>表单ID</td>\r\n			<td>#[表单ID]</td>\r\n		</tr>\r\n		\r\n		<tr>\r\n			<td>数据库表</td>\r\n			<td>#[数据库表]</td>\r\n		</tr>\r\n		\r\n		<tr>\r\n			<td>表单名称</td>\r\n			<td>#[表单名称]</td>\r\n		</tr>\r\n		\r\n		<tr>\r\n			<td>视图类型</td>\r\n			<td>#[视图类型]</td>\r\n		</tr>\r\n		\r\n		<tr>\r\n			<td>每页显示行数</td>\r\n			<td>#[每页显示行数]</td>\r\n		</tr>\r\n		\r\n		<tr>\r\n			<td>列表显示字段</td>\r\n			<td>#[列表显示字段]</td>\r\n		</tr>\r\n		\r\n		<tr>\r\n			<td>搜索条件</td>\r\n			<td>#[搜索条件]</td>\r\n		</tr>\r\n		\r\n		<tr>\r\n			<td>备注</td>\r\n			<td>#[备注]</td>\r\n		</tr>\r\n		\r\n		<tr>\r\n			<td>格式化一行</td>\r\n			<td>#[格式化一行]</td>\r\n		</tr>\r\n		\r\n		<tr>\r\n			<td>操作按钮</td>\r\n			<td>#[操作按钮]</td>\r\n		</tr>\r\n		\r\n		<tr>\r\n			<td>模板</td>\r\n			<td>#[模板]</td>\r\n		</tr>\r\n			\r\n		\r\n</table>','',NULL,NULL,NULL,NULL),(3,'cool_field','表单字段表','','197,189,190,191,192,193,194,195,196,','default',1,'','','',NULL,NULL,NULL,NULL),(1,'cool_form','表单设计表','','180,331,332,181,182,198,254,','default',1,'','','',NULL,NULL,NULL,NULL),(4,'cool_fields','列表字段设置','','215,216,217,221,297,','default',1,'','','',NULL,NULL,NULL,NULL),(5,'cool_search','搜索条件','','210,211,212,213,214,242,243,','default',1,'','','',NULL,NULL,NULL,NULL),(114,'coolask','问题讨论','','309,310,311,','default',1,'0','','',NULL,NULL,NULL,NULL),(110,'cooldingdan','订单','','312,313,314,321,','default',1,'5','<table class=\"table\">\r\n		\r\n	\r\n\r\n		<tr>\r\n			<td>订单编号</td>\r\n			<td>#[订单编号]</td>\r\n		</tr>\r\n		\r\n		<tr>\r\n			<td>客户ID</td>\r\n			<td>#[客户ID]</td>\r\n		</tr>\r\n		\r\n		<tr>\r\n			<td>客户名称</td>\r\n			<td>#[客户名称]</td>\r\n		</tr>\r\n		\r\n		<tr>\r\n			<td>订单明细</td>\r\n			<td>#[订单明细]</td>\r\n		</tr>\r\n			\r\n		\r\n</table>','',NULL,NULL,NULL,NULL),(115,'coolkehu','客户基本信息','','349,350,351,352,315,316,','default',1,'0','<table class=\"table\">\r\n		\r\n	\r\n\r\n		<tr>\r\n			<td>客户编号</td>\r\n			<td>#[客户编号]</td>\r\n		</tr>\r\n		\r\n		<tr>\r\n			<td>省</td>\r\n			<td>#[省]</td>\r\n		</tr>\r\n		\r\n		<tr>\r\n			<td>市</td>\r\n			<td>#[市]</td>\r\n		</tr>\r\n		\r\n		<tr>\r\n			<td>县</td>\r\n			<td>#[县]</td>\r\n		</tr>\r\n		\r\n		<tr>\r\n			<td>客户名称</td>\r\n			<td>#[客户名称]</td>\r\n		</tr>\r\n		\r\n		<tr>\r\n			<td>联系电话</td>\r\n			<td>#[联系电话]</td>\r\n		</tr>\r\n			\r\n		\r\n</table>','',NULL,NULL,NULL,NULL),(116,'coolchanpin','产品信息','','317,318,319,320,327,328,','default',1,'1','<table class=\"table\">\r\n		\r\n	\r\n\r\n		<tr>\r\n			<td>产品编号</td>\r\n			<td>#[产品编号]</td>\r\n		</tr>\r\n		\r\n		<tr>\r\n			<td>产品名称</td>\r\n			<td>#[产品名称]</td>\r\n		</tr>\r\n		\r\n		<tr>\r\n			<td>产品分类</td>\r\n			<td>#[产品分类]</td>\r\n		</tr>\r\n		\r\n		<tr>\r\n			<td>产品图片</td>\r\n			<td>#[产品图片]</td>\r\n		</tr>\r\n		\r\n		<tr>\r\n			<td>规格</td>\r\n			<td>#[规格]</td>\r\n		</tr>\r\n		\r\n		<tr>\r\n			<td>销售单价</td>\r\n			<td>#[销售单价]</td>\r\n		</tr>\r\n			\r\n		\r\n</table>','',NULL,NULL,NULL,NULL),(117,'cooldingdanmx','订单明细','','322,323,324,325,326,','default',1,'2','<table class=\"table\">\r\n		\r\n	\r\n\r\n		<tr>\r\n			<td>产品ID</td>\r\n			<td>#[产品ID]</td>\r\n		</tr>\r\n		\r\n		<tr>\r\n			<td>产品名称</td>\r\n			<td>#[产品名称]</td>\r\n		</tr>\r\n		\r\n		<tr>\r\n			<td>单价</td>\r\n			<td>#[单价]</td>\r\n		</tr>\r\n		\r\n		<tr>\r\n			<td>数量</td>\r\n			<td>#[数量]</td>\r\n		</tr>\r\n		\r\n		<tr>\r\n			<td>金额</td>\r\n			<td>#[金额]</td>\r\n		</tr>\r\n			\r\n		\r\n</table>','',NULL,NULL,NULL,NULL),(120,'coolweb','文章发布','','346,347,348,','default',1,'','<table class=\"table\">\r\n		\r\n	\r\n\r\n		<tr>\r\n			<td>文章标题</td>\r\n			<td>#[文章标题]</td>\r\n		</tr>\r\n		\r\n		<tr>\r\n			<td>文章分类</td>\r\n			<td>#[文章分类]</td>\r\n		</tr>\r\n		\r\n		<tr>\r\n			<td>文章内容</td>\r\n			<td>#[文章内容]</td>\r\n		</tr>\r\n			\r\n		\r\n</table>','',NULL,NULL,NULL,NULL),(123,'kehulxr','客户联系人','','358,359,360,361,362,363,364,365,381,','default',0,'1','<table class=\"table\">\r\n		\r\n	\r\n\r\n		<tr>\r\n			<td>姓名</td>\r\n			<td>#[姓名]</td>\r\n		</tr>\r\n		\r\n		<tr>\r\n			<td>性别</td>\r\n			<td>#[性别]</td>\r\n		</tr>\r\n		\r\n		<tr>\r\n			<td>部门</td>\r\n			<td>#[部门]</td>\r\n		</tr>\r\n		\r\n		<tr>\r\n			<td>职务</td>\r\n			<td>#[职务]</td>\r\n		</tr>\r\n		\r\n		<tr>\r\n			<td>电话</td>\r\n			<td>#[电话]</td>\r\n		</tr>\r\n		\r\n		<tr>\r\n			<td>手机</td>\r\n			<td>#[手机]</td>\r\n		</tr>\r\n		\r\n		<tr>\r\n			<td>QQ</td>\r\n			<td>#[QQ]</td>\r\n		</tr>\r\n		\r\n		<tr>\r\n			<td>邮箱</td>\r\n			<td>#[邮箱]</td>\r\n		</tr>\r\n		\r\n		<tr>\r\n			<td>fid</td>\r\n			<td>#[fid]</td>\r\n		</tr>\r\n			\r\n		\r\n</table>','',NULL,NULL,NULL,NULL),(122,'qq','qq','','355,356,357,','default',1,'','<table class=\"table\">\r\n		\r\n	\r\n\r\n		<tr>\r\n			<td>qq</td>\r\n			<td>#[qq]</td>\r\n		</tr>\r\n		\r\n		<tr>\r\n			<td>qun</td>\r\n			<td>#[qun]</td>\r\n		</tr>\r\n		\r\n		<tr>\r\n			<td>cs</td>\r\n			<td>#[cs]</td>\r\n		</tr>\r\n			\r\n		\r\n</table>','',NULL,NULL,NULL,NULL),(124,'kehuyhk','客户银行卡信息','','366,367,368,382,','default',0,'2','<table class=\"table\">\r\n		\r\n	\r\n\r\n		<tr>\r\n			<td>帐户名称</td>\r\n			<td>#[帐户名称]</td>\r\n		</tr>\r\n		\r\n		<tr>\r\n			<td>账户号</td>\r\n			<td>#[账户号]</td>\r\n		</tr>\r\n		\r\n		<tr>\r\n			<td>开户行</td>\r\n			<td>#[开户行]</td>\r\n		</tr>\r\n		\r\n		<tr>\r\n			<td>fid</td>\r\n			<td>#[fid]</td>\r\n		</tr>\r\n			\r\n		\r\n</table>','',NULL,NULL,NULL,NULL),(125,'kehu','客户信息','','369,370,371,372,373,374,375,376,377,378,379,380,384,385,450,','default',0,'3','<table class=\"table\">\r\n		\r\n	\r\n\r\n		<tr>\r\n			<td>客户简称</td>\r\n			<td>#[客户简称]</td>\r\n		</tr>\r\n		\r\n		<tr>\r\n			<td>英文缩写</td>\r\n			<td>#[英文缩写]</td>\r\n		</tr>\r\n		\r\n		<tr>\r\n			<td>客户名称</td>\r\n			<td>#[客户名称]</td>\r\n		</tr>\r\n		\r\n		<tr>\r\n			<td>客户类型</td>\r\n			<td>#[客户类型]</td>\r\n		</tr>\r\n		\r\n		<tr>\r\n			<td>所在地</td>\r\n			<td>#[所在地]</td>\r\n		</tr>\r\n		\r\n		<tr>\r\n			<td>公司地址</td>\r\n			<td>#[公司地址]</td>\r\n		</tr>\r\n		\r\n		<tr>\r\n			<td>邮编</td>\r\n			<td>#[邮编]</td>\r\n		</tr>\r\n		\r\n		<tr>\r\n			<td>联系电话</td>\r\n			<td>#[联系电话]</td>\r\n		</tr>\r\n		\r\n		<tr>\r\n			<td>公司传真</td>\r\n			<td>#[公司传真]</td>\r\n		</tr>\r\n		\r\n		<tr>\r\n			<td>网址</td>\r\n			<td>#[网址]</td>\r\n		</tr>\r\n		\r\n		<tr>\r\n			<td>合作评价</td>\r\n			<td>#[合作评价]</td>\r\n		</tr>\r\n		\r\n		<tr>\r\n			<td>备注</td>\r\n			<td>#[备注]</td>\r\n		</tr>\r\n		\r\n		<tr>\r\n			<td>联系人</td>\r\n			<td>#[联系人]</td>\r\n		</tr>\r\n		\r\n		<tr>\r\n			<td>银行卡信息</td>\r\n			<td>#[银行卡信息]</td>\r\n		</tr>\r\n		\r\n		<tr>\r\n			<td>类型</td>\r\n			<td>#[类型]</td>\r\n		</tr>\r\n			\r\n		\r\n</table>','<div style=\"display:none\">#[类型]</div>\r\n<table class=\"table\">\r\n		<tr>\r\n			<td>客户简称</td>\r\n			<td>#[客户简称]</td>\r\n		    <td>英文缩写</td>\r\n		    <td>#[英文缩写]</td>\r\n		</tr>\r\n		\r\n		<tr>\r\n			<td>客户名称</td>\r\n			<td>#[客户名称]</td>\r\n		    <td>客户类型</td>\r\n		    <td>#[客户类型]</td>\r\n		</tr>\r\n		\r\n		<tr>\r\n			<td>所在地</td>\r\n			<td colspan=\"3\">#[所在地]</td>\r\n	    </tr>\r\n		\r\n		<tr>\r\n		  <td>公司地址</td>\r\n		  <td colspan=\"3\">#[公司地址]</td>\r\n		</tr>\r\n		\r\n		<tr>\r\n			<td>邮编</td>\r\n			<td>#[邮编]</td>\r\n		    <td>联系电话</td>\r\n		    <td>#[联系电话]</td>\r\n		</tr>\r\n		\r\n		<tr>\r\n			<td>公司传真</td>\r\n			<td>#[公司传真]</td>\r\n		    <td>网址</td>\r\n		    <td>#[网址]</td>\r\n		</tr>\r\n		\r\n		<tr>\r\n			<td>合作评价</td>\r\n			<td colspan=\"3\">#[合作评价]</td>\r\n	    </tr>\r\n		\r\n		<tr>\r\n			<td>备注</td>\r\n			<td colspan=\"3\">#[备注]</td>\r\n	    </tr>\r\n</table>\r\n<h4>联系人信息</h4>\r\n#[联系人]\r\n<h4>银行卡信息</h4>\r\n#[银行卡信息]\r\n',NULL,NULL,NULL,NULL),(126,'dingdan','订单','','386,387,388,389,390,391,392,393,394,395,457,458,459,460,461,462,463,464,465,466,467,468,469,470,471,482,483,','default',0,'4',' <style>\r\n input{width:100px;}\r\n </style>\r\n <table class=\"table\">\r\n		<tr>\r\n			<td>提交人姓名</td>\r\n			<td>#[提交人姓名]</td>\r\n		    <td> 提交人部门</td>\r\n		    <td>#[ 提交人部门]</td>\r\n		    <td>合同号</td>\r\n		    <td>#[合同号]</td>\r\n		</tr>\r\n		\r\n		<tr>\r\n			<td>供应商</td>\r\n			<td>#[供应商] </td>\r\n	        <td>电话</td>\r\n	        <td>#[供应商电话]</td>\r\n	        <td>联系人</td>\r\n	        <td>#[供应商联系人]</td>\r\n		</tr>\r\n		\r\n		<tr>\r\n		  <td>参团线路</td>\r\n		  <td>#[参团线路]</td>\r\n			<td>参团日期</td>\r\n		    <td>#[参团日期]</td>\r\n		    <td>回团日期</td>\r\n		    <td>#[回团日期]</td>\r\n		</tr>\r\n		\r\n		<tr>\r\n			<td>报名方式</td>\r\n			<td>#[报名方式]</td>\r\n		    <td>联系人</td>\r\n		    <td>#[联系人]</td>\r\n		    <td>联系手机</td>\r\n		    <td>#[联系手机]</td>\r\n		</tr>\r\n		\r\n		<tr>\r\n			<td>应收金额</td>\r\n			<td>#[应收金额]</td>\r\n		    <td colspan=\"4\">总人数：#[应收总人数]，成人：#[应收成人]人，儿童：#[应收儿童]人，陪同：#[应收陪同]人</td>\r\n	    </tr>\r\n		\r\n		<tr>\r\n			<td>应付金额</td>\r\n			<td>#[应付金额]</td>\r\n		    <td colspan=\"4\">总人数：#[应付总人数]，成人：#[应付成人]人，儿童：#[应付儿童]人，陪同：#[应付陪同]人</td>\r\n	    </tr>\r\n		\r\n		<tr>\r\n			<td colspan=\"3\">本团说明：#[本团说明]</td>\r\n		    <td colspan=\"3\">经理意见：#[经理意见]</td>\r\n	    </tr>\r\n\r\n			\r\n		\r\n</table>\r\n\r\n<h3>游客交款单</h3>\r\n#[游客交款单]\r\n\r\n<h3>付款记录单 </h3>\r\n#[付款记录单]','',NULL,NULL,NULL,NULL),(127,'z_dangan','档案管理','','402,403,445,446,447,448,449,509,510,404,405,406,407,408,409,410,411,412,413,414,415,416,417,418,419,','default',0,'11','<table class=\"table\">\r\n		\r\n	\r\n\r\n		<tr>\r\n			<td>姓名</td>\r\n			<td>#[姓名]</td>\r\n		</tr>\r\n		\r\n		<tr>\r\n			<td>类型</td>\r\n			<td>#[类型]</td>\r\n		</tr>\r\n		\r\n		<tr>\r\n			<td>案卷号</td>\r\n			<td>#[案卷号]</td>\r\n		</tr>\r\n		\r\n		<tr>\r\n			<td>案宗号</td>\r\n			<td>#[案宗号]</td>\r\n		</tr>\r\n		\r\n		<tr>\r\n			<td>文件号</td>\r\n			<td>#[文件号]</td>\r\n		</tr>\r\n		\r\n		<tr>\r\n			<td>档案附件</td>\r\n			<td>#[档案附件]</td>\r\n		</tr>\r\n		\r\n		<tr>\r\n			<td>档案附件</td>\r\n			<td>#[档案附件]</td>\r\n		</tr>\r\n		\r\n		<tr>\r\n			<td>pid</td>\r\n			<td>#[pid]</td>\r\n		</tr>\r\n		\r\n		<tr>\r\n			<td>目录对应</td>\r\n			<td>#[目录对应]</td>\r\n		</tr>\r\n		\r\n		<tr>\r\n			<td>立卷人</td>\r\n			<td>#[立卷人]</td>\r\n		</tr>\r\n		\r\n		<tr>\r\n			<td>检查人</td>\r\n			<td>#[检查人]</td>\r\n		</tr>\r\n		\r\n		<tr>\r\n			<td>查看电子档案是否需要审批</td>\r\n			<td>#[查看电子档案是否需要审批]</td>\r\n		</tr>\r\n		\r\n		<tr>\r\n			<td>备注</td>\r\n			<td>#[备注]</td>\r\n		</tr>\r\n		\r\n		<tr>\r\n			<td>挂接时间</td>\r\n			<td>#[挂接时间]</td>\r\n		</tr>\r\n		\r\n		<tr>\r\n			<td>挂接页数</td>\r\n			<td>#[挂接页数]</td>\r\n		</tr>\r\n		\r\n		<tr>\r\n			<td>挂接人</td>\r\n			<td>#[挂接人]</td>\r\n		</tr>\r\n		\r\n		<tr>\r\n			<td>身份证号码</td>\r\n			<td>#[身份证号码]</td>\r\n		</tr>\r\n		\r\n		<tr>\r\n			<td>建档时间</td>\r\n			<td>#[建档时间]</td>\r\n		</tr>\r\n		\r\n		<tr>\r\n			<td>承办单位</td>\r\n			<td>#[承办单位]</td>\r\n		</tr>\r\n		\r\n		<tr>\r\n			<td>密级</td>\r\n			<td>#[密级]</td>\r\n		</tr>\r\n		\r\n		<tr>\r\n			<td>紧急等级</td>\r\n			<td>#[紧急等级]</td>\r\n		</tr>\r\n		\r\n		<tr>\r\n			<td>文件页数</td>\r\n			<td>#[文件页数]</td>\r\n		</tr>\r\n		\r\n		<tr>\r\n			<td>保管年限</td>\r\n			<td>#[保管年限]</td>\r\n		</tr>\r\n		\r\n		<tr>\r\n			<td>案由</td>\r\n			<td>#[案由]</td>\r\n		</tr>\r\n		\r\n		<tr>\r\n			<td>委托单位</td>\r\n			<td>#[委托单位]</td>\r\n		</tr>\r\n			\r\n		\r\n</table>','',NULL,NULL,NULL,NULL),(128,'z_base','基本信息','','420,421,422,423,424,425,426,427,428,429,430,431,432,433,434,435,436,','default',0,'10','<table class=\"table\">\r\n		\r\n	\r\n\r\n		<tr>\r\n			<td>司法所</td>\r\n			<td>#[司法所]</td>\r\n		</tr>\r\n		\r\n		<tr>\r\n			<td>照片</td>\r\n			<td>#[照片]</td>\r\n		</tr>\r\n		\r\n		<tr>\r\n			<td>编号</td>\r\n			<td>#[编号]</td>\r\n		</tr>\r\n		\r\n		<tr>\r\n			<td>姓名</td>\r\n			<td>#[姓名]</td>\r\n		</tr>\r\n		\r\n		<tr>\r\n			<td>性别</td>\r\n			<td>#[性别]</td>\r\n		</tr>\r\n		\r\n		<tr>\r\n			<td>身份证号码</td>\r\n			<td>#[身份证号码]</td>\r\n		</tr>\r\n		\r\n		<tr>\r\n			<td>罪名</td>\r\n			<td>#[罪名]</td>\r\n		</tr>\r\n		\r\n		<tr>\r\n			<td>原判刑期</td>\r\n			<td>#[原判刑期]</td>\r\n		</tr>\r\n		\r\n		<tr>\r\n			<td>出生日期</td>\r\n			<td>#[出生日期]</td>\r\n		</tr>\r\n		\r\n		<tr>\r\n			<td>刑法执行类别</td>\r\n			<td>#[刑法执行类别]</td>\r\n		</tr>\r\n		\r\n		<tr>\r\n			<td>社区矫正开始时间</td>\r\n			<td>#[社区矫正开始时间]</td>\r\n		</tr>\r\n		\r\n		<tr>\r\n			<td>社区矫正结束时间</td>\r\n			<td>#[社区矫正结束时间]</td>\r\n		</tr>\r\n		\r\n		<tr>\r\n			<td>籍贯</td>\r\n			<td>#[籍贯]</td>\r\n		</tr>\r\n		\r\n		<tr>\r\n			<td>家庭住址</td>\r\n			<td>#[家庭住址]</td>\r\n		</tr>\r\n		\r\n		<tr>\r\n			<td>工作单位</td>\r\n			<td>#[工作单位]</td>\r\n		</tr>\r\n		\r\n		<tr>\r\n			<td>联系方式</td>\r\n			<td>#[联系方式]</td>\r\n		</tr>\r\n		\r\n		<tr>\r\n			<td>定位手机</td>\r\n			<td>#[定位手机]</td>\r\n		</tr>\r\n			\r\n		\r\n</table>','',NULL,NULL,NULL,NULL),(129,'z_sqsqdc','审前社区调查','','437,438,439,440,441,442,443,444,','default',0,'9','<table class=\"table\">\r\n		\r\n	\r\n\r\n		<tr>\r\n			<td>姓名</td>\r\n			<td>#[姓名]</td>\r\n		</tr>\r\n		\r\n		<tr>\r\n			<td>相关证件号</td>\r\n			<td>#[相关证件号]</td>\r\n		</tr>\r\n		\r\n		<tr>\r\n			<td>调查司法所</td>\r\n			<td>#[调查司法所]</td>\r\n		</tr>\r\n		\r\n		<tr>\r\n			<td>调查时间</td>\r\n			<td>#[调查时间]</td>\r\n		</tr>\r\n		\r\n		<tr>\r\n			<td>委托单位</td>\r\n			<td>#[委托单位]</td>\r\n		</tr>\r\n		\r\n		<tr>\r\n			<td>委托时间</td>\r\n			<td>#[委托时间]</td>\r\n		</tr>\r\n		\r\n		<tr>\r\n			<td>案卷号</td>\r\n			<td>#[案卷号]</td>\r\n		</tr>\r\n		\r\n		<tr>\r\n			<td>案宗号</td>\r\n			<td>#[案宗号]</td>\r\n		</tr>\r\n			\r\n		\r\n</table>','',NULL,NULL,NULL,NULL),(130,'xianlu','线路基本信息','','451,452,453,454,455,456,','default',0,'5','<table class=\"table\">\r\n		\r\n	\r\n\r\n		<tr>\r\n			<td>线路编号</td>\r\n			<td>#[线路编号]</td>\r\n		</tr>\r\n		\r\n		<tr>\r\n			<td>线路名称</td>\r\n			<td>#[线路名称]</td>\r\n		</tr>\r\n		\r\n		<tr>\r\n			<td>线路提供商ID</td>\r\n			<td>#[线路提供商ID]</td>\r\n		</tr>\r\n		\r\n		<tr>\r\n			<td>线路提供商</td>\r\n			<td>#[线路提供商]</td>\r\n		</tr>\r\n		\r\n		<tr>\r\n			<td>线路区域</td>\r\n			<td>#[线路区域]</td>\r\n		</tr>\r\n		\r\n		<tr>\r\n			<td>特色说明</td>\r\n			<td>#[特色说明]</td>\r\n		</tr>\r\n			\r\n		\r\n</table>','\r\n<table class=\"table\">\r\n		\r\n	\r\n\r\n		<tr>\r\n			<td>线路编号</td>\r\n			<td>#[线路编号]</td>\r\n		</tr>\r\n		\r\n		<tr>\r\n			<td>线路名称</td>\r\n			<td>#[线路名称]</td>\r\n		</tr>\r\n		\r\n		<tr style=\"display:none\">\r\n			<td>线路提供商ID</td>\r\n			<td>#[线路提供商ID]</td>\r\n		</tr>\r\n		\r\n		<tr>\r\n			<td>线路提供商</td>\r\n			<td>#[线路提供商]</td>\r\n		</tr>\r\n		\r\n		<tr>\r\n			<td>线路区域</td>\r\n			<td>#[线路区域]</td>\r\n		</tr>\r\n		\r\n		<tr>\r\n			<td>特色说明</td>\r\n			<td>#[特色说明]</td>\r\n		</tr>\r\n			\r\n		\r\n</table>',NULL,NULL,NULL,NULL),(131,'l_ykjkd','游客交款单','','472,473,474,475,476,484,','default',0,'6','<table class=\"table\">\r\n		\r\n	\r\n\r\n		<tr>\r\n			<td>收款日期</td>\r\n			<td>#[收款日期]</td>\r\n		</tr>\r\n		\r\n		<tr>\r\n			<td>费用项</td>\r\n			<td>#[费用项]</td>\r\n		</tr>\r\n		\r\n		<tr>\r\n			<td>业务类型</td>\r\n			<td>#[业务类型]</td>\r\n		</tr>\r\n		\r\n		<tr>\r\n			<td>总金额</td>\r\n			<td>#[总金额]</td>\r\n		</tr>\r\n		\r\n		<tr>\r\n			<td>状态</td>\r\n			<td>#[状态]</td>\r\n		</tr>\r\n		\r\n		<tr style=\"display:none\">\r\n			<td>fid</td>\r\n			<td>#[fid]</td>\r\n		</tr>\r\n			\r\n		\r\n</table>','',NULL,NULL,NULL,NULL),(132,'l_fkjld','付款记录单','','477,478,479,480,481,485,','default',0,'7','<table class=\"table\">\r\n		\r\n	\r\n\r\n		<tr>\r\n			<td>付款日期</td>\r\n			<td>#[付款日期]</td>\r\n		</tr>\r\n		\r\n		<tr>\r\n			<td>费用项</td>\r\n			<td>#[费用项]</td>\r\n		</tr>\r\n		\r\n		<tr>\r\n			<td>业务单位</td>\r\n			<td>#[业务单位]</td>\r\n		</tr>\r\n		\r\n		<tr>\r\n			<td>总金额</td>\r\n			<td>#[总金额]</td>\r\n		</tr>\r\n		\r\n		<tr>\r\n			<td>状态</td>\r\n			<td>#[状态]</td>\r\n		</tr>\r\n		\r\n		<tr style=\"display:none\">\r\n			<td>fid</td>\r\n			<td>#[fid]</td>\r\n		</tr>\r\n			\r\n		\r\n</table>','',NULL,NULL,NULL,NULL),(133,'z_azbj','安置帮教','','486,487,488,489,490,491,492,493,494,495,496,497,498,499,500,501,502,503,504,505,506,507,508,','default',0,'8','<table class=\"table\">\r\n		\r\n	\r\n\r\n		<tr>\r\n			<td>姓名</td>\r\n			<td>#[姓名]</td>\r\n		</tr>\r\n		\r\n		<tr>\r\n			<td>性别</td>\r\n			<td>#[性别]</td>\r\n		</tr>\r\n		\r\n		<tr>\r\n			<td>出生年月</td>\r\n			<td>#[出生年月]</td>\r\n		</tr>\r\n		\r\n		<tr>\r\n			<td>身份证号</td>\r\n			<td>#[身份证号]</td>\r\n		</tr>\r\n		\r\n		<tr>\r\n			<td>乡镇</td>\r\n			<td>#[乡镇]</td>\r\n		</tr>\r\n		\r\n		<tr>\r\n			<td>家庭住址</td>\r\n			<td>#[家庭住址]</td>\r\n		</tr>\r\n		\r\n		<tr>\r\n			<td>罪名</td>\r\n			<td>#[罪名]</td>\r\n		</tr>\r\n		\r\n		<tr>\r\n			<td>判刑时间</td>\r\n			<td>#[判刑时间]</td>\r\n		</tr>\r\n		\r\n		<tr>\r\n			<td>刑种</td>\r\n			<td>#[刑种]</td>\r\n		</tr>\r\n		\r\n		<tr>\r\n			<td>刑期</td>\r\n			<td>#[刑期]</td>\r\n		</tr>\r\n		\r\n		<tr>\r\n			<td>执行地点</td>\r\n			<td>#[执行地点]</td>\r\n		</tr>\r\n		\r\n		<tr>\r\n			<td>在狱表现</td>\r\n			<td>#[在狱表现]</td>\r\n		</tr>\r\n		\r\n		<tr>\r\n			<td>减刑</td>\r\n			<td>#[减刑]</td>\r\n		</tr>\r\n		\r\n		<tr>\r\n			<td>释放时间</td>\r\n			<td>#[释放时间]</td>\r\n		</tr>\r\n		\r\n		<tr>\r\n			<td>掌握技术</td>\r\n			<td>#[掌握技术]</td>\r\n		</tr>\r\n		\r\n		<tr>\r\n			<td>建议</td>\r\n			<td>#[建议]</td>\r\n		</tr>\r\n		\r\n		<tr>\r\n			<td>登记日期</td>\r\n			<td>#[登记日期]</td>\r\n		</tr>\r\n		\r\n		<tr>\r\n			<td>反馈乡镇日期</td>\r\n			<td>#[反馈乡镇日期]</td>\r\n		</tr>\r\n		\r\n		<tr>\r\n			<td>是否矫正对象</td>\r\n			<td>#[是否矫正对象]</td>\r\n		</tr>\r\n		\r\n		<tr>\r\n			<td>帮教人员</td>\r\n			<td>#[帮教人员]</td>\r\n		</tr>\r\n		\r\n		<tr>\r\n			<td>手机号</td>\r\n			<td>#[手机号]</td>\r\n		</tr>\r\n		\r\n		<tr>\r\n			<td>矫正开始时间</td>\r\n			<td>#[矫正开始时间]</td>\r\n		</tr>\r\n		\r\n		<tr>\r\n			<td>矫正结束时间</td>\r\n			<td>#[矫正结束时间]</td>\r\n		</tr>\r\n			\r\n		\r\n</table>','',NULL,NULL,NULL,NULL),(134,'hn_khlhzb','考核量化指标','','511,512,513,514,515,','default',0,'0','<table class=\"table\">\r\n		\r\n	\r\n\r\n		<tr>\r\n			<td>考核指标集名称</td>\r\n			<td>#[考核指标集名称]</td>\r\n		</tr>\r\n		\r\n		<tr>\r\n			<td>范围（角色）</td>\r\n			<td>#[范围（角色）]</td>\r\n		</tr>\r\n		\r\n		<tr>\r\n			<td>考核指标集描述</td>\r\n			<td>#[考核指标集描述]</td>\r\n		</tr>\r\n		\r\n		<tr>\r\n			<td>考核指标集明细填写形式</td>\r\n			<td>#[考核指标集明细填写形式]</td>\r\n		</tr>\r\n		\r\n		<tr>\r\n			<td>设定考核依据模块</td>\r\n			<td>#[设定考核依据模块]</td>\r\n		</tr>\r\n			\r\n		\r\n</table>','','1','1','1429672454','1429925937'),(135,'hn_khrw','考核任务','','516,517,518,519,520,521,522,523,524,525,','default',0,'','<table class=\"table\">\r\n		\r\n	\r\n\r\n		<tr>\r\n			<td>考核任务标题</td>\r\n			<td>#[考核任务标题]</td>\r\n		</tr>\r\n		\r\n		<tr>\r\n			<td>考核人</td>\r\n			<td>#[考核人]</td>\r\n		</tr>\r\n		\r\n		<tr>\r\n			<td>被考核人</td>\r\n			<td>#[被考核人]</td>\r\n		</tr>\r\n		\r\n		<tr>\r\n			<td>按照管理范围</td>\r\n			<td>#[按照管理范围]</td>\r\n		</tr>\r\n		\r\n		<tr>\r\n			<td>考核指标集</td>\r\n			<td>#[考核指标集]</td>\r\n		</tr>\r\n		\r\n		<tr>\r\n			<td>匿名</td>\r\n			<td>#[匿名]</td>\r\n		</tr>\r\n		\r\n		<tr>\r\n			<td>生效日期</td>\r\n			<td>#[生效日期]</td>\r\n		</tr>\r\n		\r\n		<tr>\r\n			<td>终止日期</td>\r\n			<td>#[终止日期]</td>\r\n		</tr>\r\n		\r\n		<tr>\r\n			<td>提醒</td>\r\n			<td>#[提醒]</td>\r\n		</tr>\r\n		\r\n		<tr>\r\n			<td>描述</td>\r\n			<td>#[描述]</td>\r\n		</tr>\r\n			\r\n		\r\n</table>','','1','1','1429672917','1429925917');

--
-- Table structure for table `cool_search`
--

CREATE TABLE `cool_search` (
  `id` int(11) NOT NULL AUTO_INCREMENT,
  `vid` int(11) DEFAULT NULL,
  `order` varchar(200) DEFAULT NULL,
  `field` varchar(100) DEFAULT NULL,
  `title` varchar(255) DEFAULT NULL,
  `click` varchar(255) DEFAULT NULL,
  `operator` text NOT NULL,
  `location` text NOT NULL,
  `other` text NOT NULL,
  `iid` varchar(200) DEFAULT NULL,
  `uid` varchar(200) DEFAULT NULL,
  `addtime` varchar(200) DEFAULT NULL,
  `edittime` varchar(200) DEFAULT NULL,
  PRIMARY KEY (`id`)
) ENGINE=MyISAM AUTO_INCREMENT=108 DEFAULT CHARSET=utf8;

--
-- Dumping data for table `cool_search`
--

INSERT INTO `cool_search` VALUES (28,19,'','pname','产品名称',NULL,'包含','where_str','',NULL,NULL,NULL,NULL),(47,19,'99','danjia','单价大于',NULL,'大于','where_str','',NULL,NULL,NULL,NULL),(30,20,'99','xingming','姓名',NULL,'包含','where_str','',NULL,NULL,NULL,NULL),(34,21,'1','nl','年龄大于',NULL,'大于','where_str','',NULL,NULL,NULL,NULL),(32,20,'99','dcsj','调查时间',NULL,'包含','where_str','',NULL,NULL,NULL,NULL),(33,20,'99','dcsfs','调查单位',NULL,'包含','where_str','',NULL,NULL,NULL,NULL),(37,21,'2','nl','年龄小于',NULL,'小于','where_str','',NULL,NULL,NULL,NULL),(36,21,'0','name','姓名',NULL,'包含','where_str','',NULL,NULL,NULL,NULL),(38,22,'99','xingming','姓名',NULL,'包含','where_str','',NULL,NULL,NULL,NULL),(39,22,'99','sfzh','身份证号',NULL,'包含','where_str','',NULL,NULL,NULL,NULL),(40,22,'99','lxfs','联系方式',NULL,'包含','where_str','',NULL,NULL,NULL,NULL),(41,23,'99','xingming','服刑人员姓名',NULL,'包含','where_str','',NULL,NULL,NULL,NULL),(42,23,'99','sfzh','身份证号码',NULL,'包含','where_str','',NULL,NULL,NULL,NULL),(43,23,'','wjh','文件号',NULL,'包含','where_str','',NULL,NULL,NULL,NULL),(44,100,'99','title','文章标题',NULL,'包含','where_str','',NULL,NULL,NULL,NULL),(45,100,'99','type','文章类型',NULL,'包含','where_str','',NULL,NULL,NULL,NULL),(46,2,'99','view_title','视图名称',NULL,'包含','where_str','',NULL,NULL,NULL,NULL),(48,19,'99','danjia','单价小于',NULL,'小于等于','where_str','',NULL,NULL,NULL,NULL),(49,102,'99','qq','qq号',NULL,'包含','where_str','',NULL,NULL,NULL,NULL),(50,102,'99','qun','群',NULL,'包含','where_str','',NULL,NULL,NULL,NULL),(51,104,'99','operator','运算符',NULL,'包含','where_str','',NULL,NULL,NULL,NULL),(52,105,'','name','名称',NULL,'等于','where_str','',NULL,NULL,NULL,NULL),(61,106,'99','username','用户名',NULL,'包含','where_str','',NULL,NULL,NULL,NULL),(62,110,'0','kehumc','客户名称',NULL,'包含','where_str','',NULL,NULL,NULL,NULL),(63,110,'1','dianhua','联系电话',NULL,'包含','where_str','',NULL,NULL,NULL,NULL),(72,116,'99','bianhao','订单编号',NULL,'包含','where_str','',NULL,NULL,NULL,NULL),(64,111,'99','bianhao','产品编号',NULL,'包含','where_str','',NULL,NULL,NULL,NULL),(65,111,'99','mingcheng','产品名称',NULL,'包含','where_str','',NULL,NULL,NULL,NULL),(66,111,'99','fenlei','产品分类',NULL,'包含','where_str','',NULL,NULL,NULL,NULL),(67,112,'99','bianhao','产品编号',NULL,'包含','where_str','',NULL,NULL,NULL,NULL),(68,112,'99','mingcheng','产品名称',NULL,'包含','where_str','',NULL,NULL,NULL,NULL),(69,112,'99','fenlei','产品分类',NULL,'包含','where_str','',NULL,NULL,NULL,NULL),(70,114,'99','kehumc','客户名称',NULL,'包含','where_str','',NULL,NULL,NULL,NULL),(71,114,'99','dianhua','联系电话',NULL,'包含','where_str','',NULL,NULL,NULL,NULL),(73,1,'99','table_title','表单名称',NULL,'包含','where_str','',NULL,NULL,NULL,NULL),(74,117,'99','bianhao','客户编号',NULL,'包含','where_str','',NULL,NULL,NULL,NULL),(75,121,'99','qq','qq',NULL,'包含','where_str','',NULL,NULL,NULL,NULL),(76,121,'99','qun','qun',NULL,'包含','where_str','',NULL,NULL,NULL,NULL),(77,121,'99','cs','cs',NULL,'包含','where_str','',NULL,NULL,NULL,NULL),(78,124,'99','kehujc','客户简称',NULL,'包含','where_str','',NULL,NULL,NULL,NULL),(79,124,'99','ywsx','英文缩写',NULL,'包含','where_str','',NULL,NULL,NULL,NULL),(80,124,'99','kehumc','客户名称',NULL,'包含','where_str','',NULL,NULL,NULL,NULL),(81,124,'99','kehulx','客户类型',NULL,'包含','where_str','',NULL,NULL,NULL,NULL),(82,124,'99','szd','所在地',NULL,'包含','where_str','',NULL,NULL,NULL,NULL),(83,124,'99','lxdh','联系电话',NULL,'包含','where_str','',NULL,NULL,NULL,NULL),(84,129,'','wjh','文件号',NULL,'包含','where_str','',NULL,NULL,NULL,NULL),(85,129,'99','xingming','服刑人员姓名',NULL,'包含','where_str','',NULL,NULL,NULL,NULL),(86,129,'99','sfzh','身份证号码',NULL,'包含','where_str','',NULL,NULL,NULL,NULL),(87,130,'99','xingming','姓名',NULL,'包含','where_str','',NULL,NULL,NULL,NULL),(88,130,'99','sfzh','身份证号',NULL,'包含','where_str','',NULL,NULL,NULL,NULL),(89,130,'99','lxfs','联系方式',NULL,'包含','where_str','',NULL,NULL,NULL,NULL),(90,131,'99','xingming','姓名',NULL,'包含','where_str','',NULL,NULL,NULL,NULL),(91,131,'99','dcsj','调查时间',NULL,'包含','where_str','',NULL,NULL,NULL,NULL),(92,131,'99','dcsfs','调查单位',NULL,'包含','where_str','',NULL,NULL,NULL,NULL),(93,144,'99','kehujc','客户简称',NULL,'包含','where_str','',NULL,NULL,NULL,NULL),(94,144,'99','ywsx','英文缩写',NULL,'包含','where_str','',NULL,NULL,NULL,NULL),(95,144,'99','kehumc','客户名称',NULL,'包含','where_str','',NULL,NULL,NULL,NULL),(96,144,'99','kehulx','客户类型',NULL,'包含','where_str','',NULL,NULL,NULL,NULL),(97,144,'99','szd','所在地',NULL,'包含','where_str','',NULL,NULL,NULL,NULL),(98,144,'99','lxdh','联系电话',NULL,'包含','where_str','',NULL,NULL,NULL,NULL),(99,145,'99','bianhao','线路编号',NULL,'包含','where_str','',NULL,NULL,NULL,NULL),(100,145,'99','mingcheng','线路名称',NULL,'包含','where_str','',NULL,NULL,NULL,NULL),(101,145,'99','gys','线路提供商',NULL,'包含','where_str','',NULL,NULL,NULL,NULL),(102,148,'99','xingming','姓名',NULL,'包含','where_str','',NULL,NULL,NULL,NULL),(103,148,'99','sfzh','身份证号',NULL,'包含','where_str','',NULL,NULL,NULL,NULL),(104,150,'99','khzbjmc','考核指标集名称',NULL,'包含','where_str','','1',NULL,'1429926063',NULL),(105,149,'99','rwbt','考核任务标题',NULL,'包含','where_str','','1',NULL,'1429926089',NULL),(106,149,'99','sxrq','生效日期',NULL,'包含','where_str','','1',NULL,'1429926090',NULL),(107,149,'99','zzrq','终止日期',NULL,'包含','where_str','','1',NULL,'1429926090',NULL);

--
-- Table structure for table `cool_sort`
--

CREATE TABLE `cool_sort` (
  `sort_id` int(11) NOT NULL AUTO_INCREMENT COMMENT '自增唯一id',
  `sort_parent` int(11) NOT NULL DEFAULT '0' COMMENT '上级目录id',
  `order` varchar(20) NOT NULL DEFAULT '' COMMENT '目录排序号',
  `sort_name` varchar(200) NOT NULL DEFAULT '' COMMENT '目录名称',
  `sort_type` char(1) NOT NULL DEFAULT '' COMMENT '类型(1-公共文件柜,2-个人文件柜)',
  `description` text NOT NULL COMMENT '文件夹描述',
  UNIQUE KEY `item_id` (`sort_id`),
  KEY `parent_no_name` (`sort_parent`,`order`,`sort_name`)
) ENGINE=MyISAM AUTO_INCREMENT=51 DEFAULT CHARSET=utf8 COMMENT='目录表';

--
-- Dumping data for table `cool_sort`
--

INSERT INTO `cool_sort` VALUES (48,0,'','4234234','',''),(49,0,'','','',''),(50,0,'','','','');

--
-- Table structure for table `cool_tongji`
--

CREATE TABLE `cool_tongji` (
  `ip` varchar(20) DEFAULT NULL,
  `tm` varchar(20) DEFAULT NULL,
  `tp` varchar(20) DEFAULT NULL,
  `hst` varchar(100) DEFAULT NULL
) ENGINE=MyISAM DEFAULT CHARSET=utf8;

--
-- Dumping data for table `cool_tongji`
--

INSERT INTO `cool_tongji` VALUES ('1.192.104.140','2015-04-27 21:49:51','lvyou1.0','localhost:8000');

--
-- Table structure for table `cool_view`
--

CREATE TABLE `cool_view` (
  `id` int(11) NOT NULL AUTO_INCREMENT,
  `fid` int(11) DEFAULT NULL,
  `fname` text NOT NULL,
  `view_title` varchar(200) DEFAULT NULL,
  `limit` int(5) unsigned DEFAULT NULL,
  `remark` tinytext,
  `fields` tinytext,
  `buttons` tinytext,
  `sql` text NOT NULL,
  `search` text NOT NULL,
  `format` text NOT NULL,
  `type` text NOT NULL,
  `template` text NOT NULL,
  `lock` int(1) NOT NULL,
  `parentId` varchar(11) NOT NULL,
  `order` int(11) NOT NULL,
  `table_name` text NOT NULL,
  `js` text NOT NULL,
  `attr` text NOT NULL,
  `iid` varchar(200) DEFAULT NULL,
  `uid` varchar(200) DEFAULT NULL,
  `addtime` varchar(200) DEFAULT NULL,
  `edittime` varchar(200) DEFAULT NULL,
  PRIMARY KEY (`id`)
) ENGINE=MyISAM AUTO_INCREMENT=151 DEFAULT CHARSET=utf8;

--
-- Dumping data for table `cool_view`
--

INSERT INTO `cool_view` VALUES (2,2,'视图设计表','视图设计',10,'','5','新建,编辑,删除,','select * from cool_view where `lock`=0  {where_str} order by `order`','46','','','icon',1,'',0,'','','',NULL,NULL,NULL,NULL),(1,1,'','表单设计',10,'','2,1,174,','新建,编辑,删除,','select * from cool_form where `lock`=0   {where_str} order by `order`','73,','','','icon',1,'',0,'','','',NULL,NULL,NULL,NULL),(3,3,'','表单字段设置',50,'','8,9','新建,查看,编辑,删除,','select * from cool_field where fid=\'$_GET[id]\' order by `order` asc ','','','','default',1,'',0,'','','',NULL,NULL,NULL,NULL),(4,4,'','列表显示字段',10,'','11,12','新建,查看,编辑,删除,','select * from cool_fields where vid=\'$_GET[id]\' order by `order` asc ','','','','default',1,'',0,'','','',NULL,NULL,NULL,NULL),(5,5,'','搜素字段设置',10,'','13,14','新建,查看,编辑,删除,','select * from cool_search where vid=\'$_GET[id]\' order by `order` asc ','','','','default',1,'',0,'','','',NULL,NULL,NULL,NULL),(109,110,'订单','订单管理',NULL,'','125,146,147,','新建,查看,编辑,删除,','select * from cooldingdan where 1=1  {where_str} ','','','','default',1,'',4,'','','',NULL,NULL,NULL,NULL),(119,115,'客户基本信息','客户销量排行',15,'','180,181,182,183,184,','','select *,sum(shuliang) as shuliang from coolkehu a left join cooldingdanmx b on a.id=b.chanpinid group by b.chanpinid \r\n\r\nlimit {offset},{number_each_page} ','','','','default',1,'',0,'coolkehu','','',NULL,NULL,NULL,NULL),(110,115,'客户基本信息','客户管理',15,'','126,127,154,','新建,查看,编辑,删除,导入EXCEL,导出EXCEL,','select * from coolkehu where 1=1  {where_str} ','62,63,','','','default',1,'',2,'','','',NULL,NULL,NULL,NULL),(111,116,'产品信息','产品基本信息管理',NULL,'','155,128,129,130,134,135,','新建,查看,编辑,删除,导入EXCEL,导出EXCEL,','select * from coolchanpin where 1=1  {where_str} ','64,65,66,','','','default',1,'',3,'','','',NULL,NULL,NULL,NULL),(113,117,'订单明细','订单明细',NULL,'','138,139,140,141,142','新建,编辑,删除,','select * from cooldingdanmx where find_in_set(id,(select mingxi from cooldingdan where id=\'$_GET[id]\'));','','','1','select',1,'',0,'','','',NULL,NULL,NULL,NULL),(118,116,'产品信息','库存统计',10,'','177,178,179,','','select *,sum(shuliang) as shuliang from coolchanpin a left join cooldingdanmx b on a.id=b.chanpinid group by a.id \r\n\r\nlimit {offset},{number_each_page} ','','','1','default',1,'',0,'coolchanpin','','',NULL,NULL,NULL,NULL),(122,123,'客户联系人','客户联系人',15,'','190,191,192,193,194,195,196,197,','新建,编辑,删除,','select * from kehulxr where fid=\'$_GET[id]\'','','','','default',0,'',1,'kehulxr','','',NULL,NULL,NULL,NULL),(121,122,'qq','qq',15,'','187,188,189,','新建,查看,编辑,删除,导入EXCEL,导出EXCEL,','','75,76,77,','','','default',1,'',0,'qq','','',NULL,NULL,NULL,NULL),(123,124,'客户银行卡信息','客户银行卡信息',15,'','198,199,200,','新建,查看,编辑,删除,','select * from kehuyhk where fid=\'$_GET[id]\'','','','1','default',0,'',2,'kehuyhk','','',NULL,NULL,NULL,NULL),(124,125,'客户信息','客户基本信息',15,'','247,201,202,203,204,205,206,','新建,查看,编辑,删除,导入EXCEL,导出EXCEL,','select * from kehu where tp=\'1\' {where_str} limit {offset},{number_each_page} \r\n','78,79,80,81,82,83,','','','default',0,'',3,'kehu','<script>\r\n\r\n$(function(){\r\n	\r\n    $( \".add_btn\" ).click(function() {\r\n		\r\n\r\n		fid=$(this).attr(\"fid\");\r\n		vid=$(this).attr(\"vid\");\r\n		tb=$(\"table[fid=\'\"+fid+\"\'] tbody\");\r\n		dialog_open(url+\"?c=general&m=add&tp=1&fid=\"+fid+\"&vid=\"+vid);		\r\n						\r\n	});	\r\n});\r\n</script>','',NULL,NULL,NULL,NULL),(125,126,'订单','游客报名单',15,'','207,208,209,210,211,212,','新建,查看,编辑,删除,导入EXCEL,导出EXCEL,','','','','','default',0,'',4,'dingdan','','',NULL,NULL,NULL,NULL),(130,128,'基本信息','基本信息',10,'','220,221,222,223,224,225,226,','新建,导入EXCEL,','','87,88,89,','$data[\'操作\']=\'<span class=\"btn naru\" run_id=\"\'.$data[id].\'\">纳入</span> \r\n<span class=\"btn edit_btn\" run_id=\"\'.$data[id].\'\">编辑</span> \r\n<span class=\"btn delete_btn\" run_id=\"\'.$data[id].\'\">删除</span> \';','','default',0,'',12,'z_base','<script>\r\n\r\n	$(document).on( \"click\", \".naru\",function() {\r\n		\r\n		var id=$(this).parents(\"tr\").eq(0).attr(\"run_id\");\r\n\r\n				\r\n				\r\n		dialog_open(url+\"?c=sifa&m=selecttp&fid=127&tp={PHP:return $_GET[\'tp\'];}&pid=\"+id);\r\n\r\n    });\r\n\r\n	\r\n	\r\n</script>','',NULL,NULL,NULL,NULL),(131,129,'审前社区调查','审前社区调查',10,'','227,228,229,230,231,232,233,234,235,','导入EXCEL,新建,','','90,91,92,','$data[\'操作\']=\'<span class=\"btn naru\" run_id=\"\'.$data[id].\'\">纳入</span> \r\n<span class=\"btn edit_btn\" run_id=\"\'.$data[id].\'\">编辑</span> \r\n<span class=\"btn delete_btn\" run_id=\"\'.$data[id].\'\">删除</span> \';','','default',0,'',11,'z_sqsqdc','\r\n<script>\r\n\r\n	$(document).on( \"click\", \".naru\",function() {\r\n		\r\n		var id=$(this).parents(\"tr\").eq(0).attr(\"run_id\");\r\n\r\n				\r\n				\r\n		dialog_open(url+\"?c=general&m=add&fid=127&tp=审前社区调查&pid=\"+id);\r\n\r\n    });\r\n\r\n	\r\n	\r\n</script>','',NULL,NULL,NULL,NULL),(129,127,'档案管理','档案管理',10,'','','新建,','PHP:\r\nif($_GET[tp]==\"审前社区调查\"){\r\nreturn  \"select z_dangan.*,z_sqsqdc.xingming xingming,z_sqsqdc.sfzh sfzh from z_dangan,z_sqsqdc where z_dangan.pid=z_sqsqdc.id and  tp=\'$_GET[tp]\'  {where_str} \";\r\n}else{\r\nreturn \"select z_dangan.*,z_base.xingming xingming,z_base.sfzh sfzh from z_dangan,z_base where z_dangan.pid=z_base.id and  tp=\'$_GET[tp]\'  {where_str} \";\r\n}','','$data[\'addtime\']=date(\"Y-m-d\",$data[\'addtime\']);\r\n$data[\'操作\']=\'\r\n\r\n<span class=\"btn edit_btn\" run_id=\"\'.$data[id].\'\">查看档案属性</span> \r\n<span class=\"btn\" onclick=\"window.open(\\\'?c=sifa&m=dangan&id=\'.$data[id].\'\\\')\" run_id=\"\'.$data[id].\'\">查看电子档案</span> \r\n<span class=\"btn delete_btn\" run_id=\"\'.$data[id].\'\">删除</span> \';','1','default',0,'',5,'','','',NULL,'1',NULL,'1428672581'),(144,125,'客户信息','同行基本信息',15,'','246,236,237,238,239,240,241,','新建,查看,编辑,删除,导入EXCEL,导出EXCEL,','select * from kehu where tp=\'2\' {where_str} limit {offset},{number_each_page} \r\n','93,94,95,96,97,98,','','','default',0,'',6,'kehu','<script>\r\n\r\n$(function(){\r\n	\r\n    $( \".add_btn\" ).click(function() {\r\n		\r\n\r\n		fid=$(this).attr(\"fid\");\r\n		vid=$(this).attr(\"vid\");\r\n		tb=$(\"table[fid=\'\"+fid+\"\'] tbody\");\r\n		dialog_open(url+\"?c=general&m=add&tp=2&fid=\"+fid+\"&vid=\"+vid);		\r\n						\r\n	});	\r\n});\r\n</script>','',NULL,NULL,NULL,NULL),(145,130,'线路基本信息','线路基本信息',15,'','242,243,244,245,','新建,查看,编辑,删除,导入EXCEL,导出EXCEL,','','99,100,101,','','','default',0,'',7,'xianlu','','',NULL,NULL,NULL,NULL),(146,131,'游客交款单','游客交款单',15,'','248,249,250,251,252,','新建,查看,编辑,删除,','select * from l_ykjkd where fid=\'$_GET[id]\'','','','1','default',0,'',8,'l_ykjkd','','',NULL,NULL,NULL,NULL),(147,132,'付款记录单','付款记录单',15,'','256,257,253,254,255,','新建,查看,编辑,删除,','select * from l_fkjld where fid=\'$_GET[id]\'','','','1','default',0,'',9,'l_fkjld','','',NULL,NULL,NULL,NULL),(148,133,'安置帮教','安置帮教',15,'','258,259,260,261,262,263,','新建,查看,编辑,删除,','','102,103,','','','default',0,'',10,'z_azbj','','',NULL,NULL,NULL,NULL),(149,135,'考核任务','考核任务管理',15,'','264,265,266,267,268,269,270,','新建,查看,编辑,删除,','','105,106,107,','','','default',0,'',0,'hn_khrw','','','1','1','1429673040','1429926092'),(150,134,'考核量化指标','考核指标集管理',15,'','271,272,','新建,查看,编辑,删除,','','104,','','','default',0,'',0,'hn_khlhzb','','','1','1','1429673153','1429926064');

--
-- Table structure for table `countdown`
--

CREATE TABLE `countdown` (
  `ROW_ID` int(11) NOT NULL AUTO_INCREMENT COMMENT '自增唯一ID',
  `ORDER_NO` char(2) NOT NULL COMMENT '排序号',
  `TO_DEPT` text NOT NULL COMMENT '部门发布范围',
  `TO_PRIV` text NOT NULL COMMENT '角色发布范围',
  `TO_USER` text NOT NULL COMMENT '人员发布范围',
  `CONTENT` text NOT NULL COMMENT '计时内容',
  `END_TIME` date NOT NULL COMMENT '结束日期',
  `BEGIN_TIME` date NOT NULL COMMENT '开始日期',
  `COUNT_TYPE` char(2) NOT NULL COMMENT '计时类型(0-倒计时,1-正计时)',
  `ISPRIVATE` int(1) NOT NULL COMMENT '是否是个人倒计时',
  `STYLE` int(1) NOT NULL COMMENT '背景颜色',
  `ANNUAL` tinyint(3) unsigned NOT NULL COMMENT '年度纪念日',
  PRIMARY KEY (`ROW_ID`),
  KEY `ORDER_NO` (`ORDER_NO`)
) ENGINE=InnoDB AUTO_INCREMENT=2 DEFAULT CHARSET=gbk COMMENT='计时信息表';

--
-- Dumping data for table `countdown`
--

INSERT INTO `countdown` VALUES (1,'1','ALL_DEPT','','','春节放假','2014-01-31','2013-10-22','0',0,0,0);

--
-- Table structure for table `cp_asset_keep`
--

CREATE TABLE `cp_asset_keep` (
  `KEEP_ID` int(11) NOT NULL AUTO_INCREMENT COMMENT '唯一自增ID',
  `CPTL_ID` int(11) NOT NULL COMMENT '对应资产ID',
  `KEEP_TYPE` varchar(200) NOT NULL COMMENT '维护类型',
  `KEEP_TIME` date NOT NULL COMMENT '维护时间',
  `KEEP_USER` varchar(45) NOT NULL COMMENT '维护人员',
  `REMIND_TIME` varchar(45) NOT NULL COMMENT '提醒时间',
  `REMARK` varchar(400) NOT NULL COMMENT '备注',
  `ADD_USER` varchar(45) NOT NULL COMMENT '创建人',
  `ADD_TIME` datetime NOT NULL COMMENT '创建时间',
  `KEEP_RESULT` varchar(400) NOT NULL COMMENT '维护结果',
  PRIMARY KEY (`KEEP_ID`)
) ENGINE=InnoDB DEFAULT CHARSET=gbk COMMENT='固定资产维护记录表';

--
-- Dumping data for table `cp_asset_keep`
--


--
-- Table structure for table `cp_asset_reflect`
--

CREATE TABLE `cp_asset_reflect` (
  `ID` int(11) NOT NULL AUTO_INCREMENT COMMENT '唯一自增ID',
  `CPTL_NO` varchar(100) NOT NULL COMMENT '资产编号',
  `CPTL_NAME` varchar(200) NOT NULL COMMENT '资产名称',
  `TYPE_ID` varchar(45) NOT NULL DEFAULT '0' COMMENT '资产类别',
  `DEPT_ID` varchar(45) NOT NULL DEFAULT '0' COMMENT '所属部门',
  `CPTL_VAL` varchar(45) NOT NULL DEFAULT '0.00' COMMENT '资产原值',
  `CPTL_BAL` varchar(45) NOT NULL DEFAULT '0.00' COMMENT '残值率',
  `DPCT_YY` varchar(45) NOT NULL DEFAULT '0.00' COMMENT '折旧年限',
  `MON_DPCT` varchar(45) NOT NULL DEFAULT '0.00' COMMENT '月折旧额',
  `SUM_DPCT` varchar(45) NOT NULL DEFAULT '0.00' COMMENT '累计折旧',
  `CPTL_KIND` varchar(10) NOT NULL COMMENT '资产性质',
  `PRCS_ID` varchar(45) NOT NULL DEFAULT '0' COMMENT '增加类型',
  `FINISH_FLAG` varchar(45) NOT NULL COMMENT '折旧',
  `CREATE_DATE` varchar(45) NOT NULL DEFAULT '0000-00-00' COMMENT '新建时间',
  `DCR_DATE` varchar(45) NOT NULL DEFAULT '0000-00-00' COMMENT '减少日期',
  `FROM_YYMM` varchar(45) NOT NULL DEFAULT '0000-00-00' COMMENT '启用日期',
  `DCR_PRCS_ID` varchar(45) NOT NULL DEFAULT '0' COMMENT '减少类型',
  `KEEPER` varchar(20) NOT NULL COMMENT '保管人',
  `REMARK` varchar(45) NOT NULL COMMENT '备注',
  PRIMARY KEY (`ID`)
) ENGINE=InnoDB AUTO_INCREMENT=2 DEFAULT CHARSET=gbk COMMENT='导入字段信息表';

--
-- Dumping data for table `cp_asset_reflect`
--

INSERT INTO `cp_asset_reflect` VALUES (1,'资产编号','资产名称','资产类别','所属部门','资产原值','残值率','折旧年限','月折旧额','累计折旧','资产性质','增加类型','折旧','','','启用日期','','保管人','备注');

--
-- Table structure for table `cp_asset_type`
--

CREATE TABLE `cp_asset_type` (
  `TYPE_ID` int(11) NOT NULL AUTO_INCREMENT COMMENT '唯一自增ID',
  `TYPE_NAME` varchar(200) NOT NULL DEFAULT '' COMMENT '类别名称',
  `TYPE_NO` int(11) NOT NULL DEFAULT '0' COMMENT '类别排序号',
  PRIMARY KEY (`TYPE_ID`)
) ENGINE=InnoDB AUTO_INCREMENT=4 DEFAULT CHARSET=gbk COMMENT='资产类别表';

--
-- Dumping data for table `cp_asset_type`
--

INSERT INTO `cp_asset_type` VALUES (1,'电子产品',1),(3,'办公设备',2);

--
-- Table structure for table `cp_assetcfg`
--

CREATE TABLE `cp_assetcfg` (
  `DPCT_SORT` varchar(10) NOT NULL DEFAULT '' COMMENT '计提折旧方式(M-月,S-季,Y-年)',
  `BAL_SORT` varchar(10) NOT NULL DEFAULT '' COMMENT '残值处理方式(01-残值,02-残值率)'
) ENGINE=InnoDB DEFAULT CHARSET=gbk COMMENT='资产基本参数信息表';

--
-- Dumping data for table `cp_assetcfg`
--

INSERT INTO `cp_assetcfg` VALUES ('Y','02');

--
-- Table structure for table `cp_cptl_info`
--

CREATE TABLE `cp_cptl_info` (
  `CPTL_ID` int(11) NOT NULL AUTO_INCREMENT COMMENT '唯一自增ID',
  `CPTL_NO` varchar(100) NOT NULL DEFAULT '' COMMENT '资产编号',
  `CPTL_NAME` varchar(200) NOT NULL DEFAULT '' COMMENT '资产名称',
  `TYPE_ID` int(11) NOT NULL DEFAULT '0' COMMENT '资产类别',
  `DEPT_ID` int(11) NOT NULL DEFAULT '0' COMMENT '所属部门ID',
  `CPTL_VAL` decimal(20,2) NOT NULL DEFAULT '0.00' COMMENT '资产原值',
  `CPTL_BAL` decimal(20,2) NOT NULL DEFAULT '0.00' COMMENT '残值',
  `DPCT_YY` decimal(10,2) NOT NULL DEFAULT '0.00' COMMENT '折旧年限',
  `MON_DPCT` decimal(20,2) NOT NULL DEFAULT '0.00' COMMENT '月折旧额',
  `SUM_DPCT` decimal(20,2) NOT NULL DEFAULT '0.00' COMMENT '累计折旧',
  `CPTL_KIND` varchar(10) NOT NULL DEFAULT '' COMMENT '资产性质',
  `PRCS_ID` int(11) NOT NULL DEFAULT '0' COMMENT '增加类型',
  `FINISH_FLAG` varchar(10) NOT NULL DEFAULT '' COMMENT '折旧类型(0-未提足,1-提足)',
  `CREATE_DATE` date NOT NULL DEFAULT '0000-00-00' COMMENT '新建日期',
  `DCR_DATE` date NOT NULL DEFAULT '0000-00-00' COMMENT '减少日期',
  `FROM_YYMM` date NOT NULL DEFAULT '0000-00-00' COMMENT '启用日期',
  `DCR_PRCS_ID` int(11) NOT NULL DEFAULT '0' COMMENT '减少类型',
  `KEEPER` varchar(20) NOT NULL DEFAULT '' COMMENT '保管人',
  `REMARK` text NOT NULL COMMENT '备注',
  `ATTACHMENT_ID` varchar(255) NOT NULL DEFAULT '' COMMENT '附件ID',
  `ATTACHMENT_NAME` varchar(255) NOT NULL COMMENT '附件名称',
  PRIMARY KEY (`CPTL_ID`)
) ENGINE=InnoDB AUTO_INCREMENT=16 DEFAULT CHARSET=gbk COMMENT='固定资产信息表';

--
-- Dumping data for table `cp_cptl_info`
--

INSERT INTO `cp_cptl_info` VALUES (1,'A2010110801','笔记本电脑',1,9,4999.00,3.00,1.00,416.33,0.00,'01',1,'1','2013-10-28','0000-00-00','2013-10-24',0,'lihongguang','','',''),(2,'A2013110901','笔记本电脑',1,9,4999.00,3.00,1.00,404.09,0.00,'01',1,'1','2013-10-28','0000-00-00','2013-11-09',0,'lihongguang','','2672@1310_74805061','3.jpg'),(3,'A2010110802','笔记本电脑',1,9,6700.00,3.00,1.00,541.58,0.00,'01',1,'1','2013-10-28','0000-00-00','2010-11-08',0,'yinyunfei','','2671@1310_1348813628','1.jpg'),(4,'A2010051901','笔记本电脑',1,20,7599.00,3.00,1.00,614.25,0.00,'01',1,'1','2013-10-28','0000-00-00','2010-05-19',0,'zhaomin','','2670@1310_190458018','2.jpg'),(5,'A2010052201','笔记本电脑',1,19,7599.00,3.00,1.00,614.25,0.00,'01',1,'1','2013-10-28','0000-00-00','2010-05-22',0,'changbai','','2669@1310_579240917','1.jpg'),(6,'A2010061201','笔记本电脑',1,10,8000.00,3.00,1.00,646.67,0.00,'01',1,'1','2013-10-28','0000-00-00','2010-06-12',0,'yaoyong','','2668@1310_1260711623','4.jpg'),(7,'A2010061202','投影仪',1,20,5600.00,4.00,1.00,448.00,0.00,'01',1,'0','2013-10-24','0000-00-00','2010-06-12',0,'zhaomin','','2667@1310_618793938','6.jpg'),(8,'A2010062201','笔记本电脑',1,42,8000.00,3.00,1.00,646.67,0.00,'01',1,'1','2013-10-28','0000-00-00','2010-06-22',0,'nierongrong','','2666@1310_50232085','2.jpg'),(9,'A2011061601','笔记本电脑',1,7,8998.00,3.00,1.00,727.34,0.00,'01',1,'0','2013-10-28','0000-00-00','2011-06-16',0,'litian','','2665@1310_1553710366','1.jpg'),(10,'A2011061602','笔记本电脑',1,33,8998.00,3.00,1.00,727.34,0.00,'01',1,'1','2013-10-28','0000-00-00','2011-06-16',0,'liumingcai','','2664@1310_1010996934','5.jpg'),(11,'A2011101401','手机',1,38,3500.00,3.00,1.00,282.92,0.00,'01',1,'1','2013-10-24','0000-00-00','2011-10-14',0,'wangjiajia','','2662@1310_858461939','3.jpg'),(12,'A2012031901','笔记本电脑',1,11,6599.00,3.00,1.00,533.42,0.00,'01',1,'0','2013-10-24','0000-00-00','2012-03-19',0,'wangwei','','2663@1310_859082259','4.jpg'),(13,'B2010042101','办公桌',3,18,2200.00,3.00,1.00,177.83,0.00,'01',2,'1','2013-10-24','0000-00-00','2010-04-21',0,'liuna','','2660@1310_1781461178','1.jpg'),(14,'B2010042102','办公椅',3,18,700.00,3.00,1.00,56.58,0.00,'01',2,'','2013-10-24','0000-00-00','2010-04-21',0,'liuna','','2659@1310_1033795129','2.jpg'),(15,'B2012072501','冰箱',3,20,1800.00,3.00,1.00,145.50,0.00,'01',2,'1','2013-10-28','0000-00-00','2012-07-25',0,'wangyun','','2658@1310_1656390084','QQ截图20131024114549.jpg');

--
-- Table structure for table `cp_dpct_sub`
--

CREATE TABLE `cp_dpct_sub` (
  `DEPRE_ID` int(11) NOT NULL AUTO_INCREMENT COMMENT '唯一自增ID',
  `CPTL_ID` int(11) NOT NULL DEFAULT '0' COMMENT '资产ID',
  `PEPRE_DATE` date NOT NULL DEFAULT '0000-00-00' COMMENT '发生时间',
  `FROM_YYMM` varchar(10) NOT NULL DEFAULT '' COMMENT '起始时间',
  `TO_YYMM` varchar(10) NOT NULL DEFAULT '' COMMENT '结束时间',
  `DEPRE_AMT` decimal(20,2) NOT NULL DEFAULT '0.00' COMMENT '折旧金额',
  PRIMARY KEY (`DEPRE_ID`)
) ENGINE=InnoDB DEFAULT CHARSET=gbk COMMENT='固定资产折旧记录表';

--
-- Dumping data for table `cp_dpct_sub`
--


--
-- Table structure for table `cp_prcs_prop`
--

CREATE TABLE `cp_prcs_prop` (
  `PRCS_ID` int(11) NOT NULL AUTO_INCREMENT COMMENT '唯一自增ID',
  `PRCS_CLASS` varchar(10) NOT NULL DEFAULT '' COMMENT '编号',
  `PRCS_DESC` varchar(50) NOT NULL DEFAULT '' COMMENT '名称',
  `PRCS_LONG_DESC` varchar(200) NOT NULL DEFAULT '' COMMENT '描述',
  PRIMARY KEY (`PRCS_ID`)
) ENGINE=InnoDB AUTO_INCREMENT=13 DEFAULT CHARSET=gbk COMMENT='固定资产增减处理类型表';

--
-- Dumping data for table `cp_prcs_prop`
--

INSERT INTO `cp_prcs_prop` VALUES (1,'A01','购入','购入不需安装的固定资产'),(2,'A02','购入','购入需安装已完工的固定资产'),(3,'A03','转入','其他单位转入的固定资产(新设备)'),(4,'A04','转入','其他单位转入的固定资产(旧设备)'),(5,'A05','捐赠','捐赠的固定资产'),(6,'A06','租赁','融资租赁的固定资产'),(7,'A07','盘盈','固定资产盘盈'),(8,'D08','转出','固定资产出售'),(9,'D09','报废','固定资产报废'),(10,'D10','损毁','固定资产损毁'),(11,'D11','盘亏','固定资产盘亏'),(12,'D12','清理','固定资产清理');

--
-- Table structure for table `daemon_config`
--

CREATE TABLE `daemon_config` (
  `SERVER_ID` tinyint(3) unsigned NOT NULL AUTO_INCREMENT COMMENT '自增唯一ID',
  `SERVER_DEF_NAME` varchar(255) NOT NULL COMMENT '服务器名称',
  `SERVER_MEMALTER` int(10) unsigned NOT NULL COMMENT 'CPU报警设置',
  `SERVER_CPUALTER` tinyint(3) unsigned NOT NULL COMMENT 'CPU报警设置',
  `SERVER_ISACTIVE` tinyint(3) unsigned NOT NULL COMMENT '是否开启监控(0-否,1-是)',
  PRIMARY KEY (`SERVER_ID`)
) ENGINE=InnoDB AUTO_INCREMENT=2 DEFAULT CHARSET=gbk COMMENT='服务器监控设置表';

--
-- Dumping data for table `daemon_config`
--

INSERT INTO `daemon_config` VALUES (1,'OA服务器',2048,80,1);

--
-- Table structure for table `daemon_hardware_info`
--

CREATE TABLE `daemon_hardware_info` (
  `HOST_ID` tinyint(3) unsigned NOT NULL AUTO_INCREMENT COMMENT '唯一自增ID',
  `SERVER_ID` tinyint(3) unsigned NOT NULL COMMENT '服务器ID',
  `HOST_MEMORY` varchar(10) NOT NULL COMMENT '内存',
  `HOST_CPU` varchar(60) NOT NULL COMMENT '处理器',
  `HOST_NAME` varchar(60) NOT NULL COMMENT '计算机名',
  `HOST_OS` varchar(60) NOT NULL COMMENT '操作系统',
  UNIQUE KEY `HOST_ID` (`HOST_ID`),
  UNIQUE KEY `SERVER_ID` (`SERVER_ID`)
) ENGINE=InnoDB AUTO_INCREMENT=2 DEFAULT CHARSET=gbk COMMENT='服务器基本信息表';

--
-- Dumping data for table `daemon_hardware_info`
--

INSERT INTO `daemon_hardware_info` VALUES (1,1,'3067 MB','AMD A8-3870 APU with Radeon(tm) HD Graphics','OA','Microsoft Windows XPService Pack 3');

--
-- Table structure for table `daemon_http_config`
--

CREATE TABLE `daemon_http_config` (
  `http_id` int(11) unsigned NOT NULL AUTO_INCREMENT COMMENT '自增id',
  `http_url` varchar(255) NOT NULL DEFAULT '' COMMENT 'http监控地址',
  `http_desc` varchar(255) NOT NULL DEFAULT '' COMMENT 'http监控描述',
  `http_isactive` tinyint(3) unsigned NOT NULL DEFAULT '0' COMMENT '启用监控状态(1-已启用,0-已停用)',
  `space_time` tinyint(3) unsigned NOT NULL DEFAULT '1' COMMENT 'HTTP监控间隔时间(分钟)',
  PRIMARY KEY (`http_id`),
  UNIQUE KEY `http_url` (`http_url`)
) ENGINE=InnoDB DEFAULT CHARSET=gbk COMMENT='HTTP监控设置';

--
-- Dumping data for table `daemon_http_config`
--


--
-- Table structure for table `daemon_http_status`
--

CREATE TABLE `daemon_http_status` (
  `id` int(11) unsigned NOT NULL AUTO_INCREMENT COMMENT '自增id',
  `http_id` int(11) unsigned NOT NULL COMMENT '对应HTTP监控设置中http_id',
  `http_status` varchar(20) NOT NULL DEFAULT '' COMMENT 'HTTP监控状态',
  `status_time` int(11) unsigned NOT NULL COMMENT 'HTTP监控时间',
  PRIMARY KEY (`id`),
  KEY `http_id` (`http_id`)
) ENGINE=InnoDB DEFAULT CHARSET=gbk COMMENT='HTTP监控状态记录表';

--
-- Dumping data for table `daemon_http_status`
--


--
-- Table structure for table `daemon_process_info`
--

CREATE TABLE `daemon_process_info` (
  `AUTO_ID` int(10) unsigned NOT NULL AUTO_INCREMENT COMMENT '唯一自增ID',
  `SERVICE_NAME` varchar(20) NOT NULL COMMENT '服务名',
  `SERVER_ID` tinyint(3) unsigned NOT NULL COMMENT '服务器ID',
  `PROCESS_CPU` smallint(5) unsigned NOT NULL COMMENT 'CPU占用',
  `PROCESS_MEMORY` int(10) unsigned NOT NULL COMMENT '内存占用',
  `PROCESS_TIME` int(10) unsigned NOT NULL COMMENT '记录时间',
  `SERVICE_STATE` tinyint(3) unsigned NOT NULL COMMENT '服务状态',
  UNIQUE KEY `AUTO_ID` (`AUTO_ID`)
) ENGINE=InnoDB AUTO_INCREMENT=4292 DEFAULT CHARSET=gbk COMMENT='服务器资源占用记录表';

--
-- Dumping data for table `daemon_process_info`
--

INSERT INTO `daemon_process_info` VALUES (1,'Office_IM',1,0,1028,1429408521,4),(2,'Office_Mail',1,0,11688,1429408521,4),(3,'Office_Task',1,1,11536,1429408521,4),(4,'MySQL5_OA',1,6,49300,1429408521,4),(5,'Office_Index',1,0,9296,1429408521,4),(6,'Office_POP3',1,0,8788,1429408521,4),(7,'Office_Web',1,0,8652,1429408521,4),(8,'Office_Redis',1,0,8568,1429408521,4),(9,'Office_IM',1,0,1028,1429408641,4),(10,'Office_Mail',1,0,11756,1429408641,4),(11,'Office_Task',1,1,11536,1429408641,4),(12,'MySQL5_OA',1,1,49784,1429408641,4),(13,'Office_Index',1,0,9296,1429408641,4),(14,'Office_POP3',1,0,8788,1429408641,4),(15,'Office_Web',1,0,8732,1429408641,4),(16,'Office_Redis',1,0,8652,1429408641,4),(17,'Office_IM',1,0,1028,1429408761,4),(18,'Office_Mail',1,1,11748,1429408761,4),(19,'Office_Task',1,1,11548,1429408761,4),(20,'MySQL5_OA',1,1,50068,1429408761,4),(21,'Office_Index',1,0,9296,1429408761,4),(22,'Office_POP3',1,0,8780,1429408761,4),(23,'Office_Web',1,0,8816,1429408761,4),(24,'Office_Redis',1,0,8720,1429408761,4),(25,'Office_IM',1,0,1028,1429408881,4),(26,'Office_Mail',1,0,11748,1429408881,4),(27,'Office_Task',1,0,11552,1429408881,4),(28,'MySQL5_OA',1,1,50252,1429408881,4),(29,'Office_Index',1,0,9296,1429408881,4),(30,'Office_POP3',1,0,8780,1429408881,4),(31,'Office_Web',1,0,8876,1429408881,4),(32,'Office_Redis',1,0,8788,1429408881,4),(33,'Office_IM',1,0,1028,1429409001,4),(34,'Office_Mail',1,1,11816,1429409001,4),(35,'Office_Task',1,1,11556,1429409001,4),(36,'MySQL5_OA',1,2,50844,1429409001,4),(37,'Office_Index',1,0,9296,1429409001,4),(38,'Office_POP3',1,0,8780,1429409001,4),(39,'Office_Web',1,0,8956,1429409001,4),(40,'Office_Redis',1,0,8856,1429409001,4),(41,'Office_IM',1,0,1028,1429409121,4),(42,'Office_Mail',1,0,11816,1429409121,4),(43,'Office_Task',1,1,11556,1429409121,4),(44,'MySQL5_OA',1,1,50920,1429409121,4),(45,'Office_Index',1,0,9296,1429409121,4),(46,'Office_POP3',1,0,8780,1429409121,4),(47,'Office_Web',1,0,9016,1429409121,4),(48,'Office_Redis',1,0,8924,1429409121,4),(49,'Office_IM',1,0,1028,1429409241,4),(50,'Office_Mail',1,0,11816,1429409241,4),(51,'Office_Task',1,0,11560,1429409241,4),(52,'MySQL5_OA',1,42,107900,1429409241,4),(53,'Office_Index',1,0,9296,1429409241,4),(54,'Office_POP3',1,0,8780,1429409241,4),(55,'Office_Web',1,0,9084,1429409241,4),(56,'Office_Redis',1,0,8996,1429409241,4),(57,'Office_IM',1,0,1028,1429409361,4),(58,'Office_Mail',1,0,11816,1429409361,4),(59,'Office_Task',1,0,11560,1429409361,4),(60,'MySQL5_OA',1,4,108208,1429409361,4),(61,'Office_Index',1,0,9296,1429409361,4),(62,'Office_POP3',1,0,8780,1429409361,4),(63,'Office_Web',1,0,9160,1429409361,4),(64,'Office_Redis',1,0,9064,1429409361,4),(65,'Office_IM',1,0,1028,1429409481,4),(66,'Office_Mail',1,0,11816,1429409481,4),(67,'Office_Task',1,0,11560,1429409481,4),(68,'MySQL5_OA',1,1,108176,1429409481,4),(69,'Office_Index',1,0,9296,1429409481,4),(70,'Office_POP3',1,0,8780,1429409481,4),(71,'Office_Web',1,0,9224,1429409481,4),(72,'Office_Redis',1,0,9132,1429409481,4),(73,'Office_IM',1,0,1028,1429409601,4),(74,'Office_Mail',1,0,11840,1429409601,4),(75,'Office_Task',1,1,11560,1429409601,4),(76,'MySQL5_OA',1,2,93820,1429409601,4),(77,'Office_Index',1,0,9296,1429409601,4),(78,'Office_POP3',1,0,8780,1429409601,4),(79,'Office_Web',1,0,9300,1429409601,4),(80,'Office_Redis',1,0,9200,1429409601,4),(81,'Office_IM',1,0,1092,1429409721,4),(82,'Office_Mail',1,0,11840,1429409721,4),(83,'Office_Task',1,1,11560,1429409721,4),(84,'MySQL5_OA',1,1,94036,1429409721,4),(85,'Office_Index',1,0,9296,1429409721,4),(86,'Office_POP3',1,0,8780,1429409721,4),(87,'Office_Web',1,0,9360,1429409721,4),(88,'Office_Redis',1,0,9268,1429409721,4),(89,'Office_IM',1,0,1092,1429409841,4),(90,'Office_Mail',1,0,11840,1429409841,4),(91,'Office_Task',1,1,11564,1429409841,4),(92,'MySQL5_OA',1,1,94036,1429409841,4),(93,'Office_Index',1,0,9296,1429409841,4),(94,'Office_POP3',1,0,8780,1429409841,4),(95,'Office_Web',1,0,9432,1429409841,4),(96,'Office_Redis',1,0,9340,1429409841,4),(97,'Office_IM',1,0,1092,1429409961,4),(98,'Office_Mail',1,0,11840,1429409961,4),(99,'Office_Task',1,0,11564,1429409961,4),(100,'MySQL5_OA',1,1,94052,1429409961,4),(101,'Office_Index',1,0,9296,1429409961,4),(102,'Office_POP3',1,0,8780,1429409961,4),(103,'Office_Web',1,0,9508,1429409961,4),(104,'Office_Redis',1,0,9408,1429409961,4),(105,'Office_IM',1,0,1096,1429410081,4),(106,'Office_Mail',1,0,11840,1429410081,4),(107,'Office_Task',1,0,11568,1429410081,4),(108,'MySQL5_OA',1,1,94204,1429410081,4),(109,'Office_Index',1,0,9296,1429410081,4),(110,'Office_POP3',1,0,8780,1429410081,4),(111,'Office_Web',1,0,9568,1429410081,4),(112,'Office_Redis',1,0,9476,1429410081,4),(113,'Office_IM',1,0,1096,1429410202,4),(114,'Office_Mail',1,1,11872,1429410202,4),(115,'Office_Task',1,1,11576,1429410202,4),(116,'MySQL5_OA',1,1,94080,1429410202,4),(117,'Office_Index',1,0,9296,1429410202,4),(118,'Office_POP3',1,0,8780,1429410202,4),(119,'Office_Web',1,0,9644,1429410202,4),(120,'Office_Redis',1,0,9544,1429410202,4),(121,'Office_IM',1,0,1092,1429410322,4),(122,'Office_Mail',1,0,11872,1429410322,4),(123,'Office_Task',1,0,11576,1429410322,4),(124,'MySQL5_OA',1,1,94080,1429410322,4),(125,'Office_Index',1,0,9296,1429410322,4),(126,'Office_POP3',1,0,8780,1429410322,4),(127,'Office_Web',1,0,9716,1429410322,4),(128,'Office_Redis',1,0,9616,1429410322,4),(129,'Office_IM',1,0,940,1429410888,4),(130,'Office_Mail',1,0,11872,1429410888,4),(131,'Office_Task',1,0,11576,1429410888,4),(132,'MySQL5_OA',1,1,94096,1429410888,4),(133,'Office_Index',1,0,9296,1429410888,4),(134,'Office_POP3',1,0,8784,1429410888,4),(135,'Office_Web',1,0,9784,1429410888,4),(136,'Office_Redis',1,0,9684,1429410888,4),(137,'Office_IM',1,1,888,1429411008,4),(138,'Office_Mail',1,0,11896,1429411008,4),(139,'Office_Task',1,1,11588,1429411008,4),(140,'MySQL5_OA',1,2,94136,1429411008,4),(141,'Office_Index',1,0,9300,1429411008,4),(142,'Office_POP3',1,0,8784,1429411008,4),(143,'Office_Web',1,0,9856,1429411008,4),(144,'Office_Redis',1,0,9756,1429411008,4),(145,'Office_IM',1,0,1068,1429411128,4),(146,'Office_Mail',1,0,11896,1429411128,4),(147,'Office_Task',1,0,11600,1429411128,4),(148,'MySQL5_OA',1,1,94136,1429411128,4),(149,'Office_Index',1,0,9300,1429411128,4),(150,'Office_POP3',1,0,8784,1429411128,4),(151,'Office_Web',1,0,9924,1429411128,4),(152,'Office_Redis',1,0,9824,1429411128,4),(153,'Office_IM',1,0,1064,1429411248,4),(154,'Office_Mail',1,0,11896,1429411248,4),(155,'Office_Task',1,1,11612,1429411248,4),(156,'MySQL5_OA',1,1,94124,1429411248,4),(157,'Office_Index',1,0,9300,1429411248,4),(158,'Office_POP3',1,0,8784,1429411248,4),(159,'Office_Web',1,0,9992,1429411248,4),(160,'Office_Redis',1,0,9892,1429411248,4),(161,'Office_IM',1,0,1060,1429411368,4),(162,'Office_Mail',1,0,11896,1429411368,4),(163,'Office_Task',1,1,11612,1429411368,4),(164,'MySQL5_OA',1,1,94140,1429411368,4),(165,'Office_Index',1,0,9300,1429411368,4),(166,'Office_POP3',1,0,8784,1429411368,4),(167,'Office_Web',1,0,10060,1429411368,4),(168,'Office_Redis',1,0,9960,1429411368,4),(169,'Office_IM',1,1,1060,1429411488,4),(170,'Office_Mail',1,0,11920,1429411488,4),(171,'Office_Task',1,1,11632,1429411488,4),(172,'MySQL5_OA',1,1,94124,1429411488,4),(173,'Office_Index',1,0,9300,1429411488,4),(174,'Office_POP3',1,0,8784,1429411488,4),(175,'Office_Web',1,0,10128,1429411488,4),(176,'Office_Redis',1,0,10028,1429411488,4),(177,'Office_IM',1,0,1060,1429411608,4),(178,'Office_Mail',1,0,11920,1429411608,4),(179,'Office_Task',1,0,11588,1429411608,4),(180,'MySQL5_OA',1,1,94072,1429411608,4),(181,'Office_Index',1,0,9300,1429411608,4),(182,'Office_POP3',1,0,8784,1429411608,4),(183,'Office_Web',1,0,10196,1429411608,4),(184,'Office_Redis',1,0,10100,1429411608,4),(185,'Office_IM',1,0,928,1429411728,4),(186,'Office_Mail',1,0,11920,1429411728,4),(187,'Office_Task',1,1,11592,1429411728,4),(188,'MySQL5_OA',1,1,94276,1429411728,4),(189,'Office_Index',1,0,9300,1429411728,4),(190,'Office_POP3',1,0,8784,1429411728,4),(191,'Office_Web',1,0,10264,1429411728,4),(192,'Office_Redis',1,0,10168,1429411728,4),(193,'Office_IM',1,0,1064,1429411848,4),(194,'Office_Mail',1,0,11920,1429411848,4),(195,'Office_Task',1,1,11604,1429411848,4),(196,'MySQL5_OA',1,1,94276,1429411848,4),(197,'Office_Index',1,0,9300,1429411848,4),(198,'Office_POP3',1,0,8784,1429411848,4),(199,'Office_Web',1,0,10332,1429411848,4),(200,'Office_Redis',1,0,10236,1429411848,4),(201,'Office_IM',1,4,1688,1429428761,4),(202,'Office_Mail',1,4,11944,1429428761,4),(203,'Office_Task',1,13,11820,1429428761,4),(204,'MySQL5_OA',1,9,94144,1429428761,4),(205,'Office_Index',1,0,9300,1429428761,4),(206,'Office_POP3',1,0,8784,1429428761,4),(207,'Office_Web',1,4,10404,1429428761,4),(208,'Office_Redis',1,0,10308,1429428761,4),(209,'Office_IM',1,0,688,1429428880,4),(210,'Office_Mail',1,0,11944,1429428880,4),(211,'Office_Task',1,1,11676,1429428880,4),(212,'MySQL5_OA',1,16,94128,1429428880,4),(213,'Office_Index',1,0,9300,1429428880,4),(214,'Office_POP3',1,0,8784,1429428880,4),(215,'Office_Web',1,0,10472,1429428880,4),(216,'Office_Redis',1,0,10376,1429428880,4),(217,'Office_IM',1,0,588,1429429000,4),(218,'Office_Mail',1,0,11944,1429429000,4),(219,'Office_Task',1,1,11676,1429429000,4),(220,'MySQL5_OA',1,1,94136,1429429000,4),(221,'Office_Index',1,0,9300,1429429000,4),(222,'Office_POP3',1,0,8784,1429429000,4),(223,'Office_Web',1,0,10540,1429429000,4),(224,'Office_Redis',1,0,10444,1429429000,4),(225,'Office_IM',1,0,1072,1429429120,4),(226,'Office_Mail',1,0,11944,1429429120,4),(227,'Office_Task',1,1,11688,1429429120,4),(228,'MySQL5_OA',1,1,94112,1429429120,4),(229,'Office_Index',1,0,9300,1429429120,4),(230,'Office_POP3',1,0,8784,1429429120,4),(231,'Office_Web',1,0,10608,1429429120,4),(232,'Office_Redis',1,0,10512,1429429120,4),(233,'Office_IM',1,0,1068,1429429240,4),(234,'Office_Mail',1,0,11944,1429429240,4),(235,'Office_Task',1,1,11676,1429429240,4),(236,'MySQL5_OA',1,1,94216,1429429240,4),(237,'Office_Index',1,0,9300,1429429240,4),(238,'Office_POP3',1,0,8784,1429429240,4),(239,'Office_Web',1,0,10676,1429429240,4),(240,'Office_Redis',1,0,10580,1429429240,4),(241,'Office_IM',1,0,516,1429429360,4),(242,'Office_Mail',1,0,11944,1429429360,4),(243,'Office_Task',1,1,11700,1429429360,4),(244,'MySQL5_OA',1,1,94216,1429429360,4),(245,'Office_Index',1,0,9300,1429429360,4),(246,'Office_POP3',1,0,8784,1429429360,4),(247,'Office_Web',1,0,10744,1429429360,4),(248,'Office_Redis',1,0,10648,1429429360,4),(249,'Office_IM',1,0,976,1429429480,4),(250,'Office_Mail',1,0,11968,1429429480,4),(251,'Office_Task',1,1,11676,1429429480,4),(252,'MySQL5_OA',1,1,93944,1429429480,4),(253,'Office_Index',1,0,9300,1429429480,4),(254,'Office_POP3',1,0,8784,1429429480,4),(255,'Office_Web',1,0,10812,1429429480,4),(256,'Office_Redis',1,0,10716,1429429480,4),(257,'Office_IM',1,0,792,1429429600,4),(258,'Office_Mail',1,0,11972,1429429600,4),(259,'Office_Task',1,1,11680,1429429600,4),(260,'MySQL5_OA',1,1,93960,1429429600,4),(261,'Office_Index',1,0,9304,1429429600,4),(262,'Office_POP3',1,0,8788,1429429600,4),(263,'Office_Web',1,0,10884,1429429600,4),(264,'Office_Redis',1,0,10788,1429429600,4),(265,'Office_IM',1,0,976,1429429720,4),(266,'Office_Mail',1,0,11972,1429429720,4),(267,'Office_Task',1,1,11668,1429429720,4),(268,'MySQL5_OA',1,2,93992,1429429720,4),(269,'Office_Index',1,0,9304,1429429720,4),(270,'Office_POP3',1,0,8788,1429429720,4),(271,'Office_Web',1,0,10952,1429429720,4),(272,'Office_Redis',1,0,10856,1429429720,4),(273,'Office_IM',1,0,532,1429429840,4),(274,'Office_Mail',1,0,11972,1429429840,4),(275,'Office_Task',1,1,11704,1429429840,4),(276,'MySQL5_OA',1,1,93992,1429429840,4),(277,'Office_Index',1,0,9304,1429429840,4),(278,'Office_POP3',1,0,8788,1429429840,4),(279,'Office_Web',1,0,11020,1429429840,4),(280,'Office_Redis',1,0,10924,1429429840,4),(281,'Office_IM',1,0,344,1429429960,4),(282,'Office_Mail',1,0,11980,1429429960,4),(283,'Office_Task',1,1,11724,1429429960,4),(284,'MySQL5_OA',1,1,94008,1429429960,4),(285,'Office_Index',1,0,9304,1429429960,4),(286,'Office_POP3',1,0,8788,1429429960,4),(287,'Office_Web',1,0,11088,1429429960,4),(288,'Office_Redis',1,0,10992,1429429960,4),(289,'Office_IM',1,0,616,1429430080,4),(290,'Office_Mail',1,1,11996,1429430080,4),(291,'Office_Task',1,1,11692,1429430080,4),(292,'MySQL5_OA',1,1,94160,1429430080,4),(293,'Office_Index',1,0,9304,1429430080,4),(294,'Office_POP3',1,0,8788,1429430080,4),(295,'Office_Web',1,0,11160,1429430080,4),(296,'Office_Redis',1,0,11064,1429430080,4),(297,'Office_IM',1,0,616,1429430200,4),(298,'Office_Mail',1,0,11996,1429430200,4),(299,'Office_Task',1,1,11668,1429430200,4),(300,'MySQL5_OA',1,1,94160,1429430200,4),(301,'Office_Index',1,0,9304,1429430200,4),(302,'Office_POP3',1,0,8788,1429430200,4),(303,'Office_Web',1,0,11232,1429430200,4),(304,'Office_Redis',1,0,11132,1429430200,4),(305,'Office_IM',1,1,616,1429430320,4),(306,'Office_Mail',1,1,11996,1429430320,4),(307,'Office_Task',1,1,11708,1429430320,4),(308,'MySQL5_OA',1,1,94144,1429430320,4),(309,'Office_Index',1,1,9304,1429430320,4),(310,'Office_POP3',1,0,8788,1429430320,4),(311,'Office_Web',1,0,11300,1429430320,4),(312,'Office_Redis',1,0,11200,1429430320,4),(313,'Office_IM',1,0,616,1429430440,4),(314,'Office_Mail',1,0,11996,1429430440,4),(315,'Office_Task',1,0,11696,1429430440,4),(316,'MySQL5_OA',1,1,94176,1429430440,4),(317,'Office_Index',1,0,9304,1429430440,4),(318,'Office_POP3',1,0,8788,1429430440,4),(319,'Office_Web',1,0,11368,1429430440,4),(320,'Office_Redis',1,0,11268,1429430440,4),(321,'Office_IM',1,0,616,1429430560,4),(322,'Office_Mail',1,1,12020,1429430560,4),(323,'Office_Task',1,1,11736,1429430560,4),(324,'MySQL5_OA',1,1,94176,1429430560,4),(325,'Office_Index',1,0,9304,1429430560,4),(326,'Office_POP3',1,0,8788,1429430560,4),(327,'Office_Web',1,0,11436,1429430560,4),(328,'Office_Redis',1,0,11336,1429430560,4),(329,'Office_IM',1,0,528,1429430680,4),(330,'Office_Mail',1,0,12020,1429430680,4),(331,'Office_Task',1,0,11700,1429430680,4),(332,'MySQL5_OA',1,1,94244,1429430680,4),(333,'Office_Index',1,0,9304,1429430680,4),(334,'Office_POP3',1,0,8788,1429430680,4),(335,'Office_Web',1,0,11504,1429430680,4),(336,'Office_Redis',1,0,11404,1429430680,4),(337,'Office_IM',1,0,608,1429430800,4),(338,'Office_Mail',1,0,12020,1429430800,4),(339,'Office_Task',1,0,11684,1429430800,4),(340,'MySQL5_OA',1,1,94260,1429430800,4),(341,'Office_Index',1,0,9304,1429430800,4),(342,'Office_POP3',1,0,8788,1429430800,4),(343,'Office_Web',1,0,11572,1429430800,4),(344,'Office_Redis',1,1,11472,1429430800,4),(345,'Office_IM',1,0,1020,1429529450,4),(346,'Office_Mail',1,0,11264,1429529450,4),(347,'Office_Task',1,1,10396,1429529450,4),(348,'MySQL5_OA',1,6,46592,1429529450,4),(349,'Office_Index',1,0,9072,1429529450,4),(350,'Office_POP3',1,0,8564,1429529450,4),(351,'Office_Web',1,0,8552,1429529450,4),(352,'Office_Redis',1,0,8620,1429529450,4),(353,'Office_IM',1,0,1020,1429529570,4),(354,'Office_Mail',1,0,11332,1429529570,4),(355,'Office_Task',1,1,10400,1429529570,4),(356,'MySQL5_OA',1,2,47040,1429529570,4),(357,'Office_Index',1,0,9072,1429529570,4),(358,'Office_POP3',1,0,8564,1429529570,4),(359,'Office_Web',1,0,8632,1429529570,4),(360,'Office_Redis',1,0,8704,1429529570,4),(361,'Office_IM',1,0,1020,1429529690,4),(362,'Office_Mail',1,0,11324,1429529690,4),(363,'Office_Task',1,1,10408,1429529690,4),(364,'MySQL5_OA',1,1,47248,1429529690,4),(365,'Office_Index',1,0,9072,1429529690,4),(366,'Office_POP3',1,0,8556,1429529690,4),(367,'Office_Web',1,0,8716,1429529690,4),(368,'Office_Redis',1,0,8772,1429529690,4),(369,'Office_IM',1,0,1020,1429529810,4),(370,'Office_Mail',1,0,11324,1429529810,4),(371,'Office_Task',1,0,10412,1429529810,4),(372,'MySQL5_OA',1,1,47252,1429529810,4),(373,'Office_Index',1,0,9072,1429529810,4),(374,'Office_POP3',1,0,8556,1429529810,4),(375,'Office_Web',1,0,8776,1429529810,4),(376,'Office_Redis',1,0,8840,1429529810,4),(377,'Office_IM',1,0,1020,1429529930,4),(378,'Office_Mail',1,1,11392,1429529930,4),(379,'Office_Task',1,0,10432,1429529930,4),(380,'MySQL5_OA',1,1,46856,1429529930,4),(381,'Office_Index',1,0,9072,1429529930,4),(382,'Office_POP3',1,0,8556,1429529930,4),(383,'Office_Web',1,0,8856,1429529930,4),(384,'Office_Redis',1,0,8908,1429529930,4),(385,'Office_IM',1,0,1020,1429530050,4),(386,'Office_Mail',1,0,11392,1429530050,4),(387,'Office_Task',1,0,10440,1429530050,4),(388,'MySQL5_OA',1,1,47016,1429530050,4),(389,'Office_Index',1,0,9072,1429530050,4),(390,'Office_POP3',1,0,8556,1429530050,4),(391,'Office_Web',1,0,8916,1429530050,4),(392,'Office_Redis',1,0,8980,1429530050,4),(393,'Office_IM',1,0,1020,1429530170,4),(394,'Office_Mail',1,0,11392,1429530170,4),(395,'Office_Task',1,0,10440,1429530170,4),(396,'MySQL5_OA',1,1,47032,1429530170,4),(397,'Office_Index',1,0,9072,1429530170,4),(398,'Office_POP3',1,1,8556,1429530170,4),(399,'Office_Web',1,0,8984,1429530170,4),(400,'Office_Redis',1,0,9048,1429530170,4),(401,'Office_IM',1,0,1020,1429530290,4),(402,'Office_Mail',1,0,11392,1429530290,4),(403,'Office_Task',1,1,10440,1429530290,4),(404,'MySQL5_OA',1,1,47400,1429530290,4),(405,'Office_Index',1,0,9072,1429530290,4),(406,'Office_POP3',1,0,8556,1429530290,4),(407,'Office_Web',1,0,9060,1429530290,4),(408,'Office_Redis',1,0,9116,1429530290,4),(409,'Office_IM',1,0,1020,1429530410,4),(410,'Office_Mail',1,0,11392,1429530410,4),(411,'Office_Task',1,1,10440,1429530410,4),(412,'MySQL5_OA',1,1,47392,1429530410,4),(413,'Office_Index',1,0,9072,1429530410,4),(414,'Office_POP3',1,0,8556,1429530410,4),(415,'Office_Web',1,0,9124,1429530410,4),(416,'Office_Redis',1,0,9184,1429530410,4),(417,'Office_IM',1,0,1020,1429530530,4),(418,'Office_Mail',1,1,11420,1429530530,4),(419,'Office_Task',1,1,10440,1429530530,4),(420,'MySQL5_OA',1,1,47460,1429530530,4),(421,'Office_Index',1,0,9072,1429530530,4),(422,'Office_POP3',1,0,8556,1429530530,4),(423,'Office_Web',1,0,9200,1429530530,4),(424,'Office_Redis',1,0,9252,1429530530,4),(425,'Office_IM',1,0,1088,1429530650,4),(426,'Office_Mail',1,0,11420,1429530650,4),(427,'Office_Task',1,1,10440,1429530650,4),(428,'MySQL5_OA',1,1,47408,1429530650,4),(429,'Office_Index',1,0,9072,1429530650,4),(430,'Office_POP3',1,0,8556,1429530650,4),(431,'Office_Web',1,0,9260,1429530650,4),(432,'Office_Redis',1,0,9320,1429530650,4),(433,'Office_IM',1,0,1088,1429530770,4),(434,'Office_Mail',1,0,11420,1429530770,4),(435,'Office_Task',1,1,10440,1429530770,4),(436,'MySQL5_OA',1,1,47408,1429530770,4),(437,'Office_Index',1,0,9072,1429530770,4),(438,'Office_POP3',1,0,8556,1429530770,4),(439,'Office_Web',1,0,9332,1429530770,4),(440,'Office_Redis',1,0,9392,1429530770,4),(441,'Office_IM',1,0,1088,1429530890,4),(442,'Office_Mail',1,0,11420,1429530890,4),(443,'Office_Task',1,1,10440,1429530890,4),(444,'MySQL5_OA',1,1,47408,1429530890,4),(445,'Office_Index',1,0,9072,1429530890,4),(446,'Office_POP3',1,0,8556,1429530890,4),(447,'Office_Web',1,0,9408,1429530890,4),(448,'Office_Redis',1,0,9460,1429530890,4),(449,'Office_IM',1,0,1084,1429531010,4),(450,'Office_Mail',1,0,11420,1429531010,4),(451,'Office_Task',1,1,10440,1429531010,4),(452,'MySQL5_OA',1,1,47412,1429531010,4),(453,'Office_Index',1,0,9072,1429531010,4),(454,'Office_POP3',1,0,8556,1429531010,4),(455,'Office_Web',1,0,9468,1429531010,4),(456,'Office_Redis',1,0,9528,1429531010,4),(457,'Office_IM',1,0,1084,1429531130,4),(458,'Office_Mail',1,1,11448,1429531130,4),(459,'Office_Task',1,1,10444,1429531130,4),(460,'MySQL5_OA',1,2,47436,1429531130,4),(461,'Office_Index',1,0,9072,1429531130,4),(462,'Office_POP3',1,0,8556,1429531130,4),(463,'Office_Web',1,0,9544,1429531130,4),(464,'Office_Redis',1,0,9596,1429531130,4),(465,'Office_IM',1,0,1084,1429531250,4),(466,'Office_Mail',1,0,11448,1429531250,4),(467,'Office_Task',1,0,10444,1429531250,4),(468,'MySQL5_OA',1,1,47456,1429531250,4),(469,'Office_Index',1,0,9072,1429531250,4),(470,'Office_POP3',1,0,8556,1429531250,4),(471,'Office_Web',1,0,9616,1429531250,4),(472,'Office_Redis',1,0,9668,1429531250,4),(473,'Office_IM',1,0,1088,1429531370,4),(474,'Office_Mail',1,0,11448,1429531370,4),(475,'Office_Task',1,1,10444,1429531370,4),(476,'MySQL5_OA',1,1,47456,1429531370,4),(477,'Office_Index',1,0,9072,1429531370,4),(478,'Office_POP3',1,0,8556,1429531370,4),(479,'Office_Web',1,0,9684,1429531370,4),(480,'Office_Redis',1,0,9736,1429531370,4),(481,'Office_IM',1,0,1084,1429531490,4),(482,'Office_Mail',1,0,11448,1429531490,4),(483,'Office_Task',1,0,10444,1429531490,4),(484,'MySQL5_OA',1,1,47456,1429531490,4),(485,'Office_Index',1,0,9072,1429531490,4),(486,'Office_POP3',1,0,8556,1429531490,4),(487,'Office_Web',1,0,9752,1429531490,4),(488,'Office_Redis',1,0,9804,1429531490,4),(489,'Office_IM',1,0,976,1429531610,4),(490,'Office_Mail',1,0,11448,1429531610,4),(491,'Office_Task',1,1,10444,1429531610,4),(492,'MySQL5_OA',1,1,47516,1429531610,4),(493,'Office_Index',1,0,9072,1429531610,4),(494,'Office_POP3',1,0,8556,1429531610,4),(495,'Office_Web',1,0,9820,1429531610,4),(496,'Office_Redis',1,0,9872,1429531610,4),(497,'Office_IM',1,0,980,1429531730,4),(498,'Office_Mail',1,0,11472,1429531730,4),(499,'Office_Task',1,0,10444,1429531730,4),(500,'MySQL5_OA',1,2,47596,1429531730,4),(501,'Office_Index',1,0,9072,1429531730,4),(502,'Office_POP3',1,0,8556,1429531730,4),(503,'Office_Web',1,0,9888,1429531730,4),(504,'Office_Redis',1,0,9940,1429531730,4),(505,'Office_IM',1,1,1012,1429531961,4),(506,'Office_Mail',1,0,10888,1429531961,4),(507,'Office_Task',1,1,11452,1429531961,4),(508,'MySQL5_OA',1,1,46376,1429531961,4),(509,'Office_Index',1,0,9060,1429531961,4),(510,'Office_POP3',1,0,8564,1429531961,4),(511,'Office_Web',1,0,8492,1429531961,4),(512,'Office_Redis',1,0,8564,1429531961,4),(513,'Office_IM',1,0,1012,1429532240,4),(514,'Office_Mail',1,0,10900,1429532240,4),(515,'Office_Task',1,1,11456,1429532240,4),(516,'MySQL5_OA',1,7,48628,1429532240,4),(517,'Office_Index',1,0,8896,1429532240,4),(518,'Office_POP3',1,0,8572,1429532240,4),(519,'Office_Web',1,0,8484,1429532240,4),(520,'Office_Redis',1,0,8412,1429532240,4),(521,'Office_IM',1,0,1012,1429532360,4),(522,'Office_Mail',1,0,10968,1429532360,4),(523,'Office_Task',1,0,11536,1429532360,4),(524,'MySQL5_OA',1,1,49180,1429532360,4),(525,'Office_Index',1,0,8896,1429532360,4),(526,'Office_POP3',1,0,8572,1429532360,4),(527,'Office_Web',1,0,8564,1429532360,4),(528,'Office_Redis',1,0,8496,1429532360,4),(529,'Office_IM',1,0,1012,1429532480,4),(530,'Office_Mail',1,0,10960,1429532480,4),(531,'Office_Task',1,1,11536,1429532480,4),(532,'MySQL5_OA',1,4,49440,1429532480,4),(533,'Office_Index',1,0,8896,1429532480,4),(534,'Office_POP3',1,0,8564,1429532480,4),(535,'Office_Web',1,0,8644,1429532480,4),(536,'Office_Redis',1,0,8564,1429532480,4),(537,'Office_IM',1,1,1012,1429532600,4),(538,'Office_Mail',1,0,10960,1429532600,4),(539,'Office_Task',1,0,11536,1429532600,4),(540,'MySQL5_OA',1,2,49440,1429532600,4),(541,'Office_Index',1,0,8896,1429532600,4),(542,'Office_POP3',1,0,8564,1429532600,4),(543,'Office_Web',1,0,8708,1429532600,4),(544,'Office_Redis',1,0,8632,1429532600,4),(545,'Office_IM',1,0,1012,1429532720,4),(546,'Office_Mail',1,0,11028,1429532720,4),(547,'Office_Task',1,0,11540,1429532720,4),(548,'MySQL5_OA',1,2,49112,1429532720,4),(549,'Office_Index',1,0,8896,1429532720,4),(550,'Office_POP3',1,0,8564,1429532720,4),(551,'Office_Web',1,0,8784,1429532720,4),(552,'Office_Redis',1,0,8700,1429532720,4),(553,'Office_IM',1,1,1020,1429532949,4),(554,'Office_Mail',1,0,10464,1429532949,4),(555,'Office_Task',1,0,10208,1429532949,4),(556,'MySQL5_OA',1,11,50788,1429532949,4),(557,'Office_Index',1,0,8892,1429532949,4),(558,'Office_POP3',1,0,8568,1429532949,4),(559,'Office_Web',1,0,8488,1429532949,4),(560,'Office_Redis',1,0,8448,1429532949,4),(561,'Office_IM',1,0,1020,1429533069,4),(562,'Office_Mail',1,0,10536,1429533069,4),(563,'Office_Task',1,0,10284,1429533069,4),(564,'MySQL5_OA',1,1,51336,1429533069,4),(565,'Office_Index',1,0,8892,1429533069,4),(566,'Office_POP3',1,0,8568,1429533069,4),(567,'Office_Web',1,0,8568,1429533069,4),(568,'Office_Redis',1,0,8528,1429533069,4),(569,'Office_IM',1,0,1020,1429533189,4),(570,'Office_Mail',1,0,10528,1429533189,4),(571,'Office_Task',1,1,10304,1429533189,4),(572,'MySQL5_OA',1,1,51568,1429533189,4),(573,'Office_Index',1,0,8892,1429533189,4),(574,'Office_POP3',1,0,8560,1429533189,4),(575,'Office_Web',1,0,8648,1429533189,4),(576,'Office_Redis',1,0,8596,1429533189,4),(577,'Office_IM',1,0,1020,1429533309,4),(578,'Office_Mail',1,0,10528,1429533309,4),(579,'Office_Task',1,0,10304,1429533309,4),(580,'MySQL5_OA',1,1,51552,1429533309,4),(581,'Office_Index',1,0,8892,1429533309,4),(582,'Office_POP3',1,0,8560,1429533309,4),(583,'Office_Web',1,0,8712,1429533309,4),(584,'Office_Redis',1,0,8664,1429533309,4),(585,'Office_IM',1,0,1020,1429533429,4),(586,'Office_Mail',1,1,10596,1429533429,4),(587,'Office_Task',1,1,10308,1429533429,4),(588,'MySQL5_OA',1,1,50640,1429533429,4),(589,'Office_Index',1,0,8892,1429533429,4),(590,'Office_POP3',1,0,8560,1429533429,4),(591,'Office_Web',1,0,8788,1429533429,4),(592,'Office_Redis',1,0,8732,1429533429,4),(593,'Office_IM',1,0,1020,1429533549,4),(594,'Office_Mail',1,0,10596,1429533549,4),(595,'Office_Task',1,1,10312,1429533549,4),(596,'MySQL5_OA',1,1,50612,1429533549,4),(597,'Office_Index',1,0,8892,1429533549,4),(598,'Office_POP3',1,0,8560,1429533549,4),(599,'Office_Web',1,0,8848,1429533549,4),(600,'Office_Redis',1,0,8800,1429533549,4),(601,'Office_IM',1,0,1020,1429533669,4),(602,'Office_Mail',1,0,10596,1429533669,4),(603,'Office_Task',1,0,10320,1429533669,4),(604,'MySQL5_OA',1,1,50612,1429533669,4),(605,'Office_Index',1,0,8892,1429533669,4),(606,'Office_POP3',1,0,8560,1429533669,4),(607,'Office_Web',1,0,8916,1429533669,4),(608,'Office_Redis',1,0,8868,1429533669,4),(609,'Office_IM',1,0,1020,1429533789,4),(610,'Office_Mail',1,0,10596,1429533789,4),(611,'Office_Task',1,0,10328,1429533789,4),(612,'MySQL5_OA',1,1,50632,1429533789,4),(613,'Office_Index',1,0,8892,1429533789,4),(614,'Office_POP3',1,0,8560,1429533789,4),(615,'Office_Web',1,0,8996,1429533789,4),(616,'Office_Redis',1,0,8936,1429533789,4),(617,'Office_IM',1,0,1028,1429533909,4),(618,'Office_Mail',1,0,10596,1429533909,4),(619,'Office_Task',1,0,10336,1429533909,4),(620,'MySQL5_OA',1,1,50636,1429533909,4),(621,'Office_Index',1,0,8892,1429533909,4),(622,'Office_POP3',1,0,8560,1429533909,4),(623,'Office_Web',1,0,9060,1429533909,4),(624,'Office_Redis',1,0,9008,1429533909,4),(625,'Office_IM',1,0,1028,1429534029,4),(626,'Office_Mail',1,0,10624,1429534029,4),(627,'Office_Task',1,1,10336,1429534029,4),(628,'MySQL5_OA',1,1,50648,1429534029,4),(629,'Office_Index',1,0,8892,1429534029,4),(630,'Office_POP3',1,0,8560,1429534029,4),(631,'Office_Web',1,0,9136,1429534029,4),(632,'Office_Redis',1,0,9076,1429534029,4),(633,'Office_IM',1,0,1092,1429534149,4),(634,'Office_Mail',1,0,10624,1429534149,4),(635,'Office_Task',1,1,10340,1429534149,4),(636,'MySQL5_OA',1,1,50668,1429534149,4),(637,'Office_Index',1,0,8892,1429534149,4),(638,'Office_POP3',1,0,8560,1429534149,4),(639,'Office_Web',1,0,9196,1429534149,4),(640,'Office_Redis',1,0,9144,1429534149,4),(641,'Office_IM',1,0,1092,1429534269,4),(642,'Office_Mail',1,0,10624,1429534269,4),(643,'Office_Task',1,0,10340,1429534269,4),(644,'MySQL5_OA',1,1,50676,1429534269,4),(645,'Office_Index',1,0,8892,1429534269,4),(646,'Office_POP3',1,0,8560,1429534269,4),(647,'Office_Web',1,0,9268,1429534269,4),(648,'Office_Redis',1,0,9216,1429534269,4),(649,'Office_IM',1,0,1092,1429534389,4),(650,'Office_Mail',1,0,10624,1429534389,4),(651,'Office_Task',1,0,10340,1429534389,4),(652,'MySQL5_OA',1,1,50668,1429534389,4),(653,'Office_Index',1,0,8892,1429534389,4),(654,'Office_POP3',1,0,8560,1429534389,4),(655,'Office_Web',1,0,9340,1429534389,4),(656,'Office_Redis',1,0,9284,1429534389,4),(657,'Office_IM',1,0,1092,1429534509,4),(658,'Office_Mail',1,0,10624,1429534509,4),(659,'Office_Task',1,1,10340,1429534509,4),(660,'MySQL5_OA',1,1,50676,1429534509,4),(661,'Office_Index',1,0,8892,1429534509,4),(662,'Office_POP3',1,0,8560,1429534509,4),(663,'Office_Web',1,0,9404,1429534509,4),(664,'Office_Redis',1,0,9352,1429534509,4),(665,'Office_IM',1,0,1092,1429534629,4),(666,'Office_Mail',1,0,10652,1429534629,4),(667,'Office_Task',1,1,10340,1429534629,4),(668,'MySQL5_OA',1,2,50732,1429534629,4),(669,'Office_Index',1,0,8892,1429534629,4),(670,'Office_POP3',1,0,8560,1429534629,4),(671,'Office_Web',1,0,9480,1429534629,4),(672,'Office_Redis',1,0,9420,1429534629,4),(673,'Office_IM',1,0,1092,1429534749,4),(674,'Office_Mail',1,0,10652,1429534749,4),(675,'Office_Task',1,0,10340,1429534749,4),(676,'MySQL5_OA',1,1,50732,1429534749,4),(677,'Office_Index',1,0,8892,1429534749,4),(678,'Office_POP3',1,0,8560,1429534749,4),(679,'Office_Web',1,0,9552,1429534749,4),(680,'Office_Redis',1,0,9492,1429534749,4),(681,'Office_IM',1,0,1092,1429534869,4),(682,'Office_Mail',1,0,10652,1429534869,4),(683,'Office_Task',1,1,10344,1429534869,4),(684,'MySQL5_OA',1,1,50732,1429534869,4),(685,'Office_Index',1,0,8892,1429534869,4),(686,'Office_POP3',1,0,8560,1429534869,4),(687,'Office_Web',1,0,9620,1429534869,4),(688,'Office_Redis',1,0,9560,1429534869,4),(689,'Office_IM',1,0,1092,1429534989,4),(690,'Office_Mail',1,0,10652,1429534989,4),(691,'Office_Task',1,1,10348,1429534989,4),(692,'MySQL5_OA',1,1,50700,1429534989,4),(693,'Office_Index',1,0,8892,1429534989,4),(694,'Office_POP3',1,0,8560,1429534989,4),(695,'Office_Web',1,0,9688,1429534989,4),(696,'Office_Redis',1,0,9628,1429534989,4),(697,'Office_IM',1,0,1096,1429535109,4),(698,'Office_Mail',1,0,10652,1429535109,4),(699,'Office_Task',1,0,10352,1429535109,4),(700,'MySQL5_OA',1,1,50700,1429535109,4),(701,'Office_Index',1,0,8892,1429535109,4),(702,'Office_POP3',1,0,8560,1429535109,4),(703,'Office_Web',1,0,9756,1429535109,4),(704,'Office_Redis',1,0,9696,1429535109,4),(705,'Office_IM',1,0,1040,1429535229,4),(706,'Office_Mail',1,0,10676,1429535229,4),(707,'Office_Task',1,1,10352,1429535229,4),(708,'MySQL5_OA',1,1,50664,1429535229,4),(709,'Office_Index',1,0,8892,1429535229,4),(710,'Office_POP3',1,0,8560,1429535229,4),(711,'Office_Web',1,0,9824,1429535229,4),(712,'Office_Redis',1,0,9764,1429535229,4),(713,'Office_IM',1,0,988,1429535349,4),(714,'Office_Mail',1,0,10676,1429535349,4),(715,'Office_Task',1,1,10356,1429535349,4),(716,'MySQL5_OA',1,1,50672,1429535349,4),(717,'Office_Index',1,0,8892,1429535349,4),(718,'Office_POP3',1,0,8560,1429535349,4),(719,'Office_Web',1,0,9892,1429535349,4),(720,'Office_Redis',1,0,9832,1429535349,4),(721,'Office_IM',1,0,988,1429535469,4),(722,'Office_Mail',1,0,10676,1429535469,4),(723,'Office_Task',1,1,10356,1429535469,4),(724,'MySQL5_OA',1,1,50672,1429535469,4),(725,'Office_Index',1,0,8892,1429535469,4),(726,'Office_POP3',1,0,8560,1429535469,4),(727,'Office_Web',1,0,9960,1429535469,4),(728,'Office_Redis',1,0,9900,1429535469,4),(729,'Office_IM',1,0,992,1429535589,4),(730,'Office_Mail',1,0,10676,1429535589,4),(731,'Office_Task',1,1,10356,1429535589,4),(732,'MySQL5_OA',1,1,50672,1429535589,4),(733,'Office_Index',1,0,8892,1429535589,4),(734,'Office_POP3',1,0,8560,1429535589,4),(735,'Office_Web',1,0,10028,1429535589,4),(736,'Office_Redis',1,0,9972,1429535589,4),(737,'Office_IM',1,0,988,1429535709,4),(738,'Office_Mail',1,0,10676,1429535709,4),(739,'Office_Task',1,0,10356,1429535709,4),(740,'MySQL5_OA',1,1,50672,1429535709,4),(741,'Office_Index',1,0,8892,1429535709,4),(742,'Office_POP3',1,0,8560,1429535709,4),(743,'Office_Web',1,0,10096,1429535709,4),(744,'Office_Redis',1,0,10040,1429535709,4),(745,'Office_IM',1,0,988,1429535829,4),(746,'Office_Mail',1,0,10700,1429535829,4),(747,'Office_Task',1,0,10356,1429535829,4),(748,'MySQL5_OA',1,1,50656,1429535829,4),(749,'Office_Index',1,0,8892,1429535829,4),(750,'Office_POP3',1,0,8560,1429535829,4),(751,'Office_Web',1,0,10164,1429535829,4),(752,'Office_Redis',1,0,10108,1429535829,4),(753,'Office_IM',1,0,988,1429535949,4),(754,'Office_Mail',1,0,10700,1429535949,4),(755,'Office_Task',1,1,10356,1429535949,4),(756,'MySQL5_OA',1,1,50660,1429535949,4),(757,'Office_Index',1,0,8892,1429535949,4),(758,'Office_POP3',1,0,8560,1429535949,4),(759,'Office_Web',1,0,10236,1429535949,4),(760,'Office_Redis',1,0,10180,1429535949,4),(761,'Office_IM',1,0,988,1429536069,4),(762,'Office_Mail',1,0,10700,1429536069,4),(763,'Office_Task',1,0,10356,1429536069,4),(764,'MySQL5_OA',1,1,50664,1429536069,4),(765,'Office_Index',1,0,8892,1429536069,4),(766,'Office_POP3',1,0,8560,1429536069,4),(767,'Office_Web',1,0,10304,1429536069,4),(768,'Office_Redis',1,0,10248,1429536069,4),(769,'Office_IM',1,0,988,1429536189,4),(770,'Office_Mail',1,0,10700,1429536189,4),(771,'Office_Task',1,1,10356,1429536189,4),(772,'MySQL5_OA',1,1,50664,1429536189,4),(773,'Office_Index',1,0,8892,1429536189,4),(774,'Office_POP3',1,0,8560,1429536189,4),(775,'Office_Web',1,0,10372,1429536189,4),(776,'Office_Redis',1,0,10316,1429536189,4),(777,'Office_IM',1,0,988,1429536309,4),(778,'Office_Mail',1,0,10700,1429536309,4),(779,'Office_Task',1,1,10360,1429536309,4),(780,'MySQL5_OA',1,1,50664,1429536309,4),(781,'Office_Index',1,0,8892,1429536309,4),(782,'Office_POP3',1,0,8560,1429536309,4),(783,'Office_Web',1,0,10440,1429536309,4),(784,'Office_Redis',1,0,10384,1429536309,4),(785,'Office_IM',1,0,992,1429536429,4),(786,'Office_Mail',1,0,10724,1429536429,4),(787,'Office_Task',1,1,10356,1429536429,4),(788,'MySQL5_OA',1,12,51132,1429536429,4),(789,'Office_Index',1,0,8892,1429536429,4),(790,'Office_POP3',1,0,8560,1429536429,4),(791,'Office_Web',1,0,10508,1429536429,4),(792,'Office_Redis',1,0,10452,1429536429,4),(793,'Office_IM',1,0,988,1429536549,4),(794,'Office_Mail',1,0,10724,1429536549,4),(795,'Office_Task',1,0,10364,1429536549,4),(796,'MySQL5_OA',1,1,51144,1429536549,4),(797,'Office_Index',1,0,8892,1429536549,4),(798,'Office_POP3',1,0,8560,1429536549,4),(799,'Office_Web',1,0,10576,1429536549,4),(800,'Office_Redis',1,0,10520,1429536549,4),(801,'Office_IM',1,0,988,1429536669,4),(802,'Office_Mail',1,0,10724,1429536669,4),(803,'Office_Task',1,0,10364,1429536669,4),(804,'MySQL5_OA',1,1,51160,1429536669,4),(805,'Office_Index',1,0,8892,1429536669,4),(806,'Office_POP3',1,0,8560,1429536669,4),(807,'Office_Web',1,0,10644,1429536669,4),(808,'Office_Redis',1,0,10588,1429536669,4),(809,'Office_IM',1,0,988,1429536789,4),(810,'Office_Mail',1,1,10724,1429536789,4),(811,'Office_Task',1,0,10364,1429536789,4),(812,'MySQL5_OA',1,1,51260,1429536789,4),(813,'Office_Index',1,0,8892,1429536789,4),(814,'Office_POP3',1,0,8560,1429536789,4),(815,'Office_Web',1,0,10712,1429536789,4),(816,'Office_Redis',1,0,10656,1429536789,4),(817,'Office_IM',1,0,988,1429536909,4),(818,'Office_Mail',1,0,10724,1429536909,4),(819,'Office_Task',1,0,10364,1429536909,4),(820,'MySQL5_OA',1,1,51272,1429536909,4),(821,'Office_Index',1,0,8892,1429536909,4),(822,'Office_POP3',1,0,8560,1429536909,4),(823,'Office_Web',1,0,10780,1429536909,4),(824,'Office_Redis',1,0,10724,1429536909,4),(825,'Office_IM',1,0,988,1429537029,4),(826,'Office_Mail',1,0,10748,1429537029,4),(827,'Office_Task',1,1,10364,1429537029,4),(828,'MySQL5_OA',1,1,51212,1429537029,4),(829,'Office_Index',1,0,8892,1429537029,4),(830,'Office_POP3',1,0,8560,1429537029,4),(831,'Office_Web',1,0,10848,1429537029,4),(832,'Office_Redis',1,0,10792,1429537029,4),(833,'Office_IM',1,0,988,1429537149,4),(834,'Office_Mail',1,0,10748,1429537149,4),(835,'Office_Task',1,1,10364,1429537149,4),(836,'MySQL5_OA',1,1,51244,1429537149,4),(837,'Office_Index',1,0,8892,1429537149,4),(838,'Office_POP3',1,0,8560,1429537149,4),(839,'Office_Web',1,0,10916,1429537149,4),(840,'Office_Redis',1,0,10860,1429537149,4),(841,'Office_IM',1,0,988,1429537269,4),(842,'Office_Mail',1,0,10748,1429537269,4),(843,'Office_Task',1,1,10364,1429537269,4),(844,'MySQL5_OA',1,1,51200,1429537269,4),(845,'Office_Index',1,0,8892,1429537269,4),(846,'Office_POP3',1,0,8560,1429537269,4),(847,'Office_Web',1,0,10988,1429537269,4),(848,'Office_Redis',1,0,10932,1429537269,4),(849,'Office_IM',1,0,988,1429537389,4),(850,'Office_Mail',1,0,10748,1429537389,4),(851,'Office_Task',1,1,10364,1429537389,4),(852,'MySQL5_OA',1,1,51240,1429537389,4),(853,'Office_Index',1,0,8892,1429537389,4),(854,'Office_POP3',1,0,8560,1429537389,4),(855,'Office_Web',1,0,11060,1429537389,4),(856,'Office_Redis',1,0,11000,1429537389,4),(857,'Office_IM',1,0,992,1429537509,4),(858,'Office_Mail',1,0,10748,1429537509,4),(859,'Office_Task',1,0,10364,1429537509,4),(860,'MySQL5_OA',1,1,51240,1429537509,4),(861,'Office_Index',1,0,8892,1429537509,4),(862,'Office_POP3',1,0,8560,1429537509,4),(863,'Office_Web',1,0,11128,1429537509,4),(864,'Office_Redis',1,0,11068,1429537509,4),(865,'Office_IM',1,0,988,1429537629,4),(866,'Office_Mail',1,1,10772,1429537629,4),(867,'Office_Task',1,0,10364,1429537629,4),(868,'MySQL5_OA',1,1,51252,1429537629,4),(869,'Office_Index',1,0,8892,1429537629,4),(870,'Office_POP3',1,0,8560,1429537629,4),(871,'Office_Web',1,0,11196,1429537629,4),(872,'Office_Redis',1,0,11136,1429537629,4),(873,'Office_IM',1,0,988,1429537749,4),(874,'Office_Mail',1,0,10772,1429537749,4),(875,'Office_Task',1,0,10364,1429537749,4),(876,'MySQL5_OA',1,1,51268,1429537749,4),(877,'Office_Index',1,0,8892,1429537749,4),(878,'Office_POP3',1,0,8560,1429537749,4),(879,'Office_Web',1,0,11264,1429537749,4),(880,'Office_Redis',1,0,11204,1429537749,4),(881,'Office_IM',1,0,988,1429537869,4),(882,'Office_Mail',1,0,10772,1429537869,4),(883,'Office_Task',1,1,10364,1429537869,4),(884,'MySQL5_OA',1,1,51228,1429537869,4),(885,'Office_Index',1,0,8892,1429537869,4),(886,'Office_POP3',1,0,8560,1429537869,4),(887,'Office_Web',1,0,11332,1429537869,4),(888,'Office_Redis',1,0,11272,1429537869,4),(889,'Office_IM',1,0,988,1429537989,4),(890,'Office_Mail',1,0,10772,1429537989,4),(891,'Office_Task',1,0,10364,1429537989,4),(892,'MySQL5_OA',1,1,51228,1429537989,4),(893,'Office_Index',1,0,8892,1429537989,4),(894,'Office_POP3',1,0,8560,1429537989,4),(895,'Office_Web',1,0,11400,1429537989,4),(896,'Office_Redis',1,0,11340,1429537989,4),(897,'Office_IM',1,0,992,1429538109,4),(898,'Office_Mail',1,0,10772,1429538109,4),(899,'Office_Task',1,1,10364,1429538109,4),(900,'MySQL5_OA',1,1,51192,1429538109,4),(901,'Office_Index',1,0,8892,1429538109,4),(902,'Office_POP3',1,0,8560,1429538109,4),(903,'Office_Web',1,0,11468,1429538109,4),(904,'Office_Redis',1,0,11408,1429538109,4),(905,'Office_IM',1,0,992,1429538229,4),(906,'Office_Mail',1,0,10796,1429538229,4),(907,'Office_Task',1,1,10364,1429538229,4),(908,'MySQL5_OA',1,1,51276,1429538229,4),(909,'Office_Index',1,0,8892,1429538229,4),(910,'Office_POP3',1,0,8560,1429538229,4),(911,'Office_Web',1,0,11540,1429538229,4),(912,'Office_Redis',1,0,11480,1429538229,4),(913,'Office_IM',1,0,988,1429538349,4),(914,'Office_Mail',1,0,10796,1429538349,4),(915,'Office_Task',1,0,10364,1429538349,4),(916,'MySQL5_OA',1,1,51284,1429538349,4),(917,'Office_Index',1,0,8892,1429538349,4),(918,'Office_POP3',1,0,8560,1429538349,4),(919,'Office_Web',1,0,11608,1429538349,4),(920,'Office_Redis',1,0,11548,1429538349,4),(921,'Office_IM',1,0,992,1429538469,4),(922,'Office_Mail',1,0,10796,1429538469,4),(923,'Office_Task',1,1,10364,1429538469,4),(924,'MySQL5_OA',1,1,51284,1429538469,4),(925,'Office_Index',1,0,8892,1429538469,4),(926,'Office_POP3',1,0,8560,1429538469,4),(927,'Office_Web',1,0,11676,1429538469,4),(928,'Office_Redis',1,0,11616,1429538469,4),(929,'Office_IM',1,0,988,1429538589,4),(930,'Office_Mail',1,0,10796,1429538589,4),(931,'Office_Task',1,1,10364,1429538589,4),(932,'MySQL5_OA',1,1,51288,1429538589,4),(933,'Office_Index',1,0,8892,1429538589,4),(934,'Office_POP3',1,0,8560,1429538589,4),(935,'Office_Web',1,0,11744,1429538589,4),(936,'Office_Redis',1,0,11684,1429538589,4),(937,'Office_IM',1,0,988,1429538709,4),(938,'Office_Mail',1,0,10796,1429538709,4),(939,'Office_Task',1,1,10364,1429538709,4),(940,'MySQL5_OA',1,0,51304,1429538709,4),(941,'Office_Index',1,0,8892,1429538709,4),(942,'Office_POP3',1,0,8560,1429538709,4),(943,'Office_Web',1,0,11812,1429538709,4),(944,'Office_Redis',1,0,11752,1429538709,4),(945,'Office_IM',1,0,988,1429538829,4),(946,'Office_Mail',1,0,10828,1429538829,4),(947,'Office_Task',1,1,10364,1429538829,4),(948,'MySQL5_OA',1,1,51296,1429538829,4),(949,'Office_Index',1,0,8892,1429538829,4),(950,'Office_POP3',1,0,8560,1429538829,4),(951,'Office_Web',1,0,11880,1429538829,4),(952,'Office_Redis',1,0,11820,1429538829,4),(953,'Office_IM',1,0,988,1429538949,4),(954,'Office_Mail',1,0,10828,1429538949,4),(955,'Office_Task',1,0,10364,1429538949,4),(956,'MySQL5_OA',1,1,51284,1429538949,4),(957,'Office_Index',1,0,8892,1429538949,4),(958,'Office_POP3',1,0,8560,1429538949,4),(959,'Office_Web',1,0,11948,1429538949,4),(960,'Office_Redis',1,0,11888,1429538949,4),(961,'Office_IM',1,0,992,1429539069,4),(962,'Office_Mail',1,0,10828,1429539069,4),(963,'Office_Task',1,1,10364,1429539069,4),(964,'MySQL5_OA',1,1,51284,1429539069,4),(965,'Office_Index',1,0,8892,1429539069,4),(966,'Office_POP3',1,0,8560,1429539069,4),(967,'Office_Web',1,0,12016,1429539069,4),(968,'Office_Redis',1,0,11960,1429539069,4),(969,'Office_IM',1,0,988,1429539189,4),(970,'Office_Mail',1,0,10832,1429539189,4),(971,'Office_Task',1,1,10368,1429539189,4),(972,'MySQL5_OA',1,1,51256,1429539189,4),(973,'Office_Index',1,0,8896,1429539189,4),(974,'Office_POP3',1,0,8568,1429539189,4),(975,'Office_Web',1,0,12088,1429539189,4),(976,'Office_Redis',1,0,12032,1429539189,4),(977,'Office_IM',1,0,988,1429539309,4),(978,'Office_Mail',1,0,10832,1429539309,4),(979,'Office_Task',1,1,10368,1429539309,4),(980,'MySQL5_OA',1,1,51264,1429539309,4),(981,'Office_Index',1,0,8896,1429539309,4),(982,'Office_POP3',1,0,8568,1429539309,4),(983,'Office_Web',1,0,12156,1429539309,4),(984,'Office_Redis',1,0,12100,1429539309,4),(985,'Office_IM',1,0,988,1429539429,4),(986,'Office_Mail',1,0,10856,1429539429,4),(987,'Office_Task',1,0,10368,1429539429,4),(988,'MySQL5_OA',1,1,51224,1429539429,4),(989,'Office_Index',1,0,8896,1429539429,4),(990,'Office_POP3',1,0,8568,1429539429,4),(991,'Office_Web',1,0,12228,1429539429,4),(992,'Office_Redis',1,0,12172,1429539429,4),(993,'Office_IM',1,0,988,1429539549,4),(994,'Office_Mail',1,0,10856,1429539549,4),(995,'Office_Task',1,1,10368,1429539549,4),(996,'MySQL5_OA',1,1,51236,1429539549,4),(997,'Office_Index',1,0,8896,1429539549,4),(998,'Office_POP3',1,0,8568,1429539549,4),(999,'Office_Web',1,0,12296,1429539549,4),(1000,'Office_Redis',1,0,12240,1429539549,4),(1001,'Office_IM',1,0,988,1429539669,4),(1002,'Office_Mail',1,0,10856,1429539669,4),(1003,'Office_Task',1,1,10368,1429539669,4),(1004,'MySQL5_OA',1,1,51244,1429539669,4),(1005,'Office_Index',1,0,8896,1429539669,4),(1006,'Office_POP3',1,0,8568,1429539669,4),(1007,'Office_Web',1,0,12364,1429539669,4),(1008,'Office_Redis',1,0,12308,1429539669,4),(1009,'Office_IM',1,0,988,1429539789,4),(1010,'Office_Mail',1,0,10856,1429539789,4),(1011,'Office_Task',1,0,10368,1429539789,4),(1012,'MySQL5_OA',1,1,51224,1429539789,4),(1013,'Office_Index',1,0,8896,1429539789,4),(1014,'Office_POP3',1,0,8568,1429539789,4),(1015,'Office_Web',1,0,12432,1429539789,4),(1016,'Office_Redis',1,0,12376,1429539789,4),(1017,'Office_IM',1,0,992,1429539909,4),(1018,'Office_Mail',1,0,10856,1429539909,4),(1019,'Office_Task',1,1,10368,1429539909,4),(1020,'MySQL5_OA',1,1,51224,1429539909,4),(1021,'Office_Index',1,0,8896,1429539909,4),(1022,'Office_POP3',1,0,8568,1429539909,4),(1023,'Office_Web',1,0,12500,1429539909,4),(1024,'Office_Redis',1,0,12444,1429539909,4),(1025,'Office_IM',1,0,992,1429540029,4),(1026,'Office_Mail',1,0,10880,1429540029,4),(1027,'Office_Task',1,1,10424,1429540029,4),(1028,'MySQL5_OA',1,22,51192,1429540029,4),(1029,'Office_Index',1,0,8896,1429540029,4),(1030,'Office_POP3',1,0,8568,1429540029,4),(1031,'Office_Web',1,0,12568,1429540029,4),(1032,'Office_Redis',1,0,12512,1429540029,4),(1033,'Office_IM',1,0,988,1429540149,4),(1034,'Office_Mail',1,0,10880,1429540149,4),(1035,'Office_Task',1,0,10424,1429540149,4),(1036,'MySQL5_OA',1,1,51204,1429540149,4),(1037,'Office_Index',1,0,8896,1429540149,4),(1038,'Office_POP3',1,0,8568,1429540149,4),(1039,'Office_Web',1,0,12636,1429540149,4),(1040,'Office_Redis',1,0,12580,1429540149,4),(1041,'Office_IM',1,0,992,1429540269,4),(1042,'Office_Mail',1,0,10880,1429540269,4),(1043,'Office_Task',1,0,10424,1429540269,4),(1044,'MySQL5_OA',1,1,51204,1429540269,4),(1045,'Office_Index',1,0,8896,1429540269,4),(1046,'Office_POP3',1,0,8568,1429540269,4),(1047,'Office_Web',1,0,12704,1429540269,4),(1048,'Office_Redis',1,0,12648,1429540269,4),(1049,'Office_IM',1,0,988,1429540389,4),(1050,'Office_Mail',1,0,10880,1429540389,4),(1051,'Office_Task',1,1,10428,1429540389,4),(1052,'MySQL5_OA',1,1,51272,1429540389,4),(1053,'Office_Index',1,0,8900,1429540389,4),(1054,'Office_POP3',1,0,8568,1429540389,4),(1055,'Office_Web',1,0,12776,1429540389,4),(1056,'Office_Redis',1,0,12720,1429540389,4),(1057,'Office_IM',1,0,988,1429540509,4),(1058,'Office_Mail',1,0,10880,1429540509,4),(1059,'Office_Task',1,0,10428,1429540509,4),(1060,'MySQL5_OA',1,1,51272,1429540509,4),(1061,'Office_Index',1,0,8900,1429540509,4),(1062,'Office_POP3',1,0,8568,1429540509,4),(1063,'Office_Web',1,0,12844,1429540509,4),(1064,'Office_Redis',1,0,12788,1429540509,4),(1065,'Office_IM',1,0,988,1429540629,4),(1066,'Office_Mail',1,0,10904,1429540629,4),(1067,'Office_Task',1,1,10428,1429540629,4),(1068,'MySQL5_OA',1,1,51188,1429540629,4),(1069,'Office_Index',1,0,8900,1429540629,4),(1070,'Office_POP3',1,0,8568,1429540629,4),(1071,'Office_Web',1,0,12912,1429540629,4),(1072,'Office_Redis',1,0,12856,1429540629,4),(1073,'Office_IM',1,0,992,1429540749,4),(1074,'Office_Mail',1,0,10904,1429540749,4),(1075,'Office_Task',1,1,10428,1429540749,4),(1076,'MySQL5_OA',1,1,51172,1429540749,4),(1077,'Office_Index',1,0,8900,1429540749,4),(1078,'Office_POP3',1,0,8568,1429540749,4),(1079,'Office_Web',1,0,12984,1429540749,4),(1080,'Office_Redis',1,0,12928,1429540749,4),(1081,'Office_IM',1,0,988,1429540869,4),(1082,'Office_Mail',1,0,10904,1429540869,4),(1083,'Office_Task',1,0,10428,1429540869,4),(1084,'MySQL5_OA',1,1,51172,1429540869,4),(1085,'Office_Index',1,0,8900,1429540869,4),(1086,'Office_POP3',1,0,8568,1429540869,4),(1087,'Office_Web',1,0,13056,1429540869,4),(1088,'Office_Redis',1,0,12996,1429540869,4),(1089,'Office_IM',1,0,988,1429540989,4),(1090,'Office_Mail',1,0,10904,1429540989,4),(1091,'Office_Task',1,1,10428,1429540989,4),(1092,'MySQL5_OA',1,1,51176,1429540989,4),(1093,'Office_Index',1,0,8900,1429540989,4),(1094,'Office_POP3',1,0,8568,1429540989,4),(1095,'Office_Web',1,0,13128,1429540989,4),(1096,'Office_Redis',1,0,13068,1429540989,4),(1097,'Office_IM',1,0,988,1429541109,4),(1098,'Office_Mail',1,0,10904,1429541109,4),(1099,'Office_Task',1,0,10428,1429541109,4),(1100,'MySQL5_OA',1,1,51184,1429541109,4),(1101,'Office_Index',1,0,8900,1429541109,4),(1102,'Office_POP3',1,0,8568,1429541109,4),(1103,'Office_Web',1,0,13196,1429541109,4),(1104,'Office_Redis',1,0,13136,1429541109,4),(1105,'Office_IM',1,0,988,1429541229,4),(1106,'Office_Mail',1,0,10928,1429541229,4),(1107,'Office_Task',1,1,10428,1429541229,4),(1108,'MySQL5_OA',1,1,51196,1429541229,4),(1109,'Office_Index',1,0,8900,1429541229,4),(1110,'Office_POP3',1,0,8568,1429541229,4),(1111,'Office_Web',1,0,13264,1429541229,4),(1112,'Office_Redis',1,0,13204,1429541229,4),(1113,'Office_IM',1,0,988,1429541349,4),(1114,'Office_Mail',1,0,10928,1429541349,4),(1115,'Office_Task',1,1,10428,1429541349,4),(1116,'MySQL5_OA',1,1,51204,1429541349,4),(1117,'Office_Index',1,0,8900,1429541349,4),(1118,'Office_POP3',1,0,8568,1429541349,4),(1119,'Office_Web',1,0,13332,1429541349,4),(1120,'Office_Redis',1,0,13272,1429541349,4),(1121,'Office_IM',1,0,988,1429541469,4),(1122,'Office_Mail',1,0,10928,1429541469,4),(1123,'Office_Task',1,0,10432,1429541469,4),(1124,'MySQL5_OA',1,1,51232,1429541469,4),(1125,'Office_Index',1,0,8900,1429541469,4),(1126,'Office_POP3',1,0,8568,1429541469,4),(1127,'Office_Web',1,0,13400,1429541469,4),(1128,'Office_Redis',1,0,13340,1429541469,4),(1129,'Office_IM',1,0,988,1429541589,4),(1130,'Office_Mail',1,0,10928,1429541589,4),(1131,'Office_Task',1,0,10432,1429541589,4),(1132,'MySQL5_OA',1,1,51232,1429541589,4),(1133,'Office_Index',1,0,8900,1429541589,4),(1134,'Office_POP3',1,0,8568,1429541589,4),(1135,'Office_Web',1,0,13468,1429541589,4),(1136,'Office_Redis',1,0,13408,1429541589,4),(1137,'Office_IM',1,0,1028,1429582412,4),(1138,'Office_Mail',1,0,6864,1429582412,4),(1139,'Office_Task',1,0,6756,1429582412,4),(1140,'MySQL5_OA',1,3,45076,1429582412,4),(1141,'Office_Index',1,0,5920,1429582412,4),(1142,'Office_POP3',1,0,5144,1429582412,4),(1143,'Office_Web',1,0,5044,1429582412,4),(1144,'Office_Redis',1,0,5012,1429582412,4),(1145,'Office_IM',1,1,1028,1429582532,4),(1146,'Office_Mail',1,0,6936,1429582532,4),(1147,'Office_Task',1,1,6836,1429582532,4),(1148,'MySQL5_OA',1,1,45652,1429582532,4),(1149,'Office_Index',1,0,5920,1429582532,4),(1150,'Office_POP3',1,0,5144,1429582532,4),(1151,'Office_Web',1,1,5124,1429582532,4),(1152,'Office_Redis',1,1,5092,1429582532,4),(1153,'Office_IM',1,0,1028,1429582652,4),(1154,'Office_Mail',1,0,6928,1429582652,4),(1155,'Office_Task',1,0,6856,1429582652,4),(1156,'MySQL5_OA',1,1,46000,1429582652,4),(1157,'Office_Index',1,0,5920,1429582652,4),(1158,'Office_POP3',1,0,5136,1429582652,4),(1159,'Office_Web',1,0,5204,1429582652,4),(1160,'Office_Redis',1,0,5160,1429582652,4),(1161,'Office_IM',1,0,1028,1429582772,4),(1162,'Office_Mail',1,0,6928,1429582772,4),(1163,'Office_Task',1,1,6864,1429582772,4),(1164,'MySQL5_OA',1,1,46048,1429582772,4),(1165,'Office_Index',1,0,5920,1429582772,4),(1166,'Office_POP3',1,0,5136,1429582772,4),(1167,'Office_Web',1,0,5268,1429582772,4),(1168,'Office_Redis',1,0,5228,1429582772,4),(1169,'Office_IM',1,1,1028,1429582892,4),(1170,'Office_Mail',1,0,7016,1429582892,4),(1171,'Office_Task',1,1,6868,1429582892,4),(1172,'MySQL5_OA',1,1,46224,1429582892,4),(1173,'Office_Index',1,0,5920,1429582892,4),(1174,'Office_POP3',1,0,5136,1429582892,4),(1175,'Office_Web',1,0,5336,1429582892,4),(1176,'Office_Redis',1,0,5296,1429582892,4),(1177,'Office_IM',1,1,1028,1429583012,4),(1178,'Office_Mail',1,0,7016,1429583012,4),(1179,'Office_Task',1,1,6868,1429583012,4),(1180,'MySQL5_OA',1,1,46276,1429583012,4),(1181,'Office_Index',1,0,5920,1429583012,4),(1182,'Office_POP3',1,0,5136,1429583012,4),(1183,'Office_Web',1,0,5412,1429583012,4),(1184,'Office_Redis',1,1,5364,1429583012,4),(1185,'Office_IM',1,1,1028,1429583132,4),(1186,'Office_Mail',1,0,7016,1429583132,4),(1187,'Office_Task',1,1,6868,1429583132,4),(1188,'MySQL5_OA',1,1,46276,1429583132,4),(1189,'Office_Index',1,0,5920,1429583132,4),(1190,'Office_POP3',1,0,5136,1429583132,4),(1191,'Office_Web',1,0,5472,1429583132,4),(1192,'Office_Redis',1,0,5432,1429583132,4),(1193,'Office_IM',1,1,1028,1429583252,4),(1194,'Office_Mail',1,0,7016,1429583252,4),(1195,'Office_Task',1,1,6868,1429583252,4),(1196,'MySQL5_OA',1,1,46548,1429583252,4),(1197,'Office_Index',1,0,5920,1429583252,4),(1198,'Office_POP3',1,0,5136,1429583252,4),(1199,'Office_Web',1,0,5548,1429583252,4),(1200,'Office_Redis',1,0,5500,1429583252,4),(1201,'Office_IM',1,0,1028,1429583372,4),(1202,'Office_Mail',1,0,7016,1429583372,4),(1203,'Office_Task',1,0,6872,1429583372,4),(1204,'MySQL5_OA',1,4,50840,1429583372,4),(1205,'Office_Index',1,0,5920,1429583372,4),(1206,'Office_POP3',1,0,5136,1429583372,4),(1207,'Office_Web',1,0,5612,1429583372,4),(1208,'Office_Redis',1,0,5568,1429583372,4),(1209,'Office_IM',1,0,1028,1429583492,4),(1210,'Office_Mail',1,0,7048,1429583492,4),(1211,'Office_Task',1,1,6872,1429583492,4),(1212,'MySQL5_OA',1,65,51216,1429583492,4),(1213,'Office_Index',1,0,5920,1429583492,4),(1214,'Office_POP3',1,0,5136,1429583492,4),(1215,'Office_Web',1,0,5680,1429583492,4),(1216,'Office_Redis',1,0,5636,1429583492,4),(1217,'Office_IM',1,0,1092,1429583612,4),(1218,'Office_Mail',1,0,7048,1429583612,4),(1219,'Office_Task',1,0,6872,1429583612,4),(1220,'MySQL5_OA',1,3,51172,1429583612,4),(1221,'Office_Index',1,1,5920,1429583612,4),(1222,'Office_POP3',1,0,5136,1429583612,4),(1223,'Office_Web',1,0,5756,1429583612,4),(1224,'Office_Redis',1,0,5704,1429583612,4),(1225,'Office_IM',1,0,1092,1429583732,4),(1226,'Office_Mail',1,0,7048,1429583732,4),(1227,'Office_Task',1,0,6872,1429583732,4),(1228,'MySQL5_OA',1,1,51220,1429583732,4),(1229,'Office_Index',1,0,5920,1429583732,4),(1230,'Office_POP3',1,0,5136,1429583732,4),(1231,'Office_Web',1,0,5820,1429583732,4),(1232,'Office_Redis',1,0,5776,1429583732,4),(1233,'Office_IM',1,0,1092,1429583852,4),(1234,'Office_Mail',1,0,7048,1429583852,4),(1235,'Office_Task',1,0,6872,1429583852,4),(1236,'MySQL5_OA',1,1,51220,1429583852,4),(1237,'Office_Index',1,0,5920,1429583852,4),(1238,'Office_POP3',1,0,5136,1429583852,4),(1239,'Office_Web',1,0,5892,1429583852,4),(1240,'Office_Redis',1,0,5844,1429583852,4),(1241,'Office_IM',1,0,1092,1429583972,4),(1242,'Office_Mail',1,0,7048,1429583972,4),(1243,'Office_Task',1,0,6872,1429583972,4),(1244,'MySQL5_OA',1,1,51224,1429583972,4),(1245,'Office_Index',1,0,5920,1429583972,4),(1246,'Office_POP3',1,0,5136,1429583972,4),(1247,'Office_Web',1,0,5956,1429583972,4),(1248,'Office_Redis',1,0,5912,1429583972,4),(1249,'Office_IM',1,0,1092,1429584092,4),(1250,'Office_Mail',1,0,7072,1429584092,4),(1251,'Office_Task',1,1,6880,1429584092,4),(1252,'MySQL5_OA',1,2,51264,1429584092,4),(1253,'Office_Index',1,0,5920,1429584092,4),(1254,'Office_POP3',1,0,5136,1429584092,4),(1255,'Office_Web',1,0,6024,1429584092,4),(1256,'Office_Redis',1,0,5980,1429584092,4),(1257,'Office_IM',1,0,1092,1429584212,4),(1258,'Office_Mail',1,0,7072,1429584212,4),(1259,'Office_Task',1,1,6880,1429584212,4),(1260,'MySQL5_OA',1,2,51284,1429584212,4),(1261,'Office_Index',1,0,5920,1429584212,4),(1262,'Office_POP3',1,0,5136,1429584212,4),(1263,'Office_Web',1,0,6104,1429584212,4),(1264,'Office_Redis',1,0,6052,1429584212,4),(1265,'Office_IM',1,0,1092,1429584332,4),(1266,'Office_Mail',1,0,7072,1429584332,4),(1267,'Office_Task',1,1,6880,1429584332,4),(1268,'MySQL5_OA',1,2,51292,1429584332,4),(1269,'Office_Index',1,0,5920,1429584332,4),(1270,'Office_POP3',1,0,5136,1429584332,4),(1271,'Office_Web',1,0,6172,1429584332,4),(1272,'Office_Redis',1,0,6120,1429584332,4),(1273,'Office_IM',1,1,1092,1429584452,4),(1274,'Office_Mail',1,0,7072,1429584452,4),(1275,'Office_Task',1,1,6880,1429584452,4),(1276,'MySQL5_OA',1,1,51292,1429584452,4),(1277,'Office_Index',1,0,5920,1429584452,4),(1278,'Office_POP3',1,0,5136,1429584452,4),(1279,'Office_Web',1,0,6240,1429584452,4),(1280,'Office_Redis',1,0,6188,1429584452,4),(1281,'Office_IM',1,1,1092,1429584572,4),(1282,'Office_Mail',1,0,7072,1429584572,4),(1283,'Office_Task',1,0,6880,1429584572,4),(1284,'MySQL5_OA',1,2,51276,1429584572,4),(1285,'Office_Index',1,0,5920,1429584572,4),(1286,'Office_POP3',1,0,5136,1429584572,4),(1287,'Office_Web',1,0,6308,1429584572,4),(1288,'Office_Redis',1,0,6256,1429584572,4),(1289,'Office_IM',1,0,1096,1429584692,4),(1290,'Office_Mail',1,0,7096,1429584692,4),(1291,'Office_Task',1,0,6880,1429584692,4),(1292,'MySQL5_OA',1,1,51232,1429584692,4),(1293,'Office_Index',1,0,5920,1429584692,4),(1294,'Office_POP3',1,0,5136,1429584692,4),(1295,'Office_Web',1,0,6376,1429584692,4),(1296,'Office_Redis',1,0,6324,1429584692,4),(1297,'Office_IM',1,1,1744,1429595070,4),(1298,'Office_Mail',1,1,7120,1429595070,4),(1299,'Office_Task',1,1,7068,1429595070,4),(1300,'MySQL5_OA',1,2,51092,1429595070,4),(1301,'Office_Index',1,0,5920,1429595070,4),(1302,'Office_POP3',1,0,5136,1429595070,4),(1303,'Office_Web',1,0,6448,1429595070,4),(1304,'Office_Redis',1,0,6392,1429595070,4),(1305,'Office_IM',1,1,472,1429595190,4),(1306,'Office_Mail',1,0,7120,1429595190,4),(1307,'Office_Task',1,1,6932,1429595190,4),(1308,'MySQL5_OA',1,30,54572,1429595190,4),(1309,'Office_Index',1,0,5920,1429595190,4),(1310,'Office_POP3',1,1,5136,1429595190,4),(1311,'Office_Web',1,0,6516,1429595190,4),(1312,'Office_Redis',1,0,6460,1429595190,4),(1313,'Office_IM',1,1,544,1429595310,4),(1314,'Office_Mail',1,0,7120,1429595310,4),(1315,'Office_Task',1,0,6932,1429595310,4),(1316,'MySQL5_OA',1,2,54844,1429595310,4),(1317,'Office_Index',1,0,5920,1429595310,4),(1318,'Office_POP3',1,0,5136,1429595310,4),(1319,'Office_Web',1,0,6584,1429595310,4),(1320,'Office_Redis',1,0,6532,1429595310,4),(1321,'Office_IM',1,1,660,1429595430,4),(1322,'Office_Mail',1,0,7120,1429595430,4),(1323,'Office_Task',1,1,6932,1429595430,4),(1324,'MySQL5_OA',1,1,54920,1429595430,4),(1325,'Office_Index',1,0,5920,1429595430,4),(1326,'Office_POP3',1,0,5136,1429595430,4),(1327,'Office_Web',1,0,6652,1429595430,4),(1328,'Office_Redis',1,0,6600,1429595430,4),(1329,'Office_IM',1,0,660,1429595550,4),(1330,'Office_Mail',1,0,7120,1429595550,4),(1331,'Office_Task',1,0,6932,1429595550,4),(1332,'MySQL5_OA',1,2,54972,1429595550,4),(1333,'Office_Index',1,0,5920,1429595550,4),(1334,'Office_POP3',1,0,5136,1429595550,4),(1335,'Office_Web',1,0,6720,1429595550,4),(1336,'Office_Redis',1,0,6668,1429595550,4),(1337,'Office_IM',1,0,1192,1429595670,4),(1338,'Office_Mail',1,0,7120,1429595670,4),(1339,'Office_Task',1,0,6924,1429595670,4),(1340,'MySQL5_OA',1,2,54976,1429595670,4),(1341,'Office_Index',1,0,5920,1429595670,4),(1342,'Office_POP3',1,0,5136,1429595670,4),(1343,'Office_Web',1,0,6792,1429595670,4),(1344,'Office_Redis',1,0,6740,1429595670,4),(1345,'Office_IM',1,1,660,1429595790,4),(1346,'Office_Mail',1,1,7144,1429595790,4),(1347,'Office_Task',1,1,6936,1429595790,4),(1348,'MySQL5_OA',1,1,51748,1429595790,4),(1349,'Office_Index',1,0,5920,1429595790,4),(1350,'Office_POP3',1,0,5136,1429595790,4),(1351,'Office_Web',1,0,6860,1429595790,4),(1352,'Office_Redis',1,0,6808,1429595790,4),(1353,'Office_IM',1,0,660,1429595910,4),(1354,'Office_Mail',1,0,7144,1429595910,4),(1355,'Office_Task',1,0,6932,1429595910,4),(1356,'MySQL5_OA',1,1,51796,1429595910,4),(1357,'Office_Index',1,0,5920,1429595910,4),(1358,'Office_POP3',1,0,5136,1429595910,4),(1359,'Office_Web',1,0,6928,1429595910,4),(1360,'Office_Redis',1,0,6876,1429595910,4),(1361,'Office_IM',1,0,660,1429596030,4),(1362,'Office_Mail',1,0,7144,1429596030,4),(1363,'Office_Task',1,1,6944,1429596030,4),(1364,'MySQL5_OA',1,2,51788,1429596030,4),(1365,'Office_Index',1,0,5920,1429596030,4),(1366,'Office_POP3',1,0,5136,1429596030,4),(1367,'Office_Web',1,1,6996,1429596030,4),(1368,'Office_Redis',1,0,6944,1429596030,4),(1369,'Office_IM',1,1,1044,1429596150,4),(1370,'Office_Mail',1,0,7144,1429596150,4),(1371,'Office_Task',1,0,6912,1429596150,4),(1372,'MySQL5_OA',1,1,51792,1429596150,4),(1373,'Office_Index',1,0,5920,1429596150,4),(1374,'Office_POP3',1,0,5136,1429596150,4),(1375,'Office_Web',1,0,7064,1429596150,4),(1376,'Office_Redis',1,1,7012,1429596150,4),(1377,'Office_IM',1,1,1196,1429596270,4),(1378,'Office_Mail',1,1,7152,1429596270,4),(1379,'Office_Task',1,1,6956,1429596270,4),(1380,'MySQL5_OA',1,1,51660,1429596270,4),(1381,'Office_Index',1,0,5920,1429596270,4),(1382,'Office_POP3',1,0,5136,1429596270,4),(1383,'Office_Web',1,0,7132,1429596270,4),(1384,'Office_Redis',1,0,7080,1429596270,4),(1385,'Office_IM',1,0,1044,1429596390,4),(1386,'Office_Mail',1,0,7168,1429596390,4),(1387,'Office_Task',1,0,6924,1429596390,4),(1388,'MySQL5_OA',1,2,51852,1429596390,4),(1389,'Office_Index',1,0,5920,1429596390,4),(1390,'Office_POP3',1,0,5136,1429596390,4),(1391,'Office_Web',1,0,7200,1429596390,4),(1392,'Office_Redis',1,0,7148,1429596390,4),(1393,'Office_IM',1,0,1044,1429596510,4),(1394,'Office_Mail',1,0,7168,1429596510,4),(1395,'Office_Task',1,0,6924,1429596510,4),(1396,'MySQL5_OA',1,2,51860,1429596510,4),(1397,'Office_Index',1,0,5920,1429596510,4),(1398,'Office_POP3',1,0,5136,1429596510,4),(1399,'Office_Web',1,0,7268,1429596510,4),(1400,'Office_Redis',1,0,7216,1429596510,4),(1401,'Office_IM',1,1,1040,1429596630,4),(1402,'Office_Mail',1,0,7168,1429596630,4),(1403,'Office_Task',1,0,6924,1429596630,4),(1404,'MySQL5_OA',1,2,51904,1429596630,4),(1405,'Office_Index',1,0,5920,1429596630,4),(1406,'Office_POP3',1,0,5136,1429596630,4),(1407,'Office_Web',1,0,7336,1429596630,4),(1408,'Office_Redis',1,0,7284,1429596630,4),(1409,'Office_IM',1,1,1044,1429596750,4),(1410,'Office_Mail',1,0,7168,1429596750,4),(1411,'Office_Task',1,0,6936,1429596750,4),(1412,'MySQL5_OA',1,1,51916,1429596750,4),(1413,'Office_Index',1,0,5920,1429596750,4),(1414,'Office_POP3',1,1,5136,1429596750,4),(1415,'Office_Web',1,0,7404,1429596750,4),(1416,'Office_Redis',1,0,7352,1429596750,4),(1417,'Office_IM',1,1,1188,1429596870,4),(1418,'Office_Mail',1,0,7192,1429596870,4),(1419,'Office_Task',1,1,6980,1429596870,4),(1420,'MySQL5_OA',1,1,51892,1429596870,4),(1421,'Office_Index',1,1,5920,1429596870,4),(1422,'Office_POP3',1,0,5136,1429596870,4),(1423,'Office_Web',1,0,7472,1429596870,4),(1424,'Office_Redis',1,0,7420,1429596870,4),(1425,'Office_IM',1,0,1044,1429596990,4),(1426,'Office_Mail',1,0,7192,1429596990,4),(1427,'Office_Task',1,1,6928,1429596990,4),(1428,'MySQL5_OA',1,5,52012,1429596990,4),(1429,'Office_Index',1,0,5920,1429596990,4),(1430,'Office_POP3',1,0,5136,1429596990,4),(1431,'Office_Web',1,0,7544,1429596990,4),(1432,'Office_Redis',1,0,7492,1429596990,4),(1433,'Office_IM',1,0,1040,1429597110,4),(1434,'Office_Mail',1,0,7192,1429597110,4),(1435,'Office_Task',1,1,6940,1429597110,4),(1436,'MySQL5_OA',1,1,51928,1429597110,4),(1437,'Office_Index',1,0,5920,1429597110,4),(1438,'Office_POP3',1,0,5136,1429597110,4),(1439,'Office_Web',1,0,7616,1429597110,4),(1440,'Office_Redis',1,0,7560,1429597110,4),(1441,'Office_IM',1,1,1040,1429597230,4),(1442,'Office_Mail',1,0,7192,1429597230,4),(1443,'Office_Task',1,0,6936,1429597230,4),(1444,'MySQL5_OA',1,1,51928,1429597230,4),(1445,'Office_Index',1,0,5920,1429597230,4),(1446,'Office_POP3',1,0,5136,1429597230,4),(1447,'Office_Web',1,0,7684,1429597230,4),(1448,'Office_Redis',1,0,7628,1429597230,4),(1449,'Office_IM',1,1,1044,1429597350,4),(1450,'Office_Mail',1,0,7192,1429597350,4),(1451,'Office_Task',1,0,6940,1429597350,4),(1452,'MySQL5_OA',1,1,51928,1429597350,4),(1453,'Office_Index',1,0,5920,1429597350,4),(1454,'Office_POP3',1,0,5136,1429597350,4),(1455,'Office_Web',1,1,7752,1429597350,4),(1456,'Office_Redis',1,0,7696,1429597350,4),(1457,'Office_IM',1,1,1188,1429597470,4),(1458,'Office_Mail',1,1,7216,1429597470,4),(1459,'Office_Task',1,0,6964,1429597470,4),(1460,'MySQL5_OA',1,1,51520,1429597470,4),(1461,'Office_Index',1,0,5920,1429597470,4),(1462,'Office_POP3',1,0,5136,1429597470,4),(1463,'Office_Web',1,0,7820,1429597470,4),(1464,'Office_Redis',1,0,7764,1429597470,4),(1465,'Office_IM',1,1,1044,1429597590,4),(1466,'Office_Mail',1,0,7224,1429597590,4),(1467,'Office_Task',1,0,6944,1429597590,4),(1468,'MySQL5_OA',1,1,51712,1429597590,4),(1469,'Office_Index',1,0,5920,1429597590,4),(1470,'Office_POP3',1,0,5136,1429597590,4),(1471,'Office_Web',1,0,7888,1429597590,4),(1472,'Office_Redis',1,0,7832,1429597590,4),(1473,'Office_IM',1,1,1044,1429597710,4),(1474,'Office_Mail',1,0,7224,1429597710,4),(1475,'Office_Task',1,1,6928,1429597710,4),(1476,'MySQL5_OA',1,1,51684,1429597710,4),(1477,'Office_Index',1,0,5920,1429597710,4),(1478,'Office_POP3',1,0,5136,1429597710,4),(1479,'Office_Web',1,0,7956,1429597710,4),(1480,'Office_Redis',1,0,7900,1429597710,4),(1481,'Office_IM',1,0,1040,1429597830,4),(1482,'Office_Mail',1,0,7224,1429597830,4),(1483,'Office_Task',1,0,6932,1429597830,4),(1484,'MySQL5_OA',1,2,51708,1429597830,4),(1485,'Office_Index',1,1,5920,1429597830,4),(1486,'Office_POP3',1,0,5136,1429597830,4),(1487,'Office_Web',1,0,8024,1429597830,4),(1488,'Office_Redis',1,0,7968,1429597830,4),(1489,'Office_IM',1,0,1044,1429597950,4),(1490,'Office_Mail',1,0,7224,1429597950,4),(1491,'Office_Task',1,0,6932,1429597950,4),(1492,'MySQL5_OA',1,1,51732,1429597950,4),(1493,'Office_Index',1,0,5920,1429597950,4),(1494,'Office_POP3',1,0,5136,1429597950,4),(1495,'Office_Web',1,0,8096,1429597950,4),(1496,'Office_Redis',1,0,8040,1429597950,4),(1497,'Office_IM',1,0,1188,1429598070,4),(1498,'Office_Mail',1,0,7240,1429598070,4),(1499,'Office_Task',1,0,6976,1429598070,4),(1500,'MySQL5_OA',1,1,51688,1429598070,4),(1501,'Office_Index',1,0,5920,1429598070,4),(1502,'Office_POP3',1,0,5136,1429598070,4),(1503,'Office_Web',1,0,8164,1429598070,4),(1504,'Office_Redis',1,0,8108,1429598070,4),(1505,'Office_IM',1,0,1716,1429602280,4),(1506,'Office_Mail',1,0,7272,1429602280,4),(1507,'Office_Task',1,1,7088,1429602280,4),(1508,'MySQL5_OA',1,2,51648,1429602280,4),(1509,'Office_Index',1,0,5920,1429602280,4),(1510,'Office_POP3',1,0,5136,1429602280,4),(1511,'Office_Web',1,0,8232,1429602280,4),(1512,'Office_Redis',1,0,8176,1429602280,4),(1513,'Office_IM',1,0,672,1429602400,4),(1514,'Office_Mail',1,0,7272,1429602400,4),(1515,'Office_Task',1,1,6964,1429602400,4),(1516,'MySQL5_OA',1,28,54556,1429602400,4),(1517,'Office_Index',1,0,5920,1429602400,4),(1518,'Office_POP3',1,0,5136,1429602400,4),(1519,'Office_Web',1,0,8300,1429602400,4),(1520,'Office_Redis',1,0,8244,1429602400,4),(1521,'Office_IM',1,0,584,1429602520,4),(1522,'Office_Mail',1,0,7272,1429602520,4),(1523,'Office_Task',1,0,6956,1429602520,4),(1524,'MySQL5_OA',1,2,54892,1429602520,4),(1525,'Office_Index',1,0,5920,1429602520,4),(1526,'Office_POP3',1,0,5136,1429602520,4),(1527,'Office_Web',1,0,8368,1429602520,4),(1528,'Office_Redis',1,0,8312,1429602520,4),(1529,'Office_IM',1,1,672,1429602640,4),(1530,'Office_Mail',1,0,7272,1429602640,4),(1531,'Office_Task',1,0,6952,1429602640,4),(1532,'MySQL5_OA',1,1,54916,1429602640,4),(1533,'Office_Index',1,0,5920,1429602640,4),(1534,'Office_POP3',1,0,5136,1429602640,4),(1535,'Office_Web',1,0,8436,1429602640,4),(1536,'Office_Redis',1,0,8380,1429602640,4),(1537,'Office_IM',1,0,672,1429602760,4),(1538,'Office_Mail',1,0,7272,1429602760,4),(1539,'Office_Task',1,0,6952,1429602760,4),(1540,'MySQL5_OA',1,1,54916,1429602760,4),(1541,'Office_Index',1,0,5920,1429602760,4),(1542,'Office_POP3',1,0,5136,1429602760,4),(1543,'Office_Web',1,0,8504,1429602760,4),(1544,'Office_Redis',1,0,8448,1429602760,4),(1545,'Office_IM',1,0,472,1429602880,4),(1546,'Office_Mail',1,0,7272,1429602880,4),(1547,'Office_Task',1,1,6944,1429602880,4),(1548,'MySQL5_OA',1,2,54920,1429602880,4),(1549,'Office_Index',1,0,5920,1429602880,4),(1550,'Office_POP3',1,0,5136,1429602880,4),(1551,'Office_Web',1,0,8572,1429602880,4),(1552,'Office_Redis',1,0,8520,1429602880,4),(1553,'Office_IM',1,1,952,1429606706,4),(1554,'Office_Mail',1,0,7296,1429606706,4),(1555,'Office_Task',1,0,6932,1429606706,4),(1556,'MySQL5_OA',1,3,51748,1429606706,4),(1557,'Office_Index',1,0,5920,1429606706,4),(1558,'Office_POP3',1,0,5136,1429606706,4),(1559,'Office_Web',1,0,8644,1429606706,4),(1560,'Office_Redis',1,0,8588,1429606706,4),(1561,'Office_IM',1,1,748,1429606826,4),(1562,'Office_Mail',1,1,7320,1429606826,4),(1563,'Office_Task',1,1,6940,1429606826,4),(1564,'MySQL5_OA',1,18,51984,1429606826,4),(1565,'Office_Index',1,0,5920,1429606826,4),(1566,'Office_POP3',1,0,5136,1429606826,4),(1567,'Office_Web',1,0,8708,1429606826,4),(1568,'Office_Redis',1,0,8656,1429606826,4),(1569,'Office_IM',1,0,980,1429606946,4),(1570,'Office_Mail',1,0,7320,1429606946,4),(1571,'Office_Task',1,1,6936,1429606946,4),(1572,'MySQL5_OA',1,2,52112,1429606946,4),(1573,'Office_Index',1,0,5920,1429606946,4),(1574,'Office_POP3',1,0,5208,1429606946,4),(1575,'Office_Web',1,0,8780,1429606946,4),(1576,'Office_Redis',1,0,8728,1429606946,4),(1577,'Office_IM',1,0,984,1429607066,4),(1578,'Office_Mail',1,0,7320,1429607066,4),(1579,'Office_Task',1,1,6952,1429607066,4),(1580,'MySQL5_OA',1,1,52132,1429607066,4),(1581,'Office_Index',1,0,5920,1429607066,4),(1582,'Office_POP3',1,0,5196,1429607066,4),(1583,'Office_Web',1,0,8852,1429607066,4),(1584,'Office_Redis',1,1,8796,1429607066,4),(1585,'Office_IM',1,0,980,1429607186,4),(1586,'Office_Mail',1,0,7320,1429607186,4),(1587,'Office_Task',1,0,6956,1429607186,4),(1588,'MySQL5_OA',1,2,52152,1429607186,4),(1589,'Office_Index',1,0,5920,1429607186,4),(1590,'Office_POP3',1,0,5196,1429607186,4),(1591,'Office_Web',1,0,8920,1429607186,4),(1592,'Office_Redis',1,0,8864,1429607186,4),(1593,'Office_IM',1,0,828,1429607306,4),(1594,'Office_Mail',1,0,7320,1429607306,4),(1595,'Office_Task',1,1,6948,1429607306,4),(1596,'MySQL5_OA',1,2,52152,1429607306,4),(1597,'Office_Index',1,0,5920,1429607306,4),(1598,'Office_POP3',1,0,5196,1429607306,4),(1599,'Office_Web',1,0,8988,1429607306,4),(1600,'Office_Redis',1,0,8932,1429607306,4),(1601,'Office_IM',1,0,980,1429607426,4),(1602,'Office_Mail',1,0,7344,1429607426,4),(1603,'Office_Task',1,1,6952,1429607426,4),(1604,'MySQL5_OA',1,2,52116,1429607426,4),(1605,'Office_Index',1,0,5920,1429607426,4),(1606,'Office_POP3',1,0,5196,1429607426,4),(1607,'Office_Web',1,0,9056,1429607426,4),(1608,'Office_Redis',1,0,9004,1429607426,4),(1609,'Office_IM',1,0,472,1429607546,4),(1610,'Office_Mail',1,0,7344,1429607546,4),(1611,'Office_Task',1,1,6956,1429607546,4),(1612,'MySQL5_OA',1,2,52144,1429607546,4),(1613,'Office_Index',1,0,5920,1429607546,4),(1614,'Office_POP3',1,0,5196,1429607546,4),(1615,'Office_Web',1,0,9124,1429607546,4),(1616,'Office_Redis',1,0,9072,1429607546,4),(1617,'Office_IM',1,0,980,1429607666,4),(1618,'Office_Mail',1,0,7344,1429607666,4),(1619,'Office_Task',1,1,6968,1429607666,4),(1620,'MySQL5_OA',1,2,52120,1429607666,4),(1621,'Office_Index',1,0,5920,1429607666,4),(1622,'Office_POP3',1,0,5196,1429607666,4),(1623,'Office_Web',1,0,9192,1429607666,4),(1624,'Office_Redis',1,0,9140,1429607666,4),(1625,'Office_IM',1,0,984,1429607786,4),(1626,'Office_Mail',1,0,7344,1429607786,4),(1627,'Office_Task',1,0,6972,1429607786,4),(1628,'MySQL5_OA',1,1,52128,1429607786,4),(1629,'Office_Index',1,0,5920,1429607786,4),(1630,'Office_POP3',1,0,5196,1429607786,4),(1631,'Office_Web',1,0,9260,1429607786,4),(1632,'Office_Redis',1,0,9208,1429607786,4),(1633,'Office_IM',1,0,800,1429607906,4),(1634,'Office_Mail',1,0,7344,1429607906,4),(1635,'Office_Task',1,1,6944,1429607906,4),(1636,'MySQL5_OA',1,1,52152,1429607906,4),(1637,'Office_Index',1,0,5920,1429607906,4),(1638,'Office_POP3',1,0,5196,1429607906,4),(1639,'Office_Web',1,0,9328,1429607906,4),(1640,'Office_Redis',1,0,9276,1429607906,4),(1641,'Office_IM',1,0,980,1429608026,4),(1642,'Office_Mail',1,0,7368,1429608026,4),(1643,'Office_Task',1,1,6952,1429608026,4),(1644,'MySQL5_OA',1,3,52224,1429608026,4),(1645,'Office_Index',1,0,5920,1429608026,4),(1646,'Office_POP3',1,0,5196,1429608026,4),(1647,'Office_Web',1,0,9396,1429608026,4),(1648,'Office_Redis',1,0,9344,1429608026,4),(1649,'Office_IM',1,0,980,1429608146,4),(1650,'Office_Mail',1,0,7368,1429608146,4),(1651,'Office_Task',1,0,6956,1429608146,4),(1652,'MySQL5_OA',1,1,52216,1429608146,4),(1653,'Office_Index',1,0,5920,1429608146,4),(1654,'Office_POP3',1,0,5196,1429608146,4),(1655,'Office_Web',1,0,9464,1429608146,4),(1656,'Office_Redis',1,0,9412,1429608146,4),(1657,'Office_IM',1,0,980,1429608266,4),(1658,'Office_Mail',1,0,7368,1429608266,4),(1659,'Office_Task',1,1,6956,1429608266,4),(1660,'MySQL5_OA',1,2,52244,1429608266,4),(1661,'Office_Index',1,0,5920,1429608266,4),(1662,'Office_POP3',1,0,5196,1429608266,4),(1663,'Office_Web',1,0,9536,1429608266,4),(1664,'Office_Redis',1,0,9484,1429608266,4),(1665,'Office_IM',1,0,628,1429608386,4),(1666,'Office_Mail',1,0,7368,1429608386,4),(1667,'Office_Task',1,1,6956,1429608386,4),(1668,'MySQL5_OA',1,1,52236,1429608386,4),(1669,'Office_Index',1,0,5920,1429608386,4),(1670,'Office_POP3',1,0,5196,1429608386,4),(1671,'Office_Web',1,0,9608,1429608386,4),(1672,'Office_Redis',1,0,9552,1429608386,4),(1673,'Office_IM',1,0,644,1429608506,4),(1674,'Office_Mail',1,1,7392,1429608506,4),(1675,'Office_Task',1,1,7020,1429608506,4),(1676,'MySQL5_OA',1,1,51940,1429608506,4),(1677,'Office_Index',1,0,5920,1429608506,4),(1678,'Office_POP3',1,0,5196,1429608506,4),(1679,'Office_Web',1,0,9676,1429608506,4),(1680,'Office_Redis',1,0,9620,1429608506,4),(1681,'Office_IM',1,0,628,1429608626,4),(1682,'Office_Mail',1,0,7392,1429608626,4),(1683,'Office_Task',1,0,6952,1429608626,4),(1684,'MySQL5_OA',1,3,52100,1429608626,4),(1685,'Office_Index',1,0,5920,1429608626,4),(1686,'Office_POP3',1,0,5196,1429608626,4),(1687,'Office_Web',1,0,9744,1429608626,4),(1688,'Office_Redis',1,0,9688,1429608626,4),(1689,'Office_IM',1,0,1000,1429608746,4),(1690,'Office_Mail',1,0,7392,1429608746,4),(1691,'Office_Task',1,0,6936,1429608746,4),(1692,'MySQL5_OA',1,1,52100,1429608746,4),(1693,'Office_Index',1,0,5920,1429608746,4),(1694,'Office_POP3',1,0,5196,1429608746,4),(1695,'Office_Web',1,0,9812,1429608746,4),(1696,'Office_Redis',1,0,9756,1429608746,4),(1697,'Office_IM',1,0,1000,1429608866,4),(1698,'Office_Mail',1,0,7392,1429608866,4),(1699,'Office_Task',1,0,6936,1429608866,4),(1700,'MySQL5_OA',1,1,52116,1429608866,4),(1701,'Office_Index',1,0,5920,1429608866,4),(1702,'Office_POP3',1,0,5196,1429608866,4),(1703,'Office_Web',1,0,9880,1429608866,4),(1704,'Office_Redis',1,0,9824,1429608866,4),(1705,'Office_IM',1,0,1000,1429608986,4),(1706,'Office_Mail',1,0,7392,1429608986,4),(1707,'Office_Task',1,0,6936,1429608986,4),(1708,'MySQL5_OA',1,1,52148,1429608986,4),(1709,'Office_Index',1,0,5920,1429608986,4),(1710,'Office_POP3',1,0,5196,1429608986,4),(1711,'Office_Web',1,0,9948,1429608986,4),(1712,'Office_Redis',1,0,9892,1429608986,4),(1713,'Office_IM',1,0,1144,1429609106,4),(1714,'Office_Mail',1,0,7392,1429609106,4),(1715,'Office_Task',1,0,6940,1429609106,4),(1716,'MySQL5_OA',1,1,52164,1429609106,4),(1717,'Office_Index',1,0,5920,1429609106,4),(1718,'Office_POP3',1,0,5196,1429609106,4),(1719,'Office_Web',1,0,10016,1429609106,4),(1720,'Office_Redis',1,0,9960,1429609106,4),(1721,'Office_IM',1,0,996,1429609226,4),(1722,'Office_Mail',1,0,7416,1429609226,4),(1723,'Office_Task',1,1,6936,1429609226,4),(1724,'MySQL5_OA',1,1,52156,1429609226,4),(1725,'Office_Index',1,0,5920,1429609226,4),(1726,'Office_POP3',1,0,5196,1429609226,4),(1727,'Office_Web',1,0,10084,1429609226,4),(1728,'Office_Redis',1,0,10028,1429609226,4),(1729,'Office_IM',1,0,1000,1429609346,4),(1730,'Office_Mail',1,0,7416,1429609346,4),(1731,'Office_Task',1,0,6948,1429609346,4),(1732,'MySQL5_OA',1,1,52156,1429609346,4),(1733,'Office_Index',1,0,5920,1429609346,4),(1734,'Office_POP3',1,0,5196,1429609346,4),(1735,'Office_Web',1,0,10152,1429609346,4),(1736,'Office_Redis',1,0,10096,1429609346,4),(1737,'Office_IM',1,0,1000,1429609466,4),(1738,'Office_Mail',1,0,7416,1429609466,4),(1739,'Office_Task',1,0,6944,1429609466,4),(1740,'MySQL5_OA',1,2,52144,1429609466,4),(1741,'Office_Index',1,0,5920,1429609466,4),(1742,'Office_POP3',1,0,5196,1429609466,4),(1743,'Office_Web',1,0,10220,1429609466,4),(1744,'Office_Redis',1,0,10164,1429609466,4),(1745,'Office_IM',1,0,1000,1429609586,4),(1746,'Office_Mail',1,0,7416,1429609586,4),(1747,'Office_Task',1,1,6936,1429609586,4),(1748,'MySQL5_OA',1,21,55332,1429609586,4),(1749,'Office_Index',1,0,5920,1429609586,4),(1750,'Office_POP3',1,0,5196,1429609586,4),(1751,'Office_Web',1,0,10292,1429609586,4),(1752,'Office_Redis',1,0,10236,1429609586,4),(1753,'Office_IM',1,0,1144,1429609706,4),(1754,'Office_Mail',1,0,7416,1429609706,4),(1755,'Office_Task',1,1,6944,1429609706,4),(1756,'MySQL5_OA',1,1,55656,1429609706,4),(1757,'Office_Index',1,0,5920,1429609706,4),(1758,'Office_POP3',1,0,5196,1429609706,4),(1759,'Office_Web',1,0,10360,1429609706,4),(1760,'Office_Redis',1,0,10304,1429609706,4),(1761,'Office_IM',1,0,1000,1429609826,4),(1762,'Office_Mail',1,1,7440,1429609826,4),(1763,'Office_Task',1,1,6936,1429609826,4),(1764,'MySQL5_OA',1,1,52404,1429609826,4),(1765,'Office_Index',1,0,5920,1429609826,4),(1766,'Office_POP3',1,0,5196,1429609826,4),(1767,'Office_Web',1,0,10428,1429609826,4),(1768,'Office_Redis',1,0,10372,1429609826,4),(1769,'Office_IM',1,0,1000,1429609946,4),(1770,'Office_Mail',1,0,7440,1429609946,4),(1771,'Office_Task',1,0,6936,1429609946,4),(1772,'MySQL5_OA',1,1,52404,1429609946,4),(1773,'Office_Index',1,0,5920,1429609946,4),(1774,'Office_POP3',1,0,5196,1429609946,4),(1775,'Office_Web',1,0,10496,1429609946,4),(1776,'Office_Redis',1,0,10440,1429609946,4),(1777,'Office_IM',1,0,1000,1429610066,4),(1778,'Office_Mail',1,0,7440,1429610066,4),(1779,'Office_Task',1,0,6948,1429610066,4),(1780,'MySQL5_OA',1,1,52428,1429610066,4),(1781,'Office_Index',1,0,5920,1429610066,4),(1782,'Office_POP3',1,0,5196,1429610066,4),(1783,'Office_Web',1,0,10564,1429610066,4),(1784,'Office_Redis',1,0,10512,1429610066,4),(1785,'Office_IM',1,0,996,1429610186,4),(1786,'Office_Mail',1,0,7440,1429610186,4),(1787,'Office_Task',1,0,6936,1429610186,4),(1788,'MySQL5_OA',1,1,52428,1429610186,4),(1789,'Office_Index',1,0,5920,1429610186,4),(1790,'Office_POP3',1,0,5196,1429610186,4),(1791,'Office_Web',1,0,10632,1429610186,4),(1792,'Office_Redis',1,0,10580,1429610186,4),(1793,'Office_IM',1,0,1148,1429610306,4),(1794,'Office_Mail',1,1,7440,1429610306,4),(1795,'Office_Task',1,0,6960,1429610306,4),(1796,'MySQL5_OA',1,1,52444,1429610306,4),(1797,'Office_Index',1,0,5920,1429610306,4),(1798,'Office_POP3',1,0,5196,1429610306,4),(1799,'Office_Web',1,0,10700,1429610306,4),(1800,'Office_Redis',1,0,10648,1429610306,4),(1801,'Office_IM',1,0,1000,1429610426,4),(1802,'Office_Mail',1,0,7464,1429610426,4),(1803,'Office_Task',1,1,6948,1429610426,4),(1804,'MySQL5_OA',1,13,52516,1429610426,4),(1805,'Office_Index',1,0,5920,1429610426,4),(1806,'Office_POP3',1,0,5196,1429610426,4),(1807,'Office_Web',1,0,10768,1429610426,4),(1808,'Office_Redis',1,0,10716,1429610426,4),(1809,'Office_IM',1,0,996,1429610546,4),(1810,'Office_Mail',1,0,7464,1429610546,4),(1811,'Office_Task',1,0,6960,1429610546,4),(1812,'MySQL5_OA',1,1,52516,1429610546,4),(1813,'Office_Index',1,0,5920,1429610546,4),(1814,'Office_POP3',1,0,5196,1429610546,4),(1815,'Office_Web',1,0,10836,1429610546,4),(1816,'Office_Redis',1,0,10784,1429610546,4),(1817,'Office_IM',1,0,1000,1429610666,4),(1818,'Office_Mail',1,0,7464,1429610666,4),(1819,'Office_Task',1,1,6964,1429610666,4),(1820,'MySQL5_OA',1,1,52532,1429610666,4),(1821,'Office_Index',1,0,5920,1429610666,4),(1822,'Office_POP3',1,0,5196,1429610666,4),(1823,'Office_Web',1,0,10904,1429610666,4),(1824,'Office_Redis',1,0,10852,1429610666,4),(1825,'Office_IM',1,0,1000,1429610786,4),(1826,'Office_Mail',1,0,7464,1429610786,4),(1827,'Office_Task',1,0,6960,1429610786,4),(1828,'MySQL5_OA',1,1,52536,1429610786,4),(1829,'Office_Index',1,0,5920,1429610786,4),(1830,'Office_POP3',1,0,5196,1429610786,4),(1831,'Office_Web',1,0,10972,1429610786,4),(1832,'Office_Redis',1,0,10920,1429610786,4),(1833,'Office_IM',1,0,1172,1429610906,4),(1834,'Office_Mail',1,0,7464,1429610906,4),(1835,'Office_Task',1,0,6972,1429610906,4),(1836,'MySQL5_OA',1,1,52536,1429610906,4),(1837,'Office_Index',1,0,5920,1429610906,4),(1838,'Office_POP3',1,0,5196,1429610906,4),(1839,'Office_Web',1,0,11044,1429610906,4),(1840,'Office_Redis',1,0,10992,1429610906,4),(1841,'Office_IM',1,0,996,1429611026,4),(1842,'Office_Mail',1,1,7488,1429611026,4),(1843,'Office_Task',1,1,6972,1429611026,4),(1844,'MySQL5_OA',1,2,52476,1429611026,4),(1845,'Office_Index',1,0,5920,1429611026,4),(1846,'Office_POP3',1,0,5196,1429611026,4),(1847,'Office_Web',1,0,11112,1429611026,4),(1848,'Office_Redis',1,0,11060,1429611026,4),(1849,'Office_IM',1,0,1000,1429611146,4),(1850,'Office_Mail',1,0,7488,1429611146,4),(1851,'Office_Task',1,1,6960,1429611146,4),(1852,'MySQL5_OA',1,1,52472,1429611146,4),(1853,'Office_Index',1,0,5920,1429611146,4),(1854,'Office_POP3',1,0,5196,1429611146,4),(1855,'Office_Web',1,0,11180,1429611146,4),(1856,'Office_Redis',1,0,11128,1429611146,4),(1857,'Office_IM',1,0,996,1429611266,4),(1858,'Office_Mail',1,0,7488,1429611266,4),(1859,'Office_Task',1,0,6964,1429611266,4),(1860,'MySQL5_OA',1,1,52472,1429611266,4),(1861,'Office_Index',1,0,5920,1429611266,4),(1862,'Office_POP3',1,0,5196,1429611266,4),(1863,'Office_Web',1,0,11248,1429611266,4),(1864,'Office_Redis',1,0,11196,1429611266,4),(1865,'Office_IM',1,0,1000,1429611386,4),(1866,'Office_Mail',1,0,7488,1429611386,4),(1867,'Office_Task',1,0,6964,1429611386,4),(1868,'MySQL5_OA',1,1,52472,1429611386,4),(1869,'Office_Index',1,0,5920,1429611386,4),(1870,'Office_POP3',1,0,5196,1429611386,4),(1871,'Office_Web',1,0,11316,1429611386,4),(1872,'Office_Redis',1,0,11264,1429611386,4),(1873,'Office_IM',1,0,1144,1429611506,4),(1874,'Office_Mail',1,0,7488,1429611506,4),(1875,'Office_Task',1,0,6968,1429611506,4),(1876,'MySQL5_OA',1,1,52472,1429611506,4),(1877,'Office_Index',1,0,5920,1429611506,4),(1878,'Office_POP3',1,0,5196,1429611506,4),(1879,'Office_Web',1,0,11384,1429611506,4),(1880,'Office_Redis',1,0,11332,1429611506,4),(1881,'Office_IM',1,0,1000,1429611626,4),(1882,'Office_Mail',1,0,7512,1429611626,4),(1883,'Office_Task',1,1,6960,1429611626,4),(1884,'MySQL5_OA',1,1,52516,1429611626,4),(1885,'Office_Index',1,0,5920,1429611626,4),(1886,'Office_POP3',1,0,5196,1429611626,4),(1887,'Office_Web',1,0,11452,1429611626,4),(1888,'Office_Redis',1,0,11400,1429611626,4),(1889,'Office_IM',1,0,996,1429611746,4),(1890,'Office_Mail',1,0,7512,1429611746,4),(1891,'Office_Task',1,0,6960,1429611746,4),(1892,'MySQL5_OA',1,1,52516,1429611746,4),(1893,'Office_Index',1,0,5920,1429611746,4),(1894,'Office_POP3',1,0,5196,1429611746,4),(1895,'Office_Web',1,0,11520,1429611746,4),(1896,'Office_Redis',1,0,11468,1429611746,4),(1897,'Office_IM',1,0,1000,1429611866,4),(1898,'Office_Mail',1,0,7512,1429611866,4),(1899,'Office_Task',1,1,6960,1429611866,4),(1900,'MySQL5_OA',1,1,52512,1429611866,4),(1901,'Office_Index',1,0,5920,1429611866,4),(1902,'Office_POP3',1,0,5196,1429611866,4),(1903,'Office_Web',1,0,11588,1429611866,4),(1904,'Office_Redis',1,0,11536,1429611866,4),(1905,'Office_IM',1,0,1000,1429611986,4),(1906,'Office_Mail',1,0,7512,1429611986,4),(1907,'Office_Task',1,0,6960,1429611986,4),(1908,'MySQL5_OA',1,1,52512,1429611986,4),(1909,'Office_Index',1,0,5920,1429611986,4),(1910,'Office_POP3',1,0,5196,1429611986,4),(1911,'Office_Web',1,0,11660,1429611986,4),(1912,'Office_Redis',1,0,11604,1429611986,4),(1913,'Office_IM',1,0,1144,1429612106,4),(1914,'Office_Mail',1,1,7536,1429612106,4),(1915,'Office_Task',1,0,7016,1429612106,4),(1916,'MySQL5_OA',1,1,52376,1429612106,4),(1917,'Office_Index',1,0,5920,1429612106,4),(1918,'Office_POP3',1,0,5196,1429612106,4),(1919,'Office_Web',1,0,11728,1429612106,4),(1920,'Office_Redis',1,0,11672,1429612106,4),(1921,'Office_IM',1,0,996,1429612226,4),(1922,'Office_Mail',1,0,7536,1429612226,4),(1923,'Office_Task',1,1,6964,1429612226,4),(1924,'MySQL5_OA',1,1,52552,1429612226,4),(1925,'Office_Index',1,0,5920,1429612226,4),(1926,'Office_POP3',1,0,5196,1429612226,4),(1927,'Office_Web',1,0,11800,1429612226,4),(1928,'Office_Redis',1,0,11744,1429612226,4),(1929,'Office_IM',1,0,996,1429612346,4),(1930,'Office_Mail',1,0,7536,1429612346,4),(1931,'Office_Task',1,0,6964,1429612346,4),(1932,'MySQL5_OA',1,1,52504,1429612346,4),(1933,'Office_Index',1,0,5920,1429612346,4),(1934,'Office_POP3',1,0,5196,1429612346,4),(1935,'Office_Web',1,0,11868,1429612346,4),(1936,'Office_Redis',1,0,11812,1429612346,4),(1937,'Office_IM',1,0,996,1429612466,4),(1938,'Office_Mail',1,0,7536,1429612466,4),(1939,'Office_Task',1,1,6976,1429612466,4),(1940,'MySQL5_OA',1,1,52524,1429612466,4),(1941,'Office_Index',1,0,5920,1429612466,4),(1942,'Office_POP3',1,0,5196,1429612466,4),(1943,'Office_Web',1,0,11936,1429612466,4),(1944,'Office_Redis',1,0,11880,1429612466,4),(1945,'Office_IM',1,0,988,1429612586,4),(1946,'Office_Mail',1,0,7536,1429612586,4),(1947,'Office_Task',1,1,6964,1429612586,4),(1948,'MySQL5_OA',1,1,52464,1429612586,4),(1949,'Office_Index',1,0,5920,1429612586,4),(1950,'Office_POP3',1,0,5196,1429612586,4),(1951,'Office_Web',1,0,12004,1429612586,4),(1952,'Office_Redis',1,0,11948,1429612586,4),(1953,'Office_IM',1,0,1132,1429612706,4),(1954,'Office_Mail',1,0,7536,1429612706,4),(1955,'Office_Task',1,0,6976,1429612706,4),(1956,'MySQL5_OA',1,1,52536,1429612706,4),(1957,'Office_Index',1,0,5920,1429612706,4),(1958,'Office_POP3',1,0,5196,1429612706,4),(1959,'Office_Web',1,0,12072,1429612706,4),(1960,'Office_Redis',1,0,12016,1429612706,4),(1961,'Office_IM',1,0,988,1429612826,4),(1962,'Office_Mail',1,1,7568,1429612826,4),(1963,'Office_Task',1,0,6972,1429612826,4),(1964,'MySQL5_OA',1,1,52556,1429612826,4),(1965,'Office_Index',1,0,5920,1429612826,4),(1966,'Office_POP3',1,0,5196,1429612826,4),(1967,'Office_Web',1,0,12144,1429612826,4),(1968,'Office_Redis',1,1,12088,1429612826,4),(1969,'Office_IM',1,0,988,1429612946,4),(1970,'Office_Mail',1,0,7568,1429612946,4),(1971,'Office_Task',1,0,6980,1429612946,4),(1972,'MySQL5_OA',1,1,52492,1429612946,4),(1973,'Office_Index',1,0,5920,1429612946,4),(1974,'Office_POP3',1,0,5196,1429612946,4),(1975,'Office_Web',1,0,12212,1429612946,4),(1976,'Office_Redis',1,0,12156,1429612946,4),(1977,'Office_IM',1,0,988,1429613066,4),(1978,'Office_Mail',1,0,7568,1429613066,4),(1979,'Office_Task',1,0,6980,1429613066,4),(1980,'MySQL5_OA',1,1,52492,1429613066,4),(1981,'Office_Index',1,0,5920,1429613066,4),(1982,'Office_POP3',1,0,5196,1429613066,4),(1983,'Office_Web',1,0,12280,1429613066,4),(1984,'Office_Redis',1,0,12224,1429613066,4),(1985,'Office_IM',1,0,988,1429613186,4),(1986,'Office_Mail',1,0,7568,1429613186,4),(1987,'Office_Task',1,0,6984,1429613186,4),(1988,'MySQL5_OA',1,1,52492,1429613186,4),(1989,'Office_Index',1,0,5920,1429613186,4),(1990,'Office_POP3',1,0,5196,1429613186,4),(1991,'Office_Web',1,0,12348,1429613186,4),(1992,'Office_Redis',1,0,12292,1429613186,4),(1993,'Office_IM',1,0,1136,1429613306,4),(1994,'Office_Mail',1,0,7568,1429613306,4),(1995,'Office_Task',1,1,6980,1429613306,4),(1996,'MySQL5_OA',1,1,52480,1429613306,4),(1997,'Office_Index',1,0,5920,1429613306,4),(1998,'Office_POP3',1,0,5196,1429613306,4),(1999,'Office_Web',1,0,12416,1429613306,4),(2000,'Office_Redis',1,0,12360,1429613306,4),(2001,'Office_IM',1,0,984,1429613426,4),(2002,'Office_Mail',1,1,7592,1429613426,4),(2003,'Office_Task',1,1,6968,1429613426,4),(2004,'MySQL5_OA',1,1,52572,1429613426,4),(2005,'Office_Index',1,0,5920,1429613426,4),(2006,'Office_POP3',1,0,5196,1429613426,4),(2007,'Office_Web',1,0,12484,1429613426,4),(2008,'Office_Redis',1,0,12428,1429613426,4),(2009,'Office_IM',1,0,988,1429613546,4),(2010,'Office_Mail',1,0,7592,1429613546,4),(2011,'Office_Task',1,0,6976,1429613546,4),(2012,'MySQL5_OA',1,1,52572,1429613546,4),(2013,'Office_Index',1,0,5920,1429613546,4),(2014,'Office_POP3',1,0,5196,1429613546,4),(2015,'Office_Web',1,0,12552,1429613546,4),(2016,'Office_Redis',1,0,12496,1429613546,4),(2017,'Office_IM',1,0,984,1429613666,4),(2018,'Office_Mail',1,0,7592,1429613666,4),(2019,'Office_Task',1,0,6968,1429613666,4),(2020,'MySQL5_OA',1,1,52572,1429613666,4),(2021,'Office_Index',1,0,5920,1429613666,4),(2022,'Office_POP3',1,1,5196,1429613666,4),(2023,'Office_Web',1,0,12620,1429613666,4),(2024,'Office_Redis',1,0,12568,1429613666,4),(2025,'Office_IM',1,0,980,1429613786,4),(2026,'Office_Mail',1,1,748,1429613786,4),(2027,'Office_Task',1,1,2572,1429613786,4),(2028,'MySQL5_OA',1,1,34716,1429613786,4),(2029,'Office_Index',1,1,524,1429613786,4),(2030,'Office_POP3',1,0,588,1429613786,4),(2031,'Office_Web',1,0,1756,1429613786,4),(2032,'Office_Redis',1,0,1672,1429613786,4),(2033,'Office_IM',1,0,984,1429613906,4),(2034,'Office_Mail',1,0,1916,1429613906,4),(2035,'Office_Task',1,1,2784,1429613906,4),(2036,'MySQL5_OA',1,1,35692,1429613906,4),(2037,'Office_Index',1,0,1072,1429613906,4),(2038,'Office_POP3',1,0,588,1429613906,4),(2039,'Office_Web',1,0,2616,1429613906,4),(2040,'Office_Redis',1,0,2296,1429613906,4),(2041,'Office_IM',1,0,988,1429614026,4),(2042,'Office_Mail',1,1,2432,1429614026,4),(2043,'Office_Task',1,2,2852,1429614026,4),(2044,'MySQL5_OA',1,15,38580,1429614026,4),(2045,'Office_Index',1,0,1072,1429614026,4),(2046,'Office_POP3',1,0,612,1429614026,4),(2047,'Office_Web',1,0,2688,1429614026,4),(2048,'Office_Redis',1,0,2368,1429614026,4),(2049,'Office_IM',1,0,984,1429614146,4),(2050,'Office_Mail',1,0,2432,1429614146,4),(2051,'Office_Task',1,0,2864,1429614146,4),(2052,'MySQL5_OA',1,1,38752,1429614146,4),(2053,'Office_Index',1,0,1072,1429614146,4),(2054,'Office_POP3',1,0,612,1429614146,4),(2055,'Office_Web',1,0,2756,1429614146,4),(2056,'Office_Redis',1,0,2436,1429614146,4),(2057,'Office_IM',1,0,984,1429614266,4),(2058,'Office_Mail',1,0,2432,1429614266,4),(2059,'Office_Task',1,0,2868,1429614266,4),(2060,'MySQL5_OA',1,1,38772,1429614266,4),(2061,'Office_Index',1,0,1072,1429614266,4),(2062,'Office_POP3',1,0,612,1429614266,4),(2063,'Office_Web',1,0,2824,1429614266,4),(2064,'Office_Redis',1,0,2504,1429614266,4),(2065,'Office_IM',1,0,984,1429614386,4),(2066,'Office_Mail',1,0,2432,1429614386,4),(2067,'Office_Task',1,0,2860,1429614386,4),(2068,'MySQL5_OA',1,1,38808,1429614386,4),(2069,'Office_Index',1,0,1072,1429614386,4),(2070,'Office_POP3',1,0,612,1429614386,4),(2071,'Office_Web',1,0,2892,1429614386,4),(2072,'Office_Redis',1,0,2572,1429614386,4),(2073,'Office_IM',1,0,1136,1429614506,4),(2074,'Office_Mail',1,0,2432,1429614506,4),(2075,'Office_Task',1,1,2896,1429614506,4),(2076,'MySQL5_OA',1,0,38812,1429614506,4),(2077,'Office_Index',1,0,1072,1429614506,4),(2078,'Office_POP3',1,0,612,1429614506,4),(2079,'Office_Web',1,0,2960,1429614506,4),(2080,'Office_Redis',1,0,2640,1429614506,4),(2081,'Office_IM',1,0,984,1429614626,4),(2082,'Office_Mail',1,1,2456,1429614626,4),(2083,'Office_Task',1,1,2880,1429614626,4),(2084,'MySQL5_OA',1,1,38944,1429614626,4),(2085,'Office_Index',1,0,1072,1429614626,4),(2086,'Office_POP3',1,0,612,1429614626,4),(2087,'Office_Web',1,0,3028,1429614626,4),(2088,'Office_Redis',1,0,2708,1429614626,4),(2089,'Office_IM',1,0,988,1429614746,4),(2090,'Office_Mail',1,0,2456,1429614746,4),(2091,'Office_Task',1,0,2868,1429614746,4),(2092,'MySQL5_OA',1,1,38948,1429614746,4),(2093,'Office_Index',1,0,1072,1429614746,4),(2094,'Office_POP3',1,0,612,1429614746,4),(2095,'Office_Web',1,0,3096,1429614746,4),(2096,'Office_Redis',1,0,2776,1429614746,4),(2097,'Office_IM',1,0,988,1429614866,4),(2098,'Office_Mail',1,0,2456,1429614866,4),(2099,'Office_Task',1,1,2872,1429614866,4),(2100,'MySQL5_OA',1,1,38952,1429614866,4),(2101,'Office_Index',1,0,1072,1429614866,4),(2102,'Office_POP3',1,0,612,1429614866,4),(2103,'Office_Web',1,0,3164,1429614866,4),(2104,'Office_Redis',1,0,2844,1429614866,4),(2105,'Office_IM',1,0,988,1429614986,4),(2106,'Office_Mail',1,0,2456,1429614986,4),(2107,'Office_Task',1,1,2872,1429614986,4),(2108,'MySQL5_OA',1,1,39060,1429614986,4),(2109,'Office_Index',1,0,1072,1429614986,4),(2110,'Office_POP3',1,0,612,1429614986,4),(2111,'Office_Web',1,0,3232,1429614986,4),(2112,'Office_Redis',1,0,2912,1429614986,4),(2113,'Office_IM',1,0,1136,1429615106,4),(2114,'Office_Mail',1,0,2456,1429615106,4),(2115,'Office_Task',1,0,2876,1429615106,4),(2116,'MySQL5_OA',1,1,39060,1429615106,4),(2117,'Office_Index',1,0,1080,1429615106,4),(2118,'Office_POP3',1,0,612,1429615106,4),(2119,'Office_Web',1,0,3300,1429615106,4),(2120,'Office_Redis',1,0,2980,1429615106,4),(2121,'Office_IM',1,0,988,1429615226,4),(2122,'Office_Mail',1,0,2480,1429615226,4),(2123,'Office_Task',1,1,2884,1429615226,4),(2124,'MySQL5_OA',1,1,39100,1429615226,4),(2125,'Office_Index',1,0,1080,1429615226,4),(2126,'Office_POP3',1,0,612,1429615226,4),(2127,'Office_Web',1,0,3368,1429615226,4),(2128,'Office_Redis',1,0,3048,1429615226,4),(2129,'Office_IM',1,0,988,1429615346,4),(2130,'Office_Mail',1,0,2480,1429615346,4),(2131,'Office_Task',1,0,2876,1429615346,4),(2132,'MySQL5_OA',1,1,39104,1429615346,4),(2133,'Office_Index',1,0,1080,1429615346,4),(2134,'Office_POP3',1,0,612,1429615346,4),(2135,'Office_Web',1,0,3444,1429615346,4),(2136,'Office_Redis',1,0,3120,1429615346,4),(2137,'Office_IM',1,0,988,1429615466,4),(2138,'Office_Mail',1,0,2480,1429615466,4),(2139,'Office_Task',1,1,2876,1429615466,4),(2140,'MySQL5_OA',1,1,39104,1429615466,4),(2141,'Office_Index',1,0,1080,1429615466,4),(2142,'Office_POP3',1,0,612,1429615466,4),(2143,'Office_Web',1,0,3512,1429615466,4),(2144,'Office_Redis',1,0,3188,1429615466,4),(2145,'Office_IM',1,0,988,1429615586,4),(2146,'Office_Mail',1,0,2480,1429615586,4),(2147,'Office_Task',1,0,2888,1429615586,4),(2148,'MySQL5_OA',1,1,39160,1429615586,4),(2149,'Office_Index',1,0,1080,1429615586,4),(2150,'Office_POP3',1,0,612,1429615586,4),(2151,'Office_Web',1,0,3580,1429615586,4),(2152,'Office_Redis',1,0,3256,1429615586,4),(2153,'Office_IM',1,1,1136,1429615706,4),(2154,'Office_Mail',1,0,2504,1429615706,4),(2155,'Office_Task',1,1,2936,1429615706,4),(2156,'MySQL5_OA',1,1,39300,1429615706,4),(2157,'Office_Index',1,0,1080,1429615706,4),(2158,'Office_POP3',1,0,628,1429615706,4),(2159,'Office_Web',1,0,3652,1429615706,4),(2160,'Office_Redis',1,0,3328,1429615706,4),(2161,'Office_IM',1,0,988,1429615826,4),(2162,'Office_Mail',1,0,2504,1429615826,4),(2163,'Office_Task',1,0,2884,1429615826,4),(2164,'MySQL5_OA',1,2,39440,1429615826,4),(2165,'Office_Index',1,0,1080,1429615826,4),(2166,'Office_POP3',1,0,628,1429615826,4),(2167,'Office_Web',1,0,3720,1429615826,4),(2168,'Office_Redis',1,0,3396,1429615826,4),(2169,'Office_IM',1,0,988,1429615946,4),(2170,'Office_Mail',1,0,2504,1429615946,4),(2171,'Office_Task',1,1,2888,1429615946,4),(2172,'MySQL5_OA',1,1,39440,1429615946,4),(2173,'Office_Index',1,0,1080,1429615946,4),(2174,'Office_POP3',1,0,628,1429615946,4),(2175,'Office_Web',1,0,3788,1429615946,4),(2176,'Office_Redis',1,0,3464,1429615946,4),(2177,'Office_IM',1,0,984,1429616066,4),(2178,'Office_Mail',1,0,2504,1429616066,4),(2179,'Office_Task',1,0,2892,1429616066,4),(2180,'MySQL5_OA',1,1,39456,1429616066,4),(2181,'Office_Index',1,0,1080,1429616066,4),(2182,'Office_POP3',1,0,628,1429616066,4),(2183,'Office_Web',1,0,3856,1429616066,4),(2184,'Office_Redis',1,0,3532,1429616066,4),(2185,'Office_IM',1,0,988,1429616186,4),(2186,'Office_Mail',1,0,2504,1429616186,4),(2187,'Office_Task',1,0,2904,1429616186,4),(2188,'MySQL5_OA',1,1,39456,1429616186,4),(2189,'Office_Index',1,0,1080,1429616186,4),(2190,'Office_POP3',1,0,628,1429616186,4),(2191,'Office_Web',1,0,3924,1429616186,4),(2192,'Office_Redis',1,0,3600,1429616186,4),(2193,'Office_IM',1,0,1132,1429616306,4),(2194,'Office_Mail',1,0,2504,1429616306,4),(2195,'Office_Task',1,0,2904,1429616306,4),(2196,'MySQL5_OA',1,1,39456,1429616306,4),(2197,'Office_Index',1,0,1080,1429616306,4),(2198,'Office_POP3',1,0,628,1429616306,4),(2199,'Office_Web',1,0,3992,1429616306,4),(2200,'Office_Redis',1,0,3668,1429616306,4),(2201,'Office_IM',1,0,984,1429616426,4),(2202,'Office_Mail',1,1,2528,1429616426,4),(2203,'Office_Task',1,1,2900,1429616426,4),(2204,'MySQL5_OA',1,1,39496,1429616426,4),(2205,'Office_Index',1,0,1080,1429616426,4),(2206,'Office_POP3',1,0,628,1429616426,4),(2207,'Office_Web',1,0,4060,1429616426,4),(2208,'Office_Redis',1,0,3736,1429616426,4),(2209,'Office_IM',1,0,984,1429616546,4),(2210,'Office_Mail',1,0,2528,1429616546,4),(2211,'Office_Task',1,0,2900,1429616546,4),(2212,'MySQL5_OA',1,1,39500,1429616546,4),(2213,'Office_Index',1,0,1080,1429616546,4),(2214,'Office_POP3',1,0,628,1429616546,4),(2215,'Office_Web',1,0,4128,1429616546,4),(2216,'Office_Redis',1,0,3804,1429616546,4),(2217,'Office_IM',1,0,988,1429616666,4),(2218,'Office_Mail',1,0,2528,1429616666,4),(2219,'Office_Task',1,0,2920,1429616666,4),(2220,'MySQL5_OA',1,1,39532,1429616666,4),(2221,'Office_Index',1,0,1080,1429616666,4),(2222,'Office_POP3',1,0,628,1429616666,4),(2223,'Office_Web',1,0,4200,1429616666,4),(2224,'Office_Redis',1,0,3876,1429616666,4),(2225,'Office_IM',1,0,984,1429616786,4),(2226,'Office_Mail',1,0,2528,1429616786,4),(2227,'Office_Task',1,0,2924,1429616786,4),(2228,'MySQL5_OA',1,11,42580,1429616786,4),(2229,'Office_Index',1,0,1080,1429616786,4),(2230,'Office_POP3',1,0,628,1429616786,4),(2231,'Office_Web',1,0,4268,1429616786,4),(2232,'Office_Redis',1,0,3944,1429616786,4),(2233,'Office_IM',1,0,1136,1429616906,4),(2234,'Office_Mail',1,0,2528,1429616906,4),(2235,'Office_Task',1,1,2952,1429616906,4),(2236,'MySQL5_OA',1,1,42672,1429616906,4),(2237,'Office_Index',1,0,1080,1429616906,4),(2238,'Office_POP3',1,0,628,1429616906,4),(2239,'Office_Web',1,0,4336,1429616906,4),(2240,'Office_Redis',1,0,4012,1429616906,4),(2241,'Office_IM',1,0,988,1429617026,4),(2242,'Office_Mail',1,0,2552,1429617026,4),(2243,'Office_Task',1,0,2924,1429617026,4),(2244,'MySQL5_OA',1,2,40552,1429617026,4),(2245,'Office_Index',1,0,1080,1429617026,4),(2246,'Office_POP3',1,0,628,1429617026,4),(2247,'Office_Web',1,0,4404,1429617026,4),(2248,'Office_Redis',1,0,4080,1429617026,4),(2249,'Office_IM',1,0,988,1429617146,4),(2250,'Office_Mail',1,0,2552,1429617146,4),(2251,'Office_Task',1,0,2924,1429617146,4),(2252,'MySQL5_OA',1,1,40568,1429617146,4),(2253,'Office_Index',1,0,1080,1429617146,4),(2254,'Office_POP3',1,0,628,1429617146,4),(2255,'Office_Web',1,0,4472,1429617146,4),(2256,'Office_Redis',1,0,4152,1429617146,4),(2257,'Office_IM',1,0,988,1429617266,4),(2258,'Office_Mail',1,0,2552,1429617266,4),(2259,'Office_Task',1,0,2928,1429617266,4),(2260,'MySQL5_OA',1,1,40624,1429617266,4),(2261,'Office_Index',1,0,1080,1429617266,4),(2262,'Office_POP3',1,0,628,1429617266,4),(2263,'Office_Web',1,0,4540,1429617266,4),(2264,'Office_Redis',1,0,4220,1429617266,4),(2265,'Office_IM',1,0,984,1429617386,4),(2266,'Office_Mail',1,0,2552,1429617386,4),(2267,'Office_Task',1,0,2924,1429617386,4),(2268,'MySQL5_OA',1,1,40628,1429617386,4),(2269,'Office_Index',1,0,1080,1429617386,4),(2270,'Office_POP3',1,0,628,1429617386,4),(2271,'Office_Web',1,0,4608,1429617386,4),(2272,'Office_Redis',1,0,4288,1429617386,4),(2273,'Office_IM',1,0,1132,1429617506,4),(2274,'Office_Mail',1,0,2552,1429617506,4),(2275,'Office_Task',1,0,2924,1429617506,4),(2276,'MySQL5_OA',1,1,40628,1429617506,4),(2277,'Office_Index',1,0,1080,1429617506,4),(2278,'Office_POP3',1,0,628,1429617506,4),(2279,'Office_Web',1,0,4676,1429617506,4),(2280,'Office_Redis',1,0,4356,1429617506,4),(2281,'Office_IM',1,0,984,1429617626,4),(2282,'Office_Mail',1,1,2576,1429617626,4),(2283,'Office_Task',1,1,2948,1429617626,4),(2284,'MySQL5_OA',1,19,40564,1429617626,4),(2285,'Office_Index',1,0,1080,1429617626,4),(2286,'Office_POP3',1,0,628,1429617626,4),(2287,'Office_Web',1,0,4744,1429617626,4),(2288,'Office_Redis',1,0,4424,1429617626,4),(2289,'Office_IM',1,0,984,1429617746,4),(2290,'Office_Mail',1,0,2576,1429617746,4),(2291,'Office_Task',1,0,2932,1429617746,4),(2292,'MySQL5_OA',1,0,40588,1429617746,4),(2293,'Office_Index',1,0,1080,1429617746,4),(2294,'Office_POP3',1,0,628,1429617746,4),(2295,'Office_Web',1,0,4812,1429617746,4),(2296,'Office_Redis',1,0,4492,1429617746,4),(2297,'Office_IM',1,0,988,1429617866,4),(2298,'Office_Mail',1,0,2576,1429617866,4),(2299,'Office_Task',1,0,2944,1429617866,4),(2300,'MySQL5_OA',1,1,40588,1429617866,4),(2301,'Office_Index',1,0,1080,1429617866,4),(2302,'Office_POP3',1,0,628,1429617866,4),(2303,'Office_Web',1,0,4884,1429617866,4),(2304,'Office_Redis',1,0,4560,1429617866,4),(2305,'Office_IM',1,0,988,1429617986,4),(2306,'Office_Mail',1,0,2576,1429617986,4),(2307,'Office_Task',1,0,2932,1429617986,4),(2308,'MySQL5_OA',1,1,40592,1429617986,4),(2309,'Office_Index',1,0,1080,1429617986,4),(2310,'Office_POP3',1,0,628,1429617986,4),(2311,'Office_Web',1,0,4956,1429617986,4),(2312,'Office_Redis',1,0,4632,1429617986,4),(2313,'Office_IM',1,0,1136,1429618106,4),(2314,'Office_Mail',1,0,2576,1429618106,4),(2315,'Office_Task',1,0,2936,1429618106,4),(2316,'MySQL5_OA',1,1,40596,1429618106,4),(2317,'Office_Index',1,0,1080,1429618106,4),(2318,'Office_POP3',1,0,628,1429618106,4),(2319,'Office_Web',1,0,5024,1429618106,4),(2320,'Office_Redis',1,0,4700,1429618106,4),(2321,'Office_IM',1,0,988,1429618226,4),(2322,'Office_Mail',1,1,2600,1429618226,4),(2323,'Office_Task',1,1,2936,1429618226,4),(2324,'MySQL5_OA',1,1,40536,1429618226,4),(2325,'Office_Index',1,0,1080,1429618226,4),(2326,'Office_POP3',1,0,628,1429618226,4),(2327,'Office_Web',1,0,5092,1429618226,4),(2328,'Office_Redis',1,0,4768,1429618226,4),(2329,'Office_IM',1,0,988,1429618346,4),(2330,'Office_Mail',1,0,2600,1429618346,4),(2331,'Office_Task',1,1,2944,1429618346,4),(2332,'MySQL5_OA',1,1,40488,1429618346,4),(2333,'Office_Index',1,0,1080,1429618346,4),(2334,'Office_POP3',1,0,628,1429618346,4),(2335,'Office_Web',1,0,5160,1429618346,4),(2336,'Office_Redis',1,0,4836,1429618346,4),(2337,'Office_IM',1,0,992,1429618466,4),(2338,'Office_Mail',1,0,2600,1429618466,4),(2339,'Office_Task',1,0,2936,1429618466,4),(2340,'MySQL5_OA',1,1,40488,1429618466,4),(2341,'Office_Index',1,0,1080,1429618466,4),(2342,'Office_POP3',1,0,628,1429618466,4),(2343,'Office_Web',1,0,5228,1429618466,4),(2344,'Office_Redis',1,0,4908,1429618466,4),(2345,'Office_IM',1,0,984,1429618586,4),(2346,'Office_Mail',1,0,2600,1429618586,4),(2347,'Office_Task',1,0,2944,1429618586,4),(2348,'MySQL5_OA',1,1,40488,1429618586,4),(2349,'Office_Index',1,0,1080,1429618586,4),(2350,'Office_POP3',1,0,628,1429618586,4),(2351,'Office_Web',1,0,5296,1429618586,4),(2352,'Office_Redis',1,0,4976,1429618586,4),(2353,'Office_IM',1,0,1136,1429618706,4),(2354,'Office_Mail',1,0,2600,1429618706,4),(2355,'Office_Task',1,1,2956,1429618706,4),(2356,'MySQL5_OA',1,1,40580,1429618706,4),(2357,'Office_Index',1,0,1080,1429618706,4),(2358,'Office_POP3',1,0,628,1429618706,4),(2359,'Office_Web',1,0,5364,1429618706,4),(2360,'Office_Redis',1,0,5044,1429618706,4),(2361,'Office_IM',1,0,988,1429618826,4),(2362,'Office_Mail',1,1,2624,1429618826,4),(2363,'Office_Task',1,0,2944,1429618826,4),(2364,'MySQL5_OA',1,1,40640,1429618826,4),(2365,'Office_Index',1,0,1080,1429618826,4),(2366,'Office_POP3',1,0,628,1429618826,4),(2367,'Office_Web',1,0,5432,1429618826,4),(2368,'Office_Redis',1,0,5112,1429618826,4),(2369,'Office_IM',1,0,988,1429618946,4),(2370,'Office_Mail',1,0,2624,1429618946,4),(2371,'Office_Task',1,0,2948,1429618946,4),(2372,'MySQL5_OA',1,1,40640,1429618946,4),(2373,'Office_Index',1,0,1080,1429618946,4),(2374,'Office_POP3',1,0,628,1429618946,4),(2375,'Office_Web',1,0,5500,1429618946,4),(2376,'Office_Redis',1,0,5180,1429618946,4),(2377,'Office_IM',1,0,988,1429619066,4),(2378,'Office_Mail',1,0,2624,1429619066,4),(2379,'Office_Task',1,1,2944,1429619066,4),(2380,'MySQL5_OA',1,1,40656,1429619066,4),(2381,'Office_Index',1,0,1080,1429619066,4),(2382,'Office_POP3',1,0,628,1429619066,4),(2383,'Office_Web',1,0,5576,1429619066,4),(2384,'Office_Redis',1,0,5248,1429619066,4),(2385,'Office_IM',1,0,984,1429619186,4),(2386,'Office_Mail',1,0,2624,1429619186,4),(2387,'Office_Task',1,1,2944,1429619186,4),(2388,'MySQL5_OA',1,1,40672,1429619186,4),(2389,'Office_Index',1,0,1080,1429619186,4),(2390,'Office_POP3',1,0,628,1429619186,4),(2391,'Office_Web',1,0,5644,1429619186,4),(2392,'Office_Redis',1,0,5316,1429619186,4),(2393,'Office_IM',1,0,1140,1429619306,4),(2394,'Office_Mail',1,1,2648,1429619306,4),(2395,'Office_Task',1,1,2992,1429619306,4),(2396,'MySQL5_OA',1,1,40576,1429619306,4),(2397,'Office_Index',1,0,1080,1429619306,4),(2398,'Office_POP3',1,0,628,1429619306,4),(2399,'Office_Web',1,0,5716,1429619306,4),(2400,'Office_Redis',1,0,5388,1429619306,4),(2401,'Office_IM',1,0,988,1429619426,4),(2402,'Office_Mail',1,0,2648,1429619426,4),(2403,'Office_Task',1,0,2936,1429619426,4),(2404,'MySQL5_OA',1,1,40716,1429619426,4),(2405,'Office_Index',1,0,1080,1429619426,4),(2406,'Office_POP3',1,0,628,1429619426,4),(2407,'Office_Web',1,0,5784,1429619426,4),(2408,'Office_Redis',1,0,5456,1429619426,4),(2409,'Office_IM',1,0,988,1429619546,4),(2410,'Office_Mail',1,0,2648,1429619546,4),(2411,'Office_Task',1,1,2936,1429619546,4),(2412,'MySQL5_OA',1,1,40772,1429619546,4),(2413,'Office_Index',1,0,1080,1429619546,4),(2414,'Office_POP3',1,0,628,1429619546,4),(2415,'Office_Web',1,0,5852,1429619546,4),(2416,'Office_Redis',1,0,5524,1429619546,4),(2417,'Office_IM',1,0,988,1429619666,4),(2418,'Office_Mail',1,0,2648,1429619666,4),(2419,'Office_Task',1,0,2948,1429619666,4),(2420,'MySQL5_OA',1,1,40772,1429619666,4),(2421,'Office_Index',1,0,1080,1429619666,4),(2422,'Office_POP3',1,0,628,1429619666,4),(2423,'Office_Web',1,0,5920,1429619666,4),(2424,'Office_Redis',1,0,5592,1429619666,4),(2425,'Office_IM',1,0,984,1429619786,4),(2426,'Office_Mail',1,0,2648,1429619786,4),(2427,'Office_Task',1,1,2944,1429619786,4),(2428,'MySQL5_OA',1,1,40772,1429619786,4),(2429,'Office_Index',1,0,1080,1429619786,4),(2430,'Office_POP3',1,0,628,1429619786,4),(2431,'Office_Web',1,0,5988,1429619786,4),(2432,'Office_Redis',1,0,5660,1429619786,4),(2433,'Office_IM',1,0,1136,1429619906,4),(2434,'Office_Mail',1,0,2648,1429619906,4),(2435,'Office_Task',1,0,2948,1429619906,4),(2436,'MySQL5_OA',1,1,40788,1429619906,4),(2437,'Office_Index',1,0,1080,1429619906,4),(2438,'Office_POP3',1,0,628,1429619906,4),(2439,'Office_Web',1,0,6056,1429619906,4),(2440,'Office_Redis',1,0,5728,1429619906,4),(2441,'Office_IM',1,0,988,1429620026,4),(2442,'Office_Mail',1,0,2672,1429620026,4),(2443,'Office_Task',1,1,2936,1429620026,4),(2444,'MySQL5_OA',1,1,40764,1429620026,4),(2445,'Office_Index',1,0,1080,1429620026,4),(2446,'Office_POP3',1,0,628,1429620026,4),(2447,'Office_Web',1,0,6124,1429620026,4),(2448,'Office_Redis',1,0,5796,1429620026,4),(2449,'Office_IM',1,0,988,1429620146,4),(2450,'Office_Mail',1,0,2672,1429620146,4),(2451,'Office_Task',1,0,2936,1429620146,4),(2452,'MySQL5_OA',1,1,40684,1429620146,4),(2453,'Office_Index',1,0,1080,1429620146,4),(2454,'Office_POP3',1,0,628,1429620146,4),(2455,'Office_Web',1,0,6192,1429620146,4),(2456,'Office_Redis',1,0,5864,1429620146,4),(2457,'Office_IM',1,0,988,1429620266,4),(2458,'Office_Mail',1,0,2672,1429620266,4),(2459,'Office_Task',1,0,2936,1429620266,4),(2460,'MySQL5_OA',1,1,40692,1429620266,4),(2461,'Office_Index',1,0,1080,1429620266,4),(2462,'Office_POP3',1,0,628,1429620266,4),(2463,'Office_Web',1,0,6260,1429620266,4),(2464,'Office_Redis',1,0,5932,1429620266,4),(2465,'Office_IM',1,0,988,1429620386,4),(2466,'Office_Mail',1,0,2672,1429620386,4),(2467,'Office_Task',1,0,2936,1429620386,4),(2468,'MySQL5_OA',1,1,40692,1429620386,4),(2469,'Office_Index',1,0,1080,1429620386,4),(2470,'Office_POP3',1,0,628,1429620386,4),(2471,'Office_Web',1,0,6328,1429620386,4),(2472,'Office_Redis',1,0,6000,1429620386,4),(2473,'Office_IM',1,0,1132,1429620506,4),(2474,'Office_Mail',1,0,2672,1429620506,4),(2475,'Office_Task',1,1,2940,1429620506,4),(2476,'MySQL5_OA',1,1,40660,1429620506,4),(2477,'Office_Index',1,0,1080,1429620506,4),(2478,'Office_POP3',1,0,628,1429620506,4),(2479,'Office_Web',1,0,6396,1429620506,4),(2480,'Office_Redis',1,0,6068,1429620506,4),(2481,'Office_IM',1,0,984,1429620626,4),(2482,'Office_Mail',1,0,2696,1429620626,4),(2483,'Office_Task',1,1,2948,1429620626,4),(2484,'MySQL5_OA',1,1,40768,1429620626,4),(2485,'Office_Index',1,0,1080,1429620626,4),(2486,'Office_POP3',1,0,628,1429620626,4),(2487,'Office_Web',1,0,6468,1429620626,4),(2488,'Office_Redis',1,0,6140,1429620626,4),(2489,'Office_IM',1,0,988,1429620746,4),(2490,'Office_Mail',1,0,2696,1429620746,4),(2491,'Office_Task',1,1,2944,1429620746,4),(2492,'MySQL5_OA',1,1,40760,1429620746,4),(2493,'Office_Index',1,0,1080,1429620746,4),(2494,'Office_POP3',1,0,628,1429620746,4),(2495,'Office_Web',1,0,6536,1429620746,4),(2496,'Office_Redis',1,0,6212,1429620746,4),(2497,'Office_IM',1,0,984,1429620866,4),(2498,'Office_Mail',1,0,2696,1429620866,4),(2499,'Office_Task',1,1,2936,1429620866,4),(2500,'MySQL5_OA',1,1,40756,1429620866,4),(2501,'Office_Index',1,0,1080,1429620866,4),(2502,'Office_POP3',1,0,628,1429620866,4),(2503,'Office_Web',1,0,6604,1429620866,4),(2504,'Office_Redis',1,0,6280,1429620866,4),(2505,'Office_IM',1,0,988,1429620986,4),(2506,'Office_Mail',1,0,2696,1429620986,4),(2507,'Office_Task',1,1,2940,1429620986,4),(2508,'MySQL5_OA',1,1,40756,1429620986,4),(2509,'Office_Index',1,0,1080,1429620986,4),(2510,'Office_POP3',1,0,628,1429620986,4),(2511,'Office_Web',1,0,6672,1429620986,4),(2512,'Office_Redis',1,0,6348,1429620986,4),(2513,'Office_IM',1,0,1136,1429621106,4),(2514,'Office_Mail',1,0,2696,1429621106,4),(2515,'Office_Task',1,0,2960,1429621106,4),(2516,'MySQL5_OA',1,1,40756,1429621106,4),(2517,'Office_Index',1,0,1080,1429621106,4),(2518,'Office_POP3',1,0,628,1429621106,4),(2519,'Office_Web',1,0,6740,1429621106,4),(2520,'Office_Redis',1,0,6416,1429621106,4),(2521,'Office_IM',1,0,988,1429621226,4),(2522,'Office_Mail',1,0,2720,1429621226,4),(2523,'Office_Task',1,1,2940,1429621226,4),(2524,'MySQL5_OA',1,18,40760,1429621226,4),(2525,'Office_Index',1,0,1080,1429621226,4),(2526,'Office_POP3',1,0,628,1429621226,4),(2527,'Office_Web',1,0,6808,1429621226,4),(2528,'Office_Redis',1,0,6484,1429621226,4),(2529,'Office_IM',1,0,988,1429621346,4),(2530,'Office_Mail',1,0,2720,1429621346,4),(2531,'Office_Task',1,0,2940,1429621346,4),(2532,'MySQL5_OA',1,1,40824,1429621346,4),(2533,'Office_Index',1,0,1080,1429621346,4),(2534,'Office_POP3',1,0,628,1429621346,4),(2535,'Office_Web',1,0,6876,1429621346,4),(2536,'Office_Redis',1,0,6552,1429621346,4),(2537,'Office_IM',1,0,988,1429621466,4),(2538,'Office_Mail',1,0,2720,1429621466,4),(2539,'Office_Task',1,0,2948,1429621466,4),(2540,'MySQL5_OA',1,1,40824,1429621466,4),(2541,'Office_Index',1,0,1080,1429621466,4),(2542,'Office_POP3',1,0,628,1429621466,4),(2543,'Office_Web',1,0,6944,1429621466,4),(2544,'Office_Redis',1,0,6620,1429621466,4),(2545,'Office_IM',1,0,984,1429621586,4),(2546,'Office_Mail',1,0,2720,1429621586,4),(2547,'Office_Task',1,1,2948,1429621586,4),(2548,'MySQL5_OA',1,1,40840,1429621586,4),(2549,'Office_Index',1,0,1080,1429621586,4),(2550,'Office_POP3',1,0,628,1429621586,4),(2551,'Office_Web',1,0,7012,1429621586,4),(2552,'Office_Redis',1,0,6688,1429621586,4),(2553,'Office_IM',1,0,1136,1429621706,4),(2554,'Office_Mail',1,0,2720,1429621706,4),(2555,'Office_Task',1,1,2952,1429621706,4),(2556,'MySQL5_OA',1,1,40784,1429621706,4),(2557,'Office_Index',1,0,1080,1429621706,4),(2558,'Office_POP3',1,0,628,1429621706,4),(2559,'Office_Web',1,0,7080,1429621706,4),(2560,'Office_Redis',1,0,6756,1429621706,4),(2561,'Office_IM',1,0,988,1429621826,4),(2562,'Office_Mail',1,1,2756,1429621826,4),(2563,'Office_Task',1,0,2956,1429621826,4),(2564,'MySQL5_OA',1,1,40804,1429621826,4),(2565,'Office_Index',1,0,1080,1429621826,4),(2566,'Office_POP3',1,0,628,1429621826,4),(2567,'Office_Web',1,0,7148,1429621826,4),(2568,'Office_Redis',1,0,6824,1429621826,4),(2569,'Office_IM',1,0,988,1429621946,4),(2570,'Office_Mail',1,0,2756,1429621946,4),(2571,'Office_Task',1,1,2944,1429621946,4),(2572,'MySQL5_OA',1,1,40748,1429621946,4),(2573,'Office_Index',1,0,1080,1429621946,4),(2574,'Office_POP3',1,0,628,1429621946,4),(2575,'Office_Web',1,0,7220,1429621946,4),(2576,'Office_Redis',1,0,6896,1429621946,4),(2577,'Office_IM',1,0,988,1429622066,4),(2578,'Office_Mail',1,0,2756,1429622066,4),(2579,'Office_Task',1,0,2948,1429622066,4),(2580,'MySQL5_OA',1,1,40824,1429622066,4),(2581,'Office_Index',1,0,1080,1429622066,4),(2582,'Office_POP3',1,0,628,1429622066,4),(2583,'Office_Web',1,0,7288,1429622066,4),(2584,'Office_Redis',1,0,6964,1429622066,4),(2585,'Office_IM',1,0,984,1429622186,4),(2586,'Office_Mail',1,0,2756,1429622186,4),(2587,'Office_Task',1,0,2944,1429622186,4),(2588,'MySQL5_OA',1,1,40824,1429622186,4),(2589,'Office_Index',1,0,1080,1429622186,4),(2590,'Office_POP3',1,0,628,1429622186,4),(2591,'Office_Web',1,0,7356,1429622186,4),(2592,'Office_Redis',1,0,7032,1429622186,4),(2593,'Office_IM',1,0,1132,1429622306,4),(2594,'Office_Mail',1,0,2756,1429622306,4),(2595,'Office_Task',1,1,2952,1429622306,4),(2596,'MySQL5_OA',1,1,40824,1429622306,4),(2597,'Office_Index',1,0,1080,1429622306,4),(2598,'Office_POP3',1,0,628,1429622306,4),(2599,'Office_Web',1,0,7424,1429622306,4),(2600,'Office_Redis',1,0,7100,1429622306,4),(2601,'Office_IM',1,0,984,1429622426,4),(2602,'Office_Mail',1,1,2780,1429622426,4),(2603,'Office_Task',1,1,2952,1429622426,4),(2604,'MySQL5_OA',1,1,40884,1429622426,4),(2605,'Office_Index',1,0,1080,1429622426,4),(2606,'Office_POP3',1,0,628,1429622426,4),(2607,'Office_Web',1,0,7492,1429622426,4),(2608,'Office_Redis',1,0,7168,1429622426,4),(2609,'Office_IM',1,0,988,1429622546,4),(2610,'Office_Mail',1,0,2780,1429622546,4),(2611,'Office_Task',1,1,2944,1429622546,4),(2612,'MySQL5_OA',1,1,40884,1429622546,4),(2613,'Office_Index',1,0,1080,1429622546,4),(2614,'Office_POP3',1,0,628,1429622546,4),(2615,'Office_Web',1,0,7564,1429622546,4),(2616,'Office_Redis',1,0,7236,1429622546,4),(2617,'Office_IM',1,0,988,1429622666,4),(2618,'Office_Mail',1,0,2780,1429622666,4),(2619,'Office_Task',1,1,2956,1429622666,4),(2620,'MySQL5_OA',1,1,40884,1429622666,4),(2621,'Office_Index',1,0,1080,1429622666,4),(2622,'Office_POP3',1,0,628,1429622666,4),(2623,'Office_Web',1,0,7632,1429622666,4),(2624,'Office_Redis',1,0,7304,1429622666,4),(2625,'Office_IM',1,0,988,1429622786,4),(2626,'Office_Mail',1,0,2780,1429622786,4),(2627,'Office_Task',1,0,2956,1429622786,4),(2628,'MySQL5_OA',1,1,40884,1429622786,4),(2629,'Office_Index',1,0,1080,1429622786,4),(2630,'Office_POP3',1,0,628,1429622786,4),(2631,'Office_Web',1,0,7700,1429622786,4),(2632,'Office_Redis',1,0,7372,1429622786,4),(2633,'Office_IM',1,0,1140,1429622906,4),(2634,'Office_Mail',1,0,2804,1429622906,4),(2635,'Office_Task',1,0,3000,1429622906,4),(2636,'MySQL5_OA',1,1,40908,1429622906,4),(2637,'Office_Index',1,0,1080,1429622906,4),(2638,'Office_POP3',1,0,628,1429622906,4),(2639,'Office_Web',1,0,7768,1429622906,4),(2640,'Office_Redis',1,0,7440,1429622906,4),(2641,'Office_IM',1,0,984,1429623026,4),(2642,'Office_Mail',1,0,2804,1429623026,4),(2643,'Office_Task',1,0,2944,1429623026,4),(2644,'MySQL5_OA',1,1,40936,1429623026,4),(2645,'Office_Index',1,0,1080,1429623026,4),(2646,'Office_POP3',1,0,628,1429623026,4),(2647,'Office_Web',1,0,7836,1429623026,4),(2648,'Office_Redis',1,0,7508,1429623026,4),(2649,'Office_IM',1,0,988,1429623146,4),(2650,'Office_Mail',1,0,2804,1429623146,4),(2651,'Office_Task',1,0,2952,1429623146,4),(2652,'MySQL5_OA',1,1,40936,1429623146,4),(2653,'Office_Index',1,0,1080,1429623146,4),(2654,'Office_POP3',1,0,628,1429623146,4),(2655,'Office_Web',1,0,7908,1429623146,4),(2656,'Office_Redis',1,0,7580,1429623146,4),(2657,'Office_IM',1,0,984,1429623266,4),(2658,'Office_Mail',1,0,2804,1429623266,4),(2659,'Office_Task',1,0,2956,1429623266,4),(2660,'MySQL5_OA',1,1,40808,1429623266,4),(2661,'Office_Index',1,0,1080,1429623266,4),(2662,'Office_POP3',1,0,628,1429623266,4),(2663,'Office_Web',1,0,7976,1429623266,4),(2664,'Office_Redis',1,0,7648,1429623266,4),(2665,'Office_IM',1,0,984,1429623386,4),(2666,'Office_Mail',1,0,2804,1429623386,4),(2667,'Office_Task',1,0,2948,1429623386,4),(2668,'MySQL5_OA',1,1,40936,1429623386,4),(2669,'Office_Index',1,0,1080,1429623386,4),(2670,'Office_POP3',1,0,628,1429623386,4),(2671,'Office_Web',1,0,8044,1429623386,4),(2672,'Office_Redis',1,0,7716,1429623386,4),(2673,'Office_IM',1,0,1136,1429623506,4),(2674,'Office_Mail',1,0,2804,1429623506,4),(2675,'Office_Task',1,1,2956,1429623506,4),(2676,'MySQL5_OA',1,1,40936,1429623506,4),(2677,'Office_Index',1,0,1080,1429623506,4),(2678,'Office_POP3',1,0,628,1429623506,4),(2679,'Office_Web',1,0,8112,1429623506,4),(2680,'Office_Redis',1,0,7784,1429623506,4),(2681,'Office_IM',1,0,984,1429623626,4),(2682,'Office_Mail',1,0,2828,1429623626,4),(2683,'Office_Task',1,1,2952,1429623626,4),(2684,'MySQL5_OA',1,1,40948,1429623626,4),(2685,'Office_Index',1,0,1080,1429623626,4),(2686,'Office_POP3',1,0,628,1429623626,4),(2687,'Office_Web',1,0,8180,1429623626,4),(2688,'Office_Redis',1,0,7852,1429623626,4),(2689,'Office_IM',1,0,984,1429623746,4),(2690,'Office_Mail',1,0,2828,1429623746,4),(2691,'Office_Task',1,0,2944,1429623746,4),(2692,'MySQL5_OA',1,1,40956,1429623746,4),(2693,'Office_Index',1,0,1080,1429623746,4),(2694,'Office_POP3',1,0,628,1429623746,4),(2695,'Office_Web',1,0,8248,1429623746,4),(2696,'Office_Redis',1,0,7920,1429623746,4),(2697,'Office_IM',1,0,984,1429623866,4),(2698,'Office_Mail',1,0,2828,1429623866,4),(2699,'Office_Task',1,1,2952,1429623866,4),(2700,'MySQL5_OA',1,1,40900,1429623866,4),(2701,'Office_Index',1,0,1080,1429623866,4),(2702,'Office_POP3',1,0,628,1429623866,4),(2703,'Office_Web',1,0,8316,1429623866,4),(2704,'Office_Redis',1,0,7988,1429623866,4),(2705,'Office_IM',1,0,988,1429623986,4),(2706,'Office_Mail',1,0,2828,1429623986,4),(2707,'Office_Task',1,0,2952,1429623986,4),(2708,'MySQL5_OA',1,13,43120,1429623986,4),(2709,'Office_Index',1,0,1080,1429623986,4),(2710,'Office_POP3',1,0,628,1429623986,4),(2711,'Office_Web',1,0,8384,1429623986,4),(2712,'Office_Redis',1,0,8056,1429623986,4),(2713,'Office_IM',1,0,1136,1429624106,4),(2714,'Office_Mail',1,0,2828,1429624106,4),(2715,'Office_Task',1,1,2984,1429624106,4),(2716,'MySQL5_OA',1,1,43184,1429624106,4),(2717,'Office_Index',1,0,1080,1429624106,4),(2718,'Office_POP3',1,0,628,1429624106,4),(2719,'Office_Web',1,0,8452,1429624106,4),(2720,'Office_Redis',1,0,8124,1429624106,4),(2721,'Office_IM',1,0,988,1429624226,4),(2722,'Office_Mail',1,0,2852,1429624226,4),(2723,'Office_Task',1,0,2968,1429624226,4),(2724,'MySQL5_OA',1,2,41228,1429624226,4),(2725,'Office_Index',1,0,1080,1429624226,4),(2726,'Office_POP3',1,0,628,1429624226,4),(2727,'Office_Web',1,0,8520,1429624226,4),(2728,'Office_Redis',1,0,8192,1429624226,4),(2729,'Office_IM',1,0,1036,1429624346,4),(2730,'Office_Mail',1,1,3100,1429624346,4),(2731,'Office_Task',1,0,2964,1429624346,4),(2732,'MySQL5_OA',1,1,41324,1429624346,4),(2733,'Office_Index',1,0,1400,1429624346,4),(2734,'Office_POP3',1,0,1004,1429624346,4),(2735,'Office_Web',1,0,8908,1429624346,4),(2736,'Office_Redis',1,0,8620,1429624346,4),(2737,'Office_IM',1,0,1036,1429624466,4),(2738,'Office_Mail',1,0,3100,1429624466,4),(2739,'Office_Task',1,0,2968,1429624466,4),(2740,'MySQL5_OA',1,1,41324,1429624466,4),(2741,'Office_Index',1,0,1400,1429624466,4),(2742,'Office_POP3',1,0,1004,1429624466,4),(2743,'Office_Web',1,0,8984,1429624466,4),(2744,'Office_Redis',1,0,8692,1429624466,4),(2745,'Office_IM',1,0,1036,1429624586,4),(2746,'Office_Mail',1,0,3100,1429624586,4),(2747,'Office_Task',1,0,2964,1429624586,4),(2748,'MySQL5_OA',1,1,41312,1429624586,4),(2749,'Office_Index',1,0,1400,1429624586,4),(2750,'Office_POP3',1,0,1004,1429624586,4),(2751,'Office_Web',1,0,9052,1429624586,4),(2752,'Office_Redis',1,0,8760,1429624586,4),(2753,'Office_IM',1,0,916,1429923943,4),(2754,'Office_Mail',1,0,11256,1429923943,4),(2755,'Office_Task',1,1,10348,1429923943,4),(2756,'MySQL5_OA',1,13,51644,1429923943,4),(2757,'Office_Index',1,0,9056,1429923943,4),(2758,'Office_POP3',1,0,8560,1429923943,4),(2759,'Office_Web',1,0,8548,1429923943,4),(2760,'Office_Redis',1,0,8660,1429923943,4),(2761,'Office_IM',1,0,916,1429924063,4),(2762,'Office_Mail',1,0,11328,1429924063,4),(2763,'Office_Task',1,1,10356,1429924063,4),(2764,'MySQL5_OA',1,3,51748,1429924063,4),(2765,'Office_Index',1,0,9056,1429924063,4),(2766,'Office_POP3',1,0,8560,1429924063,4),(2767,'Office_Web',1,0,8628,1429924063,4),(2768,'Office_Redis',1,0,8740,1429924063,4),(2769,'Office_IM',1,0,976,1429924183,4),(2770,'Office_Mail',1,0,11320,1429924183,4),(2771,'Office_Task',1,1,10368,1429924183,4),(2772,'MySQL5_OA',1,3,52116,1429924183,4),(2773,'Office_Index',1,0,9056,1429924183,4),(2774,'Office_POP3',1,0,8552,1429924183,4),(2775,'Office_Web',1,0,8712,1429924183,4),(2776,'Office_Redis',1,0,8808,1429924183,4),(2777,'Office_IM',1,0,976,1429924303,4),(2778,'Office_Mail',1,0,11320,1429924303,4),(2779,'Office_Task',1,0,10368,1429924303,4),(2780,'MySQL5_OA',1,1,52208,1429924303,4),(2781,'Office_Index',1,0,9056,1429924303,4),(2782,'Office_POP3',1,0,8552,1429924303,4),(2783,'Office_Web',1,0,8772,1429924303,4),(2784,'Office_Redis',1,0,8876,1429924303,4),(2785,'Office_IM',1,1,976,1429924423,4),(2786,'Office_Mail',1,0,11388,1429924423,4),(2787,'Office_Task',1,1,10380,1429924423,4),(2788,'MySQL5_OA',1,4,52008,1429924423,4),(2789,'Office_Index',1,0,9056,1429924423,4),(2790,'Office_POP3',1,0,8552,1429924423,4),(2791,'Office_Web',1,0,8852,1429924423,4),(2792,'Office_Redis',1,0,8944,1429924423,4),(2793,'Office_IM',1,0,956,1429924543,4),(2794,'Office_Mail',1,0,11388,1429924543,4),(2795,'Office_Task',1,0,10384,1429924543,4),(2796,'MySQL5_OA',1,2,51484,1429924543,4),(2797,'Office_Index',1,0,9056,1429924543,4),(2798,'Office_POP3',1,0,8552,1429924543,4),(2799,'Office_Web',1,0,8912,1429924543,4),(2800,'Office_Redis',1,0,9016,1429924543,4),(2801,'Office_IM',1,1,956,1429924663,4),(2802,'Office_Mail',1,0,11388,1429924663,4),(2803,'Office_Task',1,1,10384,1429924663,4),(2804,'MySQL5_OA',1,4,51540,1429924663,4),(2805,'Office_Index',1,0,9056,1429924663,4),(2806,'Office_POP3',1,0,8552,1429924663,4),(2807,'Office_Web',1,0,8980,1429924663,4),(2808,'Office_Redis',1,0,9084,1429924663,4),(2809,'Office_IM',1,0,960,1429924783,4),(2810,'Office_Mail',1,0,11388,1429924783,4),(2811,'Office_Task',1,1,10388,1429924783,4),(2812,'MySQL5_OA',1,5,51636,1429924783,4),(2813,'Office_Index',1,0,9056,1429924783,4),(2814,'Office_POP3',1,0,8552,1429924783,4),(2815,'Office_Web',1,0,9056,1429924783,4),(2816,'Office_Redis',1,0,9152,1429924783,4),(2817,'Office_IM',1,0,956,1429924903,4),(2818,'Office_Mail',1,0,11388,1429924903,4),(2819,'Office_Task',1,0,10392,1429924903,4),(2820,'MySQL5_OA',1,3,51636,1429924903,4),(2821,'Office_Index',1,0,9056,1429924903,4),(2822,'Office_POP3',1,0,8552,1429924903,4),(2823,'Office_Web',1,0,9120,1429924903,4),(2824,'Office_Redis',1,0,9220,1429924903,4),(2825,'Office_IM',1,0,956,1429925023,4),(2826,'Office_Mail',1,1,11416,1429925023,4),(2827,'Office_Task',1,1,10392,1429925023,4),(2828,'MySQL5_OA',1,5,51636,1429925023,4),(2829,'Office_Index',1,0,9056,1429925023,4),(2830,'Office_POP3',1,0,8552,1429925023,4),(2831,'Office_Web',1,0,9200,1429925023,4),(2832,'Office_Redis',1,0,9288,1429925023,4),(2833,'Office_IM',1,0,1020,1429925143,4),(2834,'Office_Mail',1,0,11416,1429925143,4),(2835,'Office_Task',1,0,10392,1429925143,4),(2836,'MySQL5_OA',1,5,51656,1429925143,4),(2837,'Office_Index',1,0,9056,1429925143,4),(2838,'Office_POP3',1,0,8552,1429925143,4),(2839,'Office_Web',1,0,9256,1429925143,4),(2840,'Office_Redis',1,0,9356,1429925143,4),(2841,'Office_IM',1,0,1020,1429925263,4),(2842,'Office_Mail',1,0,11416,1429925263,4),(2843,'Office_Task',1,0,10396,1429925263,4),(2844,'MySQL5_OA',1,5,51876,1429925263,4),(2845,'Office_Index',1,0,9056,1429925263,4),(2846,'Office_POP3',1,0,8552,1429925263,4),(2847,'Office_Web',1,0,9328,1429925263,4),(2848,'Office_Redis',1,0,9428,1429925263,4),(2849,'Office_IM',1,0,1028,1429925683,4),(2850,'Office_Mail',1,0,10464,1429925683,4),(2851,'Office_Task',1,1,10232,1429925683,4),(2852,'MySQL5_OA',1,6,49980,1429925683,4),(2853,'Office_Index',1,0,8888,1429925683,4),(2854,'Office_POP3',1,0,8560,1429925683,4),(2855,'Office_Web',1,0,8484,1429925683,4),(2856,'Office_Redis',1,0,8592,1429925683,4),(2857,'Office_IM',1,0,1028,1429925803,4),(2858,'Office_Mail',1,0,10536,1429925803,4),(2859,'Office_Task',1,0,10312,1429925803,4),(2860,'MySQL5_OA',1,1,50184,1429925803,4),(2861,'Office_Index',1,0,8888,1429925803,4),(2862,'Office_POP3',1,0,8560,1429925803,4),(2863,'Office_Web',1,0,8564,1429925803,4),(2864,'Office_Redis',1,0,8672,1429925803,4),(2865,'Office_IM',1,0,1028,1429925923,4),(2866,'Office_Mail',1,0,10528,1429925923,4),(2867,'Office_Task',1,1,10336,1429925923,4),(2868,'MySQL5_OA',1,6,51300,1429925923,4),(2869,'Office_Index',1,0,8888,1429925923,4),(2870,'Office_POP3',1,0,8552,1429925923,4),(2871,'Office_Web',1,0,8648,1429925923,4),(2872,'Office_Redis',1,0,8740,1429925923,4),(2873,'Office_IM',1,0,1028,1429926043,4),(2874,'Office_Mail',1,0,10528,1429926043,4),(2875,'Office_Task',1,0,10336,1429926043,4),(2876,'MySQL5_OA',1,7,51996,1429926043,4),(2877,'Office_Index',1,0,8888,1429926043,4),(2878,'Office_POP3',1,0,8552,1429926043,4),(2879,'Office_Web',1,0,8708,1429926043,4),(2880,'Office_Redis',1,0,8808,1429926043,4),(2881,'Office_IM',1,0,1028,1429926163,4),(2882,'Office_Mail',1,1,10596,1429926163,4),(2883,'Office_Task',1,1,10360,1429926163,4),(2884,'MySQL5_OA',1,3,51024,1429926163,4),(2885,'Office_Index',1,0,8888,1429926163,4),(2886,'Office_POP3',1,0,8552,1429926163,4),(2887,'Office_Web',1,0,8784,1429926163,4),(2888,'Office_Redis',1,0,8876,1429926163,4),(2889,'Office_IM',1,0,1028,1429926283,4),(2890,'Office_Mail',1,0,10596,1429926283,4),(2891,'Office_Task',1,0,10360,1429926283,4),(2892,'MySQL5_OA',1,4,51292,1429926283,4),(2893,'Office_Index',1,0,8888,1429926283,4),(2894,'Office_POP3',1,0,8552,1429926283,4),(2895,'Office_Web',1,0,8844,1429926283,4),(2896,'Office_Redis',1,0,8944,1429926283,4),(2897,'Office_IM',1,0,1112,1429926583,4),(2898,'Office_Mail',1,0,10596,1429926583,4),(2899,'Office_Task',1,1,10424,1429926583,4),(2900,'MySQL5_OA',1,1,51292,1429926583,4),(2901,'Office_Index',1,0,8888,1429926583,4),(2902,'Office_POP3',1,0,8556,1429926583,4),(2903,'Office_Web',1,0,8928,1429926583,4),(2904,'Office_Redis',1,0,9016,1429926583,4),(2905,'Office_IM',1,0,724,1429926703,4),(2906,'Office_Mail',1,0,10600,1429926703,4),(2907,'Office_Task',1,1,10400,1429926703,4),(2908,'MySQL5_OA',1,1,51312,1429926703,4),(2909,'Office_Index',1,0,8892,1429926703,4),(2910,'Office_POP3',1,0,8560,1429926703,4),(2911,'Office_Web',1,0,8992,1429926703,4),(2912,'Office_Redis',1,0,9088,1429926703,4),(2913,'Office_IM',1,0,724,1429926823,4),(2914,'Office_Mail',1,1,10628,1429926823,4),(2915,'Office_Task',1,1,10408,1429926823,4),(2916,'MySQL5_OA',1,3,51288,1429926823,4),(2917,'Office_Index',1,0,8892,1429926823,4),(2918,'Office_POP3',1,0,8560,1429926823,4),(2919,'Office_Web',1,0,9060,1429926823,4),(2920,'Office_Redis',1,0,9156,1429926823,4),(2921,'Office_IM',1,0,724,1429926943,4),(2922,'Office_Mail',1,0,10628,1429926943,4),(2923,'Office_Task',1,1,10420,1429926943,4),(2924,'MySQL5_OA',1,1,51400,1429926943,4),(2925,'Office_Index',1,0,8892,1429926943,4),(2926,'Office_POP3',1,0,8560,1429926943,4),(2927,'Office_Web',1,0,9140,1429926943,4),(2928,'Office_Redis',1,0,9224,1429926943,4),(2929,'Office_IM',1,0,724,1429927063,4),(2930,'Office_Mail',1,0,10628,1429927063,4),(2931,'Office_Task',1,1,10412,1429927063,4),(2932,'MySQL5_OA',1,3,51432,1429927063,4),(2933,'Office_Index',1,0,8892,1429927063,4),(2934,'Office_POP3',1,0,8560,1429927063,4),(2935,'Office_Web',1,0,9196,1429927063,4),(2936,'Office_Redis',1,0,9292,1429927063,4),(2937,'Office_IM',1,0,724,1429927183,4),(2938,'Office_Mail',1,0,10628,1429927183,4),(2939,'Office_Task',1,0,10412,1429927183,4),(2940,'MySQL5_OA',1,2,51468,1429927183,4),(2941,'Office_Index',1,0,8892,1429927183,4),(2942,'Office_POP3',1,0,8560,1429927183,4),(2943,'Office_Web',1,0,9276,1429927183,4),(2944,'Office_Redis',1,0,9364,1429927183,4),(2945,'Office_IM',1,0,724,1429927303,4),(2946,'Office_Mail',1,0,10628,1429927303,4),(2947,'Office_Task',1,0,10424,1429927303,4),(2948,'MySQL5_OA',1,1,51488,1429927303,4),(2949,'Office_Index',1,0,8892,1429927303,4),(2950,'Office_POP3',1,0,8560,1429927303,4),(2951,'Office_Web',1,0,9336,1429927303,4),(2952,'Office_Redis',1,0,9432,1429927303,4),(2953,'Office_IM',1,0,724,1429927423,4),(2954,'Office_Mail',1,0,10656,1429927423,4),(2955,'Office_Task',1,0,10412,1429927423,4),(2956,'MySQL5_OA',1,4,51516,1429927423,4),(2957,'Office_Index',1,0,8892,1429927423,4),(2958,'Office_POP3',1,0,8560,1429927423,4),(2959,'Office_Web',1,0,9404,1429927423,4),(2960,'Office_Redis',1,0,9500,1429927423,4),(2961,'Office_IM',1,0,724,1429927543,4),(2962,'Office_Mail',1,0,10656,1429927543,4),(2963,'Office_Task',1,0,10412,1429927543,4),(2964,'MySQL5_OA',1,3,51468,1429927543,4),(2965,'Office_Index',1,0,8892,1429927543,4),(2966,'Office_POP3',1,0,8560,1429927543,4),(2967,'Office_Web',1,0,9480,1429927543,4),(2968,'Office_Redis',1,0,9568,1429927543,4),(2969,'Office_IM',1,0,724,1429927663,4),(2970,'Office_Mail',1,0,10656,1429927663,4),(2971,'Office_Task',1,0,10424,1429927663,4),(2972,'MySQL5_OA',1,1,51484,1429927663,4),(2973,'Office_Index',1,0,8892,1429927663,4),(2974,'Office_POP3',1,0,8560,1429927663,4),(2975,'Office_Web',1,0,9552,1429927663,4),(2976,'Office_Redis',1,0,9640,1429927663,4),(2977,'Office_IM',1,0,724,1429927783,4),(2978,'Office_Mail',1,0,10656,1429927783,4),(2979,'Office_Task',1,1,10412,1429927783,4),(2980,'MySQL5_OA',1,1,51472,1429927783,4),(2981,'Office_Index',1,0,8892,1429927783,4),(2982,'Office_POP3',1,0,8560,1429927783,4),(2983,'Office_Web',1,0,9620,1429927783,4),(2984,'Office_Redis',1,0,9708,1429927783,4),(2985,'Office_IM',1,0,724,1429927903,4),(2986,'Office_Mail',1,0,10656,1429927903,4),(2987,'Office_Task',1,1,10412,1429927903,4),(2988,'MySQL5_OA',1,3,51420,1429927903,4),(2989,'Office_Index',1,0,8892,1429927903,4),(2990,'Office_POP3',1,0,8560,1429927903,4),(2991,'Office_Web',1,0,9688,1429927903,4),(2992,'Office_Redis',1,0,9776,1429927903,4),(2993,'Office_IM',1,0,724,1429928023,4),(2994,'Office_Mail',1,0,10680,1429928023,4),(2995,'Office_Task',1,1,10424,1429928023,4),(2996,'MySQL5_OA',1,1,51408,1429928023,4),(2997,'Office_Index',1,0,8892,1429928023,4),(2998,'Office_POP3',1,0,8560,1429928023,4),(2999,'Office_Web',1,0,9756,1429928023,4),(3000,'Office_Redis',1,0,9844,1429928023,4),(3001,'Office_IM',1,0,724,1429928143,4),(3002,'Office_Mail',1,0,10680,1429928143,4),(3003,'Office_Task',1,1,10416,1429928143,4),(3004,'MySQL5_OA',1,1,51396,1429928143,4),(3005,'Office_Index',1,0,8892,1429928143,4),(3006,'Office_POP3',1,0,8560,1429928143,4),(3007,'Office_Web',1,0,9824,1429928143,4),(3008,'Office_Redis',1,0,9912,1429928143,4),(3009,'Office_IM',1,0,724,1429928263,4),(3010,'Office_Mail',1,0,10680,1429928263,4),(3011,'Office_Task',1,0,10416,1429928263,4),(3012,'MySQL5_OA',1,2,51368,1429928263,4),(3013,'Office_Index',1,0,8892,1429928263,4),(3014,'Office_POP3',1,0,8560,1429928263,4),(3015,'Office_Web',1,0,9892,1429928263,4),(3016,'Office_Redis',1,0,9980,1429928263,4),(3017,'Office_IM',1,0,724,1429928383,4),(3018,'Office_Mail',1,0,10680,1429928383,4),(3019,'Office_Task',1,1,10444,1429928383,4),(3020,'MySQL5_OA',1,1,51432,1429928383,4),(3021,'Office_Index',1,0,8892,1429928383,4),(3022,'Office_POP3',1,0,8560,1429928383,4),(3023,'Office_Web',1,0,9960,1429928383,4),(3024,'Office_Redis',1,0,10048,1429928383,4),(3025,'Office_IM',1,0,1700,1429944376,4),(3026,'Office_Mail',1,0,10704,1429944376,4),(3027,'Office_Task',1,2,10628,1429944376,4),(3028,'MySQL5_OA',1,11,51472,1429944376,4),(3029,'Office_Index',1,0,8892,1429944376,4),(3030,'Office_POP3',1,0,8560,1429944376,4),(3031,'Office_Web',1,1,10028,1429944376,4),(3032,'Office_Redis',1,0,10120,1429944376,4),(3033,'Office_IM',1,1,1072,1429944496,4),(3034,'Office_Mail',1,0,10704,1429944496,4),(3035,'Office_Task',1,1,10484,1429944496,4),(3036,'MySQL5_OA',1,15,52036,1429944496,4),(3037,'Office_Index',1,0,8892,1429944496,4),(3038,'Office_POP3',1,0,8560,1429944496,4),(3039,'Office_Web',1,0,10096,1429944496,4),(3040,'Office_Redis',1,0,10188,1429944496,4),(3041,'Office_IM',1,0,1076,1429944616,4),(3042,'Office_Mail',1,0,10704,1429944616,4),(3043,'Office_Task',1,1,10484,1429944616,4),(3044,'MySQL5_OA',1,4,52156,1429944616,4),(3045,'Office_Index',1,0,8892,1429944616,4),(3046,'Office_POP3',1,0,8560,1429944616,4),(3047,'Office_Web',1,0,10164,1429944616,4),(3048,'Office_Redis',1,0,10256,1429944616,4),(3049,'Office_IM',1,0,1072,1429944736,4),(3050,'Office_Mail',1,0,10704,1429944736,4),(3051,'Office_Task',1,1,10496,1429944736,4),(3052,'MySQL5_OA',1,1,52212,1429944736,4),(3053,'Office_Index',1,0,8892,1429944736,4),(3054,'Office_POP3',1,0,8560,1429944736,4),(3055,'Office_Web',1,0,10236,1429944736,4),(3056,'Office_Redis',1,0,10328,1429944736,4),(3057,'Office_IM',1,0,1072,1429944856,4),(3058,'Office_Mail',1,0,10704,1429944856,4),(3059,'Office_Task',1,1,10484,1429944856,4),(3060,'MySQL5_OA',1,1,52236,1429944856,4),(3061,'Office_Index',1,0,8892,1429944856,4),(3062,'Office_POP3',1,0,8560,1429944856,4),(3063,'Office_Web',1,0,10304,1429944856,4),(3064,'Office_Redis',1,0,10396,1429944856,4),(3065,'Office_IM',1,0,1072,1429944976,4),(3066,'Office_Mail',1,0,10712,1429944976,4),(3067,'Office_Task',1,1,10520,1429944976,4),(3068,'MySQL5_OA',1,4,52236,1429944976,4),(3069,'Office_Index',1,0,8892,1429944976,4),(3070,'Office_POP3',1,0,8560,1429944976,4),(3071,'Office_Web',1,0,10372,1429944976,4),(3072,'Office_Redis',1,0,10464,1429944976,4),(3073,'Office_IM',1,0,1076,1429945096,4),(3074,'Office_Mail',1,0,10728,1429945096,4),(3075,'Office_Task',1,1,10496,1429945096,4),(3076,'MySQL5_OA',1,2,52264,1429945096,4),(3077,'Office_Index',1,0,8892,1429945096,4),(3078,'Office_POP3',1,0,8560,1429945096,4),(3079,'Office_Web',1,0,10440,1429945096,4),(3080,'Office_Redis',1,0,10532,1429945096,4),(3081,'Office_IM',1,0,880,1429945216,4),(3082,'Office_Mail',1,0,10728,1429945216,4),(3083,'Office_Task',1,0,10484,1429945216,4),(3084,'MySQL5_OA',1,2,52204,1429945216,4),(3085,'Office_Index',1,0,8892,1429945216,4),(3086,'Office_POP3',1,0,8560,1429945216,4),(3087,'Office_Web',1,0,10508,1429945216,4),(3088,'Office_Redis',1,0,10600,1429945216,4),(3089,'Office_IM',1,0,1072,1429945336,4),(3090,'Office_Mail',1,0,10728,1429945336,4),(3091,'Office_Task',1,1,10484,1429945336,4),(3092,'MySQL5_OA',1,3,52176,1429945336,4),(3093,'Office_Index',1,0,8892,1429945336,4),(3094,'Office_POP3',1,0,8560,1429945336,4),(3095,'Office_Web',1,0,10576,1429945336,4),(3096,'Office_Redis',1,0,10668,1429945336,4),(3097,'Office_IM',1,0,712,1429945456,4),(3098,'Office_Mail',1,0,10728,1429945456,4),(3099,'Office_Task',1,1,10496,1429945456,4),(3100,'MySQL5_OA',1,1,52176,1429945456,4),(3101,'Office_Index',1,1,8892,1429945456,4),(3102,'Office_POP3',1,0,8560,1429945456,4),(3103,'Office_Web',1,0,10644,1429945456,4),(3104,'Office_Redis',1,0,10736,1429945456,4),(3105,'Office_IM',1,0,712,1429945576,4),(3106,'Office_Mail',1,1,10736,1429945576,4),(3107,'Office_Task',1,1,10512,1429945576,4),(3108,'MySQL5_OA',1,2,51656,1429945576,4),(3109,'Office_Index',1,0,8892,1429945576,4),(3110,'Office_POP3',1,0,8560,1429945576,4),(3111,'Office_Web',1,0,10712,1429945576,4),(3112,'Office_Redis',1,0,10804,1429945576,4),(3113,'Office_IM',1,0,712,1429945696,4),(3114,'Office_Mail',1,0,10752,1429945696,4),(3115,'Office_Task',1,0,10484,1429945696,4),(3116,'MySQL5_OA',1,5,52320,1429945696,4),(3117,'Office_Index',1,0,8892,1429945696,4),(3118,'Office_POP3',1,0,8560,1429945696,4),(3119,'Office_Web',1,0,10780,1429945696,4),(3120,'Office_Redis',1,0,10872,1429945696,4),(3121,'Office_IM',1,0,712,1429945816,4),(3122,'Office_Mail',1,0,10752,1429945816,4),(3123,'Office_Task',1,0,10496,1429945816,4),(3124,'MySQL5_OA',1,1,52352,1429945816,4),(3125,'Office_Index',1,0,8892,1429945816,4),(3126,'Office_POP3',1,0,8560,1429945816,4),(3127,'Office_Web',1,0,10848,1429945816,4),(3128,'Office_Redis',1,0,10940,1429945816,4),(3129,'Office_IM',1,0,712,1429945936,4),(3130,'Office_Mail',1,0,10752,1429945936,4),(3131,'Office_Task',1,1,10484,1429945936,4),(3132,'MySQL5_OA',1,2,52356,1429945936,4),(3133,'Office_Index',1,0,8892,1429945936,4),(3134,'Office_POP3',1,0,8560,1429945936,4),(3135,'Office_Web',1,0,10920,1429945936,4),(3136,'Office_Redis',1,0,11008,1429945936,4),(3137,'Office_IM',1,0,712,1429946056,4),(3138,'Office_Mail',1,0,10752,1429946056,4),(3139,'Office_Task',1,0,10484,1429946056,4),(3140,'MySQL5_OA',1,2,52360,1429946056,4),(3141,'Office_Index',1,0,8892,1429946056,4),(3142,'Office_POP3',1,0,8560,1429946056,4),(3143,'Office_Web',1,0,10992,1429946056,4),(3144,'Office_Redis',1,0,11080,1429946056,4),(3145,'Office_IM',1,0,712,1429946176,4),(3146,'Office_Mail',1,0,10752,1429946176,4),(3147,'Office_Task',1,1,10532,1429946176,4),(3148,'MySQL5_OA',1,1,52276,1429946176,4),(3149,'Office_Index',1,0,8892,1429946176,4),(3150,'Office_POP3',1,0,8560,1429946176,4),(3151,'Office_Web',1,0,11060,1429946176,4),(3152,'Office_Redis',1,0,11148,1429946176,4),(3153,'Office_IM',1,0,712,1429946296,4),(3154,'Office_Mail',1,0,10776,1429946296,4),(3155,'Office_Task',1,0,10492,1429946296,4),(3156,'MySQL5_OA',1,4,52348,1429946296,4),(3157,'Office_Index',1,0,8892,1429946296,4),(3158,'Office_POP3',1,0,8560,1429946296,4),(3159,'Office_Web',1,0,11128,1429946296,4),(3160,'Office_Redis',1,0,11216,1429946296,4),(3161,'Office_IM',1,0,712,1429946416,4),(3162,'Office_Mail',1,0,10776,1429946416,4),(3163,'Office_Task',1,0,10492,1429946416,4),(3164,'MySQL5_OA',1,2,52288,1429946416,4),(3165,'Office_Index',1,0,8892,1429946416,4),(3166,'Office_POP3',1,0,8560,1429946416,4),(3167,'Office_Web',1,0,11196,1429946416,4),(3168,'Office_Redis',1,0,11284,1429946416,4),(3169,'Office_IM',1,0,712,1429946536,4),(3170,'Office_Mail',1,0,10776,1429946536,4),(3171,'Office_Task',1,1,10504,1429946536,4),(3172,'MySQL5_OA',1,1,52296,1429946536,4),(3173,'Office_Index',1,0,8892,1429946536,4),(3174,'Office_POP3',1,0,8560,1429946536,4),(3175,'Office_Web',1,0,11264,1429946536,4),(3176,'Office_Redis',1,0,11352,1429946536,4),(3177,'Office_IM',1,0,712,1429946656,4),(3178,'Office_Mail',1,0,10776,1429946656,4),(3179,'Office_Task',1,0,10492,1429946656,4),(3180,'MySQL5_OA',1,1,52256,1429946656,4),(3181,'Office_Index',1,0,8892,1429946656,4),(3182,'Office_POP3',1,0,8560,1429946656,4),(3183,'Office_Web',1,0,11332,1429946656,4),(3184,'Office_Redis',1,0,11420,1429946656,4),(3185,'Office_IM',1,0,712,1429946776,4),(3186,'Office_Mail',1,0,10784,1429946776,4),(3187,'Office_Task',1,1,10492,1429946776,4),(3188,'MySQL5_OA',1,1,52180,1429946776,4),(3189,'Office_Index',1,0,8892,1429946776,4),(3190,'Office_POP3',1,0,8560,1429946776,4),(3191,'Office_Web',1,0,11400,1429946776,4),(3192,'Office_Redis',1,0,11488,1429946776,4),(3193,'Office_IM',1,0,712,1429946896,4),(3194,'Office_Mail',1,0,10800,1429946896,4),(3195,'Office_Task',1,1,10476,1429946896,4),(3196,'MySQL5_OA',1,2,52216,1429946896,4),(3197,'Office_Index',1,0,8892,1429946896,4),(3198,'Office_POP3',1,0,8560,1429946896,4),(3199,'Office_Web',1,0,11468,1429946896,4),(3200,'Office_Redis',1,0,11556,1429946896,4),(3201,'Office_IM',1,0,712,1429947016,4),(3202,'Office_Mail',1,0,10800,1429947016,4),(3203,'Office_Task',1,1,10468,1429947016,4),(3204,'MySQL5_OA',1,2,52172,1429947016,4),(3205,'Office_Index',1,0,8892,1429947016,4),(3206,'Office_POP3',1,0,8560,1429947016,4),(3207,'Office_Web',1,0,11540,1429947016,4),(3208,'Office_Redis',1,0,11628,1429947016,4),(3209,'Office_IM',1,0,712,1429947136,4),(3210,'Office_Mail',1,0,10800,1429947136,4),(3211,'Office_Task',1,0,10468,1429947136,4),(3212,'MySQL5_OA',1,3,52164,1429947136,4),(3213,'Office_Index',1,0,8892,1429947136,4),(3214,'Office_POP3',1,0,8560,1429947136,4),(3215,'Office_Web',1,0,11600,1429947136,4),(3216,'Office_Redis',1,0,11696,1429947136,4),(3217,'Office_IM',1,0,712,1429947256,4),(3218,'Office_Mail',1,0,10800,1429947256,4),(3219,'Office_Task',1,1,10480,1429947256,4),(3220,'MySQL5_OA',1,1,52200,1429947256,4),(3221,'Office_Index',1,0,8892,1429947256,4),(3222,'Office_POP3',1,0,8560,1429947256,4),(3223,'Office_Web',1,0,11668,1429947256,4),(3224,'Office_Redis',1,0,11764,1429947256,4),(3225,'Office_IM',1,0,712,1429947376,4),(3226,'Office_Mail',1,0,10808,1429947376,4),(3227,'Office_Task',1,1,10496,1429947376,4),(3228,'MySQL5_OA',1,2,52172,1429947376,4),(3229,'Office_Index',1,0,8892,1429947376,4),(3230,'Office_POP3',1,0,8560,1429947376,4),(3231,'Office_Web',1,0,11744,1429947376,4),(3232,'Office_Redis',1,0,11832,1429947376,4),(3233,'Office_IM',1,0,712,1429947496,4),(3234,'Office_Mail',1,0,10832,1429947496,4),(3235,'Office_Task',1,1,10468,1429947496,4),(3236,'MySQL5_OA',1,3,52236,1429947496,4),(3237,'Office_Index',1,0,8892,1429947496,4),(3238,'Office_POP3',1,0,8560,1429947496,4),(3239,'Office_Web',1,0,11804,1429947496,4),(3240,'Office_Redis',1,0,11900,1429947496,4),(3241,'Office_IM',1,0,712,1429947616,4),(3242,'Office_Mail',1,0,10832,1429947616,4),(3243,'Office_Task',1,1,10480,1429947616,4),(3244,'MySQL5_OA',1,1,52212,1429947616,4),(3245,'Office_Index',1,0,8892,1429947616,4),(3246,'Office_POP3',1,0,8560,1429947616,4),(3247,'Office_Web',1,0,11872,1429947616,4),(3248,'Office_Redis',1,0,11968,1429947616,4),(3249,'Office_IM',1,0,712,1429947736,4),(3250,'Office_Mail',1,0,10832,1429947736,4),(3251,'Office_Task',1,1,10468,1429947736,4),(3252,'MySQL5_OA',1,2,52220,1429947736,4),(3253,'Office_Index',1,0,8892,1429947736,4),(3254,'Office_POP3',1,0,8560,1429947736,4),(3255,'Office_Web',1,1,11948,1429947736,4),(3256,'Office_Redis',1,0,12036,1429947736,4),(3257,'Office_IM',1,0,1692,1429952835,4),(3258,'Office_Mail',1,0,10856,1429952835,4),(3259,'Office_Task',1,3,10592,1429952835,4),(3260,'MySQL5_OA',1,3,52032,1429952835,4),(3261,'Office_Index',1,0,8892,1429952835,4),(3262,'Office_POP3',1,0,8560,1429952835,4),(3263,'Office_Web',1,0,12016,1429952835,4),(3264,'Office_Redis',1,0,12108,1429952835,4),(3265,'Office_IM',1,0,724,1429952954,4),(3266,'Office_Mail',1,1,10856,1429952954,4),(3267,'Office_Task',1,0,10472,1429952954,4),(3268,'MySQL5_OA',1,35,55444,1429952954,4),(3269,'Office_Index',1,0,8892,1429952954,4),(3270,'Office_POP3',1,0,8560,1429952954,4),(3271,'Office_Web',1,1,12076,1429952954,4),(3272,'Office_Redis',1,0,12176,1429952954,4),(3273,'Office_IM',1,0,724,1429953074,4),(3274,'Office_Mail',1,0,10856,1429953074,4),(3275,'Office_Task',1,1,10472,1429953074,4),(3276,'MySQL5_OA',1,3,55668,1429953074,4),(3277,'Office_Index',1,0,8892,1429953074,4),(3278,'Office_POP3',1,0,8560,1429953074,4),(3279,'Office_Web',1,0,12144,1429953074,4),(3280,'Office_Redis',1,0,12244,1429953074,4),(3281,'Office_IM',1,0,724,1429953194,4),(3282,'Office_Mail',1,0,10856,1429953194,4),(3283,'Office_Task',1,1,10484,1429953194,4),(3284,'MySQL5_OA',1,1,55820,1429953194,4),(3285,'Office_Index',1,0,8892,1429953194,4),(3286,'Office_POP3',1,0,8560,1429953194,4),(3287,'Office_Web',1,0,12224,1429953194,4),(3288,'Office_Redis',1,0,12316,1429953194,4),(3289,'Office_IM',1,0,724,1429953314,4),(3290,'Office_Mail',1,0,10856,1429953314,4),(3291,'Office_Task',1,0,10472,1429953314,4),(3292,'MySQL5_OA',1,2,55844,1429953314,4),(3293,'Office_Index',1,0,8892,1429953314,4),(3294,'Office_POP3',1,0,8560,1429953314,4),(3295,'Office_Web',1,0,12284,1429953314,4),(3296,'Office_Redis',1,0,12384,1429953314,4),(3297,'Office_IM',1,0,724,1429953434,4),(3298,'Office_Mail',1,1,10864,1429953434,4),(3299,'Office_Task',1,0,10508,1429953434,4),(3300,'MySQL5_OA',1,2,55728,1429953434,4),(3301,'Office_Index',1,0,8892,1429953434,4),(3302,'Office_POP3',1,0,8560,1429953434,4),(3303,'Office_Web',1,0,12360,1429953434,4),(3304,'Office_Redis',1,0,12452,1429953434,4),(3305,'Office_IM',1,0,724,1429953554,4),(3306,'Office_Mail',1,0,10880,1429953554,4),(3307,'Office_Task',1,1,10484,1429953554,4),(3308,'MySQL5_OA',1,1,53088,1429953554,4),(3309,'Office_Index',1,0,8892,1429953554,4),(3310,'Office_POP3',1,0,8560,1429953554,4),(3311,'Office_Web',1,0,12420,1429953554,4),(3312,'Office_Redis',1,0,12520,1429953554,4),(3313,'Office_IM',1,0,724,1429953674,4),(3314,'Office_Mail',1,0,10880,1429953674,4),(3315,'Office_Task',1,1,10472,1429953674,4),(3316,'MySQL5_OA',1,2,53000,1429953674,4),(3317,'Office_Index',1,0,8892,1429953674,4),(3318,'Office_POP3',1,0,8560,1429953674,4),(3319,'Office_Web',1,0,12488,1429953674,4),(3320,'Office_Redis',1,0,12588,1429953674,4),(3321,'Office_IM',1,0,724,1429953794,4),(3322,'Office_Mail',1,0,10880,1429953794,4),(3323,'Office_Task',1,0,10472,1429953794,4),(3324,'MySQL5_OA',1,1,53080,1429953794,4),(3325,'Office_Index',1,0,8892,1429953794,4),(3326,'Office_POP3',1,0,8560,1429953794,4),(3327,'Office_Web',1,0,12564,1429953794,4),(3328,'Office_Redis',1,0,12656,1429953794,4),(3329,'Office_IM',1,0,724,1429953914,4),(3330,'Office_Mail',1,0,10880,1429953914,4),(3331,'Office_Task',1,0,10484,1429953914,4),(3332,'MySQL5_OA',1,1,53080,1429953914,4),(3333,'Office_Index',1,0,8892,1429953914,4),(3334,'Office_POP3',1,0,8560,1429953914,4),(3335,'Office_Web',1,0,12632,1429953914,4),(3336,'Office_Redis',1,0,12724,1429953914,4),(3337,'Office_IM',1,0,1048,1429954034,4),(3338,'Office_Mail',1,1,10888,1429954034,4),(3339,'Office_Task',1,1,10508,1429954034,4),(3340,'MySQL5_OA',1,1,52780,1429954034,4),(3341,'Office_Index',1,0,8892,1429954034,4),(3342,'Office_POP3',1,0,8560,1429954034,4),(3343,'Office_Web',1,0,12708,1429954034,4),(3344,'Office_Redis',1,0,12792,1429954034,4),(3345,'Office_IM',1,0,724,1429954154,4),(3346,'Office_Mail',1,0,10904,1429954154,4),(3347,'Office_Task',1,1,10472,1429954154,4),(3348,'MySQL5_OA',1,3,53056,1429954154,4),(3349,'Office_Index',1,0,8892,1429954154,4),(3350,'Office_POP3',1,0,8560,1429954154,4),(3351,'Office_Web',1,0,12768,1429954154,4),(3352,'Office_Redis',1,0,12860,1429954154,4),(3353,'Office_IM',1,0,724,1429954274,4),(3354,'Office_Mail',1,0,10904,1429954274,4),(3355,'Office_Task',1,1,10484,1429954274,4),(3356,'MySQL5_OA',1,1,53056,1429954274,4),(3357,'Office_Index',1,0,8892,1429954274,4),(3358,'Office_POP3',1,0,8560,1429954274,4),(3359,'Office_Web',1,0,12836,1429954274,4),(3360,'Office_Redis',1,0,12928,1429954274,4),(3361,'Office_IM',1,0,724,1429954394,4),(3362,'Office_Mail',1,0,10904,1429954394,4),(3363,'Office_Task',1,0,10460,1429954394,4),(3364,'MySQL5_OA',1,1,53056,1429954394,4),(3365,'Office_Index',1,0,8892,1429954394,4),(3366,'Office_POP3',1,0,8560,1429954394,4),(3367,'Office_Web',1,0,12908,1429954394,4),(3368,'Office_Redis',1,0,12996,1429954394,4),(3369,'Office_IM',1,0,724,1429954514,4),(3370,'Office_Mail',1,0,10904,1429954514,4),(3371,'Office_Task',1,0,10476,1429954514,4),(3372,'MySQL5_OA',1,2,53060,1429954514,4),(3373,'Office_Index',1,0,8892,1429954514,4),(3374,'Office_POP3',1,0,8560,1429954514,4),(3375,'Office_Web',1,0,12980,1429954514,4),(3376,'Office_Redis',1,0,13072,1429954514,4),(3377,'Office_IM',1,0,724,1429954634,4),(3378,'Office_Mail',1,1,10912,1429954634,4),(3379,'Office_Task',1,0,10524,1429954634,4),(3380,'MySQL5_OA',1,1,52712,1429954634,4),(3381,'Office_Index',1,0,8892,1429954634,4),(3382,'Office_POP3',1,0,8560,1429954634,4),(3383,'Office_Web',1,0,13052,1429954634,4),(3384,'Office_Redis',1,0,13140,1429954634,4),(3385,'Office_IM',1,0,724,1429954754,4),(3386,'Office_Mail',1,0,10928,1429954754,4),(3387,'Office_Task',1,1,10468,1429954754,4),(3388,'MySQL5_OA',1,2,53040,1429954754,4),(3389,'Office_Index',1,0,8892,1429954754,4),(3390,'Office_POP3',1,0,8560,1429954754,4),(3391,'Office_Web',1,0,13120,1429954754,4),(3392,'Office_Redis',1,0,13208,1429954754,4),(3393,'Office_IM',1,0,712,1429954874,4),(3394,'Office_Mail',1,0,10928,1429954874,4),(3395,'Office_Task',1,1,10468,1429954874,4),(3396,'MySQL5_OA',1,4,54052,1429954874,4),(3397,'Office_Index',1,0,8892,1429954874,4),(3398,'Office_POP3',1,0,8560,1429954874,4),(3399,'Office_Web',1,0,13188,1429954874,4),(3400,'Office_Redis',1,0,13276,1429954874,4),(3401,'Office_IM',1,0,712,1429954994,4),(3402,'Office_Mail',1,0,10928,1429954994,4),(3403,'Office_Task',1,0,10480,1429954994,4),(3404,'MySQL5_OA',1,1,53980,1429954994,4),(3405,'Office_Index',1,0,8892,1429954994,4),(3406,'Office_POP3',1,0,8560,1429954994,4),(3407,'Office_Web',1,0,13256,1429954994,4),(3408,'Office_Redis',1,0,13344,1429954994,4),(3409,'Office_IM',1,0,712,1429955114,4),(3410,'Office_Mail',1,0,10928,1429955114,4),(3411,'Office_Task',1,1,10468,1429955114,4),(3412,'MySQL5_OA',1,1,54068,1429955114,4),(3413,'Office_Index',1,0,8892,1429955114,4),(3414,'Office_POP3',1,0,8560,1429955114,4),(3415,'Office_Web',1,0,13324,1429955114,4),(3416,'Office_Redis',1,1,13412,1429955114,4),(3417,'Office_IM',1,0,868,1429955234,4),(3418,'Office_Mail',1,1,10936,1429955234,4),(3419,'Office_Task',1,1,10504,1429955234,4),(3420,'MySQL5_OA',1,2,54036,1429955234,4),(3421,'Office_Index',1,0,8892,1429955234,4),(3422,'Office_POP3',1,0,8560,1429955234,4),(3423,'Office_Web',1,0,13392,1429955234,4),(3424,'Office_Redis',1,0,13480,1429955234,4),(3425,'Office_IM',1,0,712,1429955354,4),(3426,'Office_Mail',1,0,10952,1429955354,4),(3427,'Office_Task',1,1,10480,1429955354,4),(3428,'MySQL5_OA',1,1,53912,1429955354,4),(3429,'Office_Index',1,0,8892,1429955354,4),(3430,'Office_POP3',1,0,8560,1429955354,4),(3431,'Office_Web',1,0,13452,1429955354,4),(3432,'Office_Redis',1,0,13548,1429955354,4),(3433,'Office_IM',1,0,1028,1430094565,4),(3434,'Office_Mail',1,0,11264,1430094565,4),(3435,'Office_Task',1,1,10384,1430094565,4),(3436,'MySQL5_OA',1,6,53724,1430094565,4),(3437,'Office_Index',1,0,9304,1430094565,4),(3438,'Office_POP3',1,0,8784,1430094565,4),(3439,'Office_Web',1,0,8648,1430094565,4),(3440,'Office_Redis',1,0,8456,1430094565,4),(3441,'Office_IM',1,0,1028,1430094685,4),(3442,'Office_Mail',1,0,11336,1430094685,4),(3443,'Office_Task',1,1,10396,1430094685,4),(3444,'MySQL5_OA',1,1,54296,1430094685,4),(3445,'Office_Index',1,0,9304,1430094685,4),(3446,'Office_POP3',1,0,8784,1430094685,4),(3447,'Office_Web',1,0,8728,1430094685,4),(3448,'Office_Redis',1,0,8536,1430094685,4),(3449,'Office_IM',1,0,1028,1430094805,4),(3450,'Office_Mail',1,0,11328,1430094805,4),(3451,'Office_Task',1,1,10396,1430094805,4),(3452,'MySQL5_OA',1,1,54296,1430094805,4),(3453,'Office_Index',1,0,9304,1430094805,4),(3454,'Office_POP3',1,0,8776,1430094805,4),(3455,'Office_Web',1,0,8812,1430094805,4),(3456,'Office_Redis',1,0,8604,1430094805,4),(3457,'Office_IM',1,0,956,1430094925,4),(3458,'Office_Mail',1,1,11328,1430094925,4),(3459,'Office_Task',1,0,10404,1430094925,4),(3460,'MySQL5_OA',1,1,54312,1430094925,4),(3461,'Office_Index',1,0,9304,1430094925,4),(3462,'Office_POP3',1,0,8776,1430094925,4),(3463,'Office_Web',1,0,8872,1430094925,4),(3464,'Office_Redis',1,0,8672,1430094925,4),(3465,'Office_IM',1,0,920,1430095045,4),(3466,'Office_Mail',1,1,11396,1430095045,4),(3467,'Office_Task',1,1,10420,1430095045,4),(3468,'MySQL5_OA',1,1,53584,1430095045,4),(3469,'Office_Index',1,0,9304,1430095045,4),(3470,'Office_POP3',1,0,8776,1430095045,4),(3471,'Office_Web',1,0,8952,1430095045,4),(3472,'Office_Redis',1,0,8740,1430095045,4),(3473,'Office_IM',1,0,920,1430095165,4),(3474,'Office_Mail',1,0,11396,1430095165,4),(3475,'Office_Task',1,0,10424,1430095165,4),(3476,'MySQL5_OA',1,1,53764,1430095165,4),(3477,'Office_Index',1,0,9304,1430095165,4),(3478,'Office_POP3',1,0,8776,1430095165,4),(3479,'Office_Web',1,0,9012,1430095165,4),(3480,'Office_Redis',1,0,8808,1430095165,4),(3481,'Office_IM',1,0,916,1430095285,4),(3482,'Office_Mail',1,0,11396,1430095285,4),(3483,'Office_Task',1,0,10428,1430095285,4),(3484,'MySQL5_OA',1,2,53968,1430095285,4),(3485,'Office_Index',1,0,9304,1430095285,4),(3486,'Office_POP3',1,0,8776,1430095285,4),(3487,'Office_Web',1,0,9080,1430095285,4),(3488,'Office_Redis',1,0,8876,1430095285,4),(3489,'Office_IM',1,0,920,1430095405,4),(3490,'Office_Mail',1,0,11376,1430095405,4),(3491,'Office_Task',1,0,10432,1430095405,4),(3492,'MySQL5_OA',1,3,54040,1430095405,4),(3493,'Office_Index',1,0,9244,1430095405,4),(3494,'Office_POP3',1,0,8716,1430095405,4),(3495,'Office_Web',1,0,9156,1430095405,4),(3496,'Office_Redis',1,0,8944,1430095405,4),(3497,'Office_IM',1,0,916,1430095525,4),(3498,'Office_Mail',1,0,11376,1430095525,4),(3499,'Office_Task',1,1,10412,1430095525,4),(3500,'MySQL5_OA',1,2,54292,1430095525,4),(3501,'Office_Index',1,0,9244,1430095525,4),(3502,'Office_POP3',1,0,8684,1430095525,4),(3503,'Office_Web',1,0,9204,1430095525,4),(3504,'Office_Redis',1,0,9016,1430095525,4),(3505,'Office_IM',1,1,920,1430095645,4),(3506,'Office_Mail',1,1,11404,1430095645,4),(3507,'Office_Task',1,0,10412,1430095645,4),(3508,'MySQL5_OA',1,3,54608,1430095645,4),(3509,'Office_Index',1,0,9244,1430095645,4),(3510,'Office_POP3',1,0,8684,1430095645,4),(3511,'Office_Web',1,0,9280,1430095645,4),(3512,'Office_Redis',1,0,9084,1430095645,4),(3513,'Office_IM',1,0,992,1430095765,4),(3514,'Office_Mail',1,0,11404,1430095765,4),(3515,'Office_Task',1,0,10412,1430095765,4),(3516,'MySQL5_OA',1,3,54580,1430095765,4),(3517,'Office_Index',1,0,9244,1430095765,4),(3518,'Office_POP3',1,0,8684,1430095765,4),(3519,'Office_Web',1,0,9340,1430095765,4),(3520,'Office_Redis',1,0,9152,1430095765,4),(3521,'Office_IM',1,0,988,1430095885,4),(3522,'Office_Mail',1,0,11404,1430095885,4),(3523,'Office_Task',1,0,10412,1430095885,4),(3524,'MySQL5_OA',1,1,54644,1430095885,4),(3525,'Office_Index',1,0,9244,1430095885,4),(3526,'Office_POP3',1,0,8684,1430095885,4),(3527,'Office_Web',1,0,9412,1430095885,4),(3528,'Office_Redis',1,0,9224,1430095885,4),(3529,'Office_IM',1,0,1028,1430099277,4),(3530,'Office_Mail',1,0,6856,1430099277,4),(3531,'Office_Task',1,1,6796,1430099277,4),(3532,'MySQL5_OA',1,3,45104,1430099277,4),(3533,'Office_Index',1,0,5908,1430099277,4),(3534,'Office_POP3',1,0,5132,1430099277,4),(3535,'Office_Web',1,0,5056,1430099277,4),(3536,'Office_Redis',1,0,5016,1430099277,4),(3537,'Office_IM',1,0,1028,1430099397,4),(3538,'Office_Mail',1,0,6928,1430099397,4),(3539,'Office_Task',1,1,6884,1430099397,4),(3540,'MySQL5_OA',1,1,45700,1430099397,4),(3541,'Office_Index',1,0,5912,1430099397,4),(3542,'Office_POP3',1,0,5132,1430099397,4),(3543,'Office_Web',1,0,5140,1430099397,4),(3544,'Office_Redis',1,0,5100,1430099397,4),(3545,'Office_IM',1,0,1028,1430099517,4),(3546,'Office_Mail',1,0,6920,1430099517,4),(3547,'Office_Task',1,1,6900,1430099517,4),(3548,'MySQL5_OA',1,1,46108,1430099517,4),(3549,'Office_Index',1,0,5912,1430099517,4),(3550,'Office_POP3',1,0,5124,1430099517,4),(3551,'Office_Web',1,0,5220,1430099517,4),(3552,'Office_Redis',1,0,5168,1430099517,4),(3553,'Office_IM',1,0,1028,1430099637,4),(3554,'Office_Mail',1,0,6920,1430099637,4),(3555,'Office_Task',1,1,6912,1430099637,4),(3556,'MySQL5_OA',1,4,50008,1430099637,4),(3557,'Office_Index',1,0,5912,1430099637,4),(3558,'Office_POP3',1,1,5124,1430099637,4),(3559,'Office_Web',1,0,5284,1430099637,4),(3560,'Office_Redis',1,0,5236,1430099637,4),(3561,'Office_IM',1,1,1028,1430099757,4),(3562,'Office_Mail',1,1,6988,1430099757,4),(3563,'Office_Task',1,1,6916,1430099757,4),(3564,'MySQL5_OA',1,2,49944,1430099757,4),(3565,'Office_Index',1,0,5912,1430099757,4),(3566,'Office_POP3',1,0,5124,1430099757,4),(3567,'Office_Web',1,0,5360,1430099757,4),(3568,'Office_Redis',1,0,5304,1430099757,4),(3569,'Office_IM',1,0,1028,1430099877,4),(3570,'Office_Mail',1,0,6988,1430099877,4),(3571,'Office_Task',1,1,6916,1430099877,4),(3572,'MySQL5_OA',1,6,51076,1430099877,4),(3573,'Office_Index',1,0,5912,1430099877,4),(3574,'Office_POP3',1,0,5124,1430099877,4),(3575,'Office_Web',1,0,5420,1430099877,4),(3576,'Office_Redis',1,0,5372,1430099877,4),(3577,'Office_IM',1,0,1028,1430099997,4),(3578,'Office_Mail',1,0,6988,1430099997,4),(3579,'Office_Task',1,0,6924,1430099997,4),(3580,'MySQL5_OA',1,2,51428,1430099997,4),(3581,'Office_Index',1,0,5912,1430099997,4),(3582,'Office_POP3',1,0,5180,1430099997,4),(3583,'Office_Web',1,0,5492,1430099997,4),(3584,'Office_Redis',1,0,5440,1430099997,4),(3585,'Office_IM',1,0,1028,1430100117,4),(3586,'Office_Mail',1,0,6988,1430100117,4),(3587,'Office_Task',1,0,6928,1430100117,4),(3588,'MySQL5_OA',1,4,51368,1430100117,4),(3589,'Office_Index',1,0,5912,1430100117,4),(3590,'Office_POP3',1,0,5180,1430100117,4),(3591,'Office_Web',1,0,5568,1430100117,4),(3592,'Office_Redis',1,0,5508,1430100117,4),(3593,'Office_IM',1,0,1028,1430100237,4),(3594,'Office_Mail',1,0,6988,1430100237,4),(3595,'Office_Task',1,1,6940,1430100237,4),(3596,'MySQL5_OA',1,1,51376,1430100237,4),(3597,'Office_Index',1,0,5912,1430100237,4),(3598,'Office_POP3',1,0,5180,1430100237,4),(3599,'Office_Web',1,0,5628,1430100237,4),(3600,'Office_Redis',1,0,5576,1430100237,4),(3601,'Office_IM',1,1,1028,1430100357,4),(3602,'Office_Mail',1,1,7016,1430100357,4),(3603,'Office_Task',1,0,6944,1430100357,4),(3604,'MySQL5_OA',1,1,50360,1430100357,4),(3605,'Office_Index',1,0,5912,1430100357,4),(3606,'Office_POP3',1,0,5180,1430100357,4),(3607,'Office_Web',1,0,5704,1430100357,4),(3608,'Office_Redis',1,0,5644,1430100357,4),(3609,'Office_IM',1,0,1092,1430100477,4),(3610,'Office_Mail',1,0,7016,1430100477,4),(3611,'Office_Task',1,1,6944,1430100477,4),(3612,'MySQL5_OA',1,2,50500,1430100477,4),(3613,'Office_Index',1,0,5912,1430100477,4),(3614,'Office_POP3',1,0,5180,1430100477,4),(3615,'Office_Web',1,0,5764,1430100477,4),(3616,'Office_Redis',1,0,5712,1430100477,4),(3617,'Office_IM',1,0,1092,1430100597,4),(3618,'Office_Mail',1,0,7016,1430100597,4),(3619,'Office_Task',1,0,6944,1430100597,4),(3620,'MySQL5_OA',1,2,50728,1430100597,4),(3621,'Office_Index',1,0,5912,1430100597,4),(3622,'Office_POP3',1,0,5180,1430100597,4),(3623,'Office_Web',1,0,5836,1430100597,4),(3624,'Office_Redis',1,0,5784,1430100597,4),(3625,'Office_IM',1,0,1092,1430100717,4),(3626,'Office_Mail',1,0,7016,1430100717,4),(3627,'Office_Task',1,0,6944,1430100717,4),(3628,'MySQL5_OA',1,1,50708,1430100717,4),(3629,'Office_Index',1,0,5912,1430100717,4),(3630,'Office_POP3',1,0,5180,1430100717,4),(3631,'Office_Web',1,0,5908,1430100717,4),(3632,'Office_Redis',1,0,5852,1430100717,4),(3633,'Office_IM',1,0,1092,1430100837,4),(3634,'Office_Mail',1,0,7016,1430100837,4),(3635,'Office_Task',1,0,6944,1430100837,4),(3636,'MySQL5_OA',1,1,50724,1430100837,4),(3637,'Office_Index',1,0,5912,1430100837,4),(3638,'Office_POP3',1,0,5180,1430100837,4),(3639,'Office_Web',1,0,5972,1430100837,4),(3640,'Office_Redis',1,0,5920,1430100837,4),(3641,'Office_IM',1,0,1092,1430100957,4),(3642,'Office_Mail',1,0,7048,1430100957,4),(3643,'Office_Task',1,1,6948,1430100957,4),(3644,'MySQL5_OA',1,1,50732,1430100957,4),(3645,'Office_Index',1,0,5916,1430100957,4),(3646,'Office_POP3',1,0,5184,1430100957,4),(3647,'Office_Web',1,0,6052,1430100957,4),(3648,'Office_Redis',1,0,5992,1430100957,4),(3649,'Office_IM',1,0,1092,1430101077,4),(3650,'Office_Mail',1,0,7048,1430101077,4),(3651,'Office_Task',1,1,6948,1430101077,4),(3652,'MySQL5_OA',1,3,50720,1430101077,4),(3653,'Office_Index',1,0,5916,1430101077,4),(3654,'Office_POP3',1,0,5184,1430101077,4),(3655,'Office_Web',1,0,6124,1430101077,4),(3656,'Office_Redis',1,0,6064,1430101077,4),(3657,'Office_IM',1,0,1092,1430101197,4),(3658,'Office_Mail',1,0,7048,1430101197,4),(3659,'Office_Task',1,0,6948,1430101197,4),(3660,'MySQL5_OA',1,1,50752,1430101197,4),(3661,'Office_Index',1,0,5916,1430101197,4),(3662,'Office_POP3',1,0,5184,1430101197,4),(3663,'Office_Web',1,0,6192,1430101197,4),(3664,'Office_Redis',1,0,6132,1430101197,4),(3665,'Office_IM',1,0,1096,1430101317,4),(3666,'Office_Mail',1,0,7048,1430101317,4),(3667,'Office_Task',1,0,6948,1430101317,4),(3668,'MySQL5_OA',1,2,50856,1430101317,4),(3669,'Office_Index',1,0,5916,1430101317,4),(3670,'Office_POP3',1,0,5184,1430101317,4),(3671,'Office_Web',1,0,6260,1430101317,4),(3672,'Office_Redis',1,0,6200,1430101317,4),(3673,'Office_IM',1,0,1096,1430101437,4),(3674,'Office_Mail',1,0,7048,1430101437,4),(3675,'Office_Task',1,0,6948,1430101437,4),(3676,'MySQL5_OA',1,2,50824,1430101437,4),(3677,'Office_Index',1,0,5916,1430101437,4),(3678,'Office_POP3',1,0,5184,1430101437,4),(3679,'Office_Web',1,0,6328,1430101437,4),(3680,'Office_Redis',1,0,6268,1430101437,4),(3681,'Office_IM',1,0,1092,1430101557,4),(3682,'Office_Mail',1,0,7072,1430101557,4),(3683,'Office_Task',1,1,6948,1430101557,4),(3684,'MySQL5_OA',1,1,50828,1430101557,4),(3685,'Office_Index',1,0,5916,1430101557,4),(3686,'Office_POP3',1,0,5184,1430101557,4),(3687,'Office_Web',1,0,6396,1430101557,4),(3688,'Office_Redis',1,0,6336,1430101557,4),(3689,'Office_IM',1,0,1092,1430101677,4),(3690,'Office_Mail',1,0,7072,1430101677,4),(3691,'Office_Task',1,1,6948,1430101677,4),(3692,'MySQL5_OA',1,1,50748,1430101677,4),(3693,'Office_Index',1,0,5916,1430101677,4),(3694,'Office_POP3',1,0,5184,1430101677,4),(3695,'Office_Web',1,0,6464,1430101677,4),(3696,'Office_Redis',1,0,6404,1430101677,4),(3697,'Office_IM',1,0,1092,1430101797,4),(3698,'Office_Mail',1,0,7072,1430101797,4),(3699,'Office_Task',1,0,6948,1430101797,4),(3700,'MySQL5_OA',1,1,50740,1430101797,4),(3701,'Office_Index',1,0,5916,1430101797,4),(3702,'Office_POP3',1,0,5184,1430101797,4),(3703,'Office_Web',1,0,6532,1430101797,4),(3704,'Office_Redis',1,0,6472,1430101797,4),(3705,'Office_IM',1,0,1092,1430101917,4),(3706,'Office_Mail',1,0,7072,1430101917,4),(3707,'Office_Task',1,0,6948,1430101917,4),(3708,'MySQL5_OA',1,1,50824,1430101917,4),(3709,'Office_Index',1,0,5916,1430101917,4),(3710,'Office_POP3',1,0,5184,1430101917,4),(3711,'Office_Web',1,0,6600,1430101917,4),(3712,'Office_Redis',1,0,6544,1430101917,4),(3713,'Office_IM',1,0,1020,1430103254,4),(3714,'Office_Mail',1,0,6860,1430103254,4),(3715,'Office_Task',1,0,6420,1430103254,4),(3716,'MySQL5_OA',1,2,45040,1430103254,4),(3717,'Office_Index',1,0,5904,1430103254,4),(3718,'Office_POP3',1,0,5132,1430103254,4),(3719,'Office_Web',1,0,5048,1430103254,4),(3720,'Office_Redis',1,0,3300,1430103254,1),(3721,'Office_IM',1,0,1020,1430103374,4),(3722,'Office_Mail',1,0,6932,1430103374,4),(3723,'Office_Task',1,0,6508,1430103374,4),(3724,'MySQL5_OA',1,1,45172,1430103374,4),(3725,'Office_Index',1,0,5904,1430103374,4),(3726,'Office_POP3',1,0,5132,1430103374,4),(3727,'Office_Web',1,0,5060,1430103374,4),(3728,'Office_Redis',1,0,3300,1430103374,1),(3729,'Office_IM',1,0,1020,1430103494,4),(3730,'Office_Mail',1,0,6924,1430103494,4),(3731,'Office_Task',1,1,6532,1430103494,4),(3732,'MySQL5_OA',1,1,45180,1430103494,4),(3733,'Office_Index',1,0,5904,1430103494,4),(3734,'Office_POP3',1,0,5124,1430103494,4),(3735,'Office_Web',1,0,5140,1430103494,4),(3736,'Office_Redis',1,0,3300,1430103494,1),(3737,'Office_IM',1,1,1020,1430103614,4),(3738,'Office_Mail',1,0,6924,1430103614,4),(3739,'Office_Task',1,1,6536,1430103614,4),(3740,'MySQL5_OA',1,1,45188,1430103614,4),(3741,'Office_Index',1,0,5904,1430103614,4),(3742,'Office_POP3',1,0,5124,1430103614,4),(3743,'Office_Web',1,0,5208,1430103614,4),(3744,'Office_Redis',1,0,3300,1430103614,1),(3745,'Office_IM',1,0,1020,1430103734,4),(3746,'Office_Mail',1,0,6992,1430103734,4),(3747,'Office_Task',1,1,6556,1430103734,4),(3748,'MySQL5_OA',1,1,45108,1430103734,4),(3749,'Office_Index',1,0,5904,1430103734,4),(3750,'Office_POP3',1,0,5124,1430103734,4),(3751,'Office_Web',1,0,5292,1430103734,4),(3752,'Office_Redis',1,0,3300,1430103734,1),(3753,'Office_IM',1,0,1020,1430103854,4),(3754,'Office_Mail',1,0,6992,1430103854,4),(3755,'Office_Task',1,1,6556,1430103854,4),(3756,'MySQL5_OA',1,1,45136,1430103854,4),(3757,'Office_Index',1,0,5904,1430103854,4),(3758,'Office_POP3',1,0,5124,1430103854,4),(3759,'Office_Web',1,0,5352,1430103854,4),(3760,'Office_Redis',1,0,3300,1430103854,1),(3761,'Office_IM',1,0,1020,1430103974,4),(3762,'Office_Mail',1,0,6992,1430103974,4),(3763,'Office_Task',1,0,6556,1430103974,4),(3764,'MySQL5_OA',1,1,45152,1430103974,4),(3765,'Office_Index',1,0,5904,1430103974,4),(3766,'Office_POP3',1,0,5124,1430103974,4),(3767,'Office_Web',1,0,5428,1430103974,4),(3768,'Office_Redis',1,0,3300,1430103974,1),(3769,'Office_IM',1,0,1020,1430104094,4),(3770,'Office_Mail',1,0,6992,1430104094,4),(3771,'Office_Task',1,1,6564,1430104094,4),(3772,'MySQL5_OA',1,1,45152,1430104094,4),(3773,'Office_Index',1,0,5904,1430104094,4),(3774,'Office_POP3',1,0,5124,1430104094,4),(3775,'Office_Web',1,0,5492,1430104094,4),(3776,'Office_Redis',1,0,3300,1430104094,1),(3777,'Office_IM',1,0,1020,1430104214,4),(3778,'Office_Mail',1,0,6992,1430104214,4),(3779,'Office_Task',1,0,6564,1430104214,4),(3780,'MySQL5_OA',1,1,45152,1430104214,4),(3781,'Office_Index',1,0,5904,1430104214,4),(3782,'Office_POP3',1,0,5124,1430104214,4),(3783,'Office_Web',1,0,5560,1430104214,4),(3784,'Office_Redis',1,0,3300,1430104214,1),(3785,'Office_IM',1,0,1020,1430104334,4),(3786,'Office_Mail',1,0,7020,1430104334,4),(3787,'Office_Task',1,0,6568,1430104334,4),(3788,'MySQL5_OA',1,1,45152,1430104334,4),(3789,'Office_Index',1,0,5904,1430104334,4),(3790,'Office_POP3',1,0,5124,1430104334,4),(3791,'Office_Web',1,0,5636,1430104334,4),(3792,'Office_Redis',1,0,3300,1430104334,1),(3793,'Office_IM',1,0,1088,1430104454,4),(3794,'Office_Mail',1,0,7020,1430104454,4),(3795,'Office_Task',1,0,6572,1430104454,4),(3796,'MySQL5_OA',1,1,45152,1430104454,4),(3797,'Office_Index',1,0,5904,1430104454,4),(3798,'Office_POP3',1,0,5124,1430104454,4),(3799,'Office_Web',1,0,5696,1430104454,4),(3800,'Office_Redis',1,0,3300,1430104454,1),(3801,'Office_IM',1,0,1084,1430104574,4),(3802,'Office_Mail',1,0,7020,1430104574,4),(3803,'Office_Task',1,1,6576,1430104574,4),(3804,'MySQL5_OA',1,1,45212,1430104574,4),(3805,'Office_Index',1,0,5904,1430104574,4),(3806,'Office_POP3',1,0,5124,1430104574,4),(3807,'Office_Web',1,0,5772,1430104574,4),(3808,'Office_Redis',1,0,3300,1430104574,1),(3809,'Office_IM',1,0,1088,1430104694,4),(3810,'Office_Mail',1,0,7020,1430104694,4),(3811,'Office_Task',1,1,6576,1430104694,4),(3812,'MySQL5_OA',1,1,45212,1430104694,4),(3813,'Office_Index',1,0,5904,1430104694,4),(3814,'Office_POP3',1,0,5124,1430104694,4),(3815,'Office_Web',1,0,5836,1430104694,4),(3816,'Office_Redis',1,0,3300,1430104694,1),(3817,'Office_IM',1,0,1092,1430104814,4),(3818,'Office_Mail',1,0,7020,1430104814,4),(3819,'Office_Task',1,1,6576,1430104814,4),(3820,'MySQL5_OA',1,1,45212,1430104814,4),(3821,'Office_Index',1,0,5904,1430104814,4),(3822,'Office_POP3',1,0,5124,1430104814,4),(3823,'Office_Web',1,0,5904,1430104814,4),(3824,'Office_Redis',1,0,3300,1430104814,1),(3825,'Office_IM',1,1,1084,1430104934,4),(3826,'Office_Mail',1,1,7056,1430104934,4),(3827,'Office_Task',1,1,6584,1430104934,4),(3828,'MySQL5_OA',1,1,45164,1430104934,4),(3829,'Office_Index',1,0,5904,1430104934,4),(3830,'Office_POP3',1,0,5124,1430104934,4),(3831,'Office_Web',1,0,5976,1430104934,4),(3832,'Office_Redis',1,0,3300,1430104934,1),(3833,'Office_IM',1,0,32,1430105054,4),(3834,'Office_Mail',1,0,7056,1430105054,4),(3835,'Office_Task',1,0,36,1430105054,4),(3836,'MySQL5_OA',1,1,45164,1430105054,4),(3837,'Office_Index',1,0,5908,1430105054,4),(3838,'Office_POP3',1,0,5124,1430105054,4),(3839,'Office_Web',1,0,6044,1430105054,4),(3840,'Office_Redis',1,0,3300,1430105054,1),(3841,'Office_IM',1,0,32,1430105174,4),(3842,'Office_Mail',1,0,7056,1430105174,4),(3843,'Office_Task',1,0,36,1430105174,4),(3844,'MySQL5_OA',1,1,45164,1430105174,4),(3845,'Office_Index',1,0,5908,1430105174,4),(3846,'Office_POP3',1,0,5124,1430105174,4),(3847,'Office_Web',1,0,6124,1430105174,4),(3848,'Office_Redis',1,0,3300,1430105174,1),(3849,'Office_IM',1,0,32,1430105294,4),(3850,'Office_Mail',1,0,7056,1430105294,4),(3851,'Office_Task',1,0,36,1430105294,4),(3852,'MySQL5_OA',1,1,45164,1430105294,4),(3853,'Office_Index',1,0,5908,1430105294,4),(3854,'Office_POP3',1,0,5124,1430105294,4),(3855,'Office_Web',1,0,6192,1430105294,4),(3856,'Office_Redis',1,0,3300,1430105294,1),(3857,'Office_IM',1,0,32,1430105414,4),(3858,'Office_Mail',1,0,7056,1430105414,4),(3859,'Office_Task',1,0,36,1430105414,4),(3860,'MySQL5_OA',1,1,45164,1430105414,4),(3861,'Office_Index',1,0,5908,1430105414,4),(3862,'Office_POP3',1,0,5124,1430105414,4),(3863,'Office_Web',1,0,6260,1430105414,4),(3864,'Office_Redis',1,0,3300,1430105414,1),(3865,'Office_IM',1,0,32,1430105534,4),(3866,'Office_Mail',1,0,7080,1430105534,4),(3867,'Office_Task',1,0,36,1430105534,4),(3868,'MySQL5_OA',1,1,44856,1430105534,4),(3869,'Office_Index',1,0,5908,1430105534,4),(3870,'Office_POP3',1,0,5124,1430105534,4),(3871,'Office_Web',1,0,6328,1430105534,4),(3872,'Office_Redis',1,0,3300,1430105534,1),(3873,'Office_IM',1,0,32,1430105654,4),(3874,'Office_Mail',1,0,7080,1430105654,4),(3875,'Office_Task',1,0,36,1430105654,4),(3876,'MySQL5_OA',1,1,44968,1430105654,4),(3877,'Office_Index',1,0,5908,1430105654,4),(3878,'Office_POP3',1,0,5124,1430105654,4),(3879,'Office_Web',1,0,6396,1430105654,4),(3880,'Office_Redis',1,0,3300,1430105654,1),(3881,'Office_IM',1,0,32,1430105774,4),(3882,'Office_Mail',1,0,7080,1430105774,4),(3883,'Office_Task',1,0,36,1430105774,4),(3884,'MySQL5_OA',1,1,44968,1430105774,4),(3885,'Office_Index',1,0,5908,1430105774,4),(3886,'Office_POP3',1,0,5124,1430105774,4),(3887,'Office_Web',1,0,6464,1430105774,4),(3888,'Office_Redis',1,0,3300,1430105774,1),(3889,'Office_IM',1,0,32,1430105894,4),(3890,'Office_Mail',1,0,7080,1430105894,4),(3891,'Office_Task',1,0,36,1430105894,4),(3892,'MySQL5_OA',1,1,44968,1430105894,4),(3893,'Office_Index',1,0,5908,1430105894,4),(3894,'Office_POP3',1,0,5124,1430105894,4),(3895,'Office_Web',1,0,6532,1430105894,4),(3896,'Office_Redis',1,0,3300,1430105894,1),(3897,'Office_IM',1,0,32,1430106014,4),(3898,'Office_Mail',1,0,7080,1430106014,4),(3899,'Office_Task',1,0,36,1430106014,4),(3900,'MySQL5_OA',1,1,44968,1430106014,4),(3901,'Office_Index',1,0,5908,1430106014,4),(3902,'Office_POP3',1,0,5124,1430106014,4),(3903,'Office_Web',1,0,6600,1430106014,4),(3904,'Office_Redis',1,0,3300,1430106014,1),(3905,'Office_IM',1,0,32,1430106134,4),(3906,'Office_Mail',1,0,7104,1430106134,4),(3907,'Office_Task',1,0,36,1430106134,4),(3908,'MySQL5_OA',1,1,44980,1430106134,4),(3909,'Office_Index',1,0,5908,1430106134,4),(3910,'Office_POP3',1,0,5124,1430106134,4),(3911,'Office_Web',1,0,6668,1430106134,4),(3912,'Office_Redis',1,0,3300,1430106134,1),(3913,'Office_IM',1,0,32,1430106254,4),(3914,'Office_Mail',1,0,7104,1430106254,4),(3915,'Office_Task',1,0,36,1430106254,4),(3916,'MySQL5_OA',1,1,45000,1430106254,4),(3917,'Office_Index',1,0,5908,1430106254,4),(3918,'Office_POP3',1,0,5124,1430106254,4),(3919,'Office_Web',1,0,6736,1430106254,4),(3920,'Office_Redis',1,0,3300,1430106254,1),(3921,'Office_IM',1,0,32,1430106374,4),(3922,'Office_Mail',1,0,7104,1430106374,4),(3923,'Office_Task',1,0,36,1430106374,4),(3924,'MySQL5_OA',1,1,45000,1430106374,4),(3925,'Office_Index',1,0,5908,1430106374,4),(3926,'Office_POP3',1,0,5124,1430106374,4),(3927,'Office_Web',1,0,6808,1430106374,4),(3928,'Office_Redis',1,0,3300,1430106374,1),(3929,'Office_IM',1,0,1020,1430106717,4),(3930,'Office_Mail',1,0,6860,1430106717,4),(3931,'Office_Task',1,0,6412,1430106717,4),(3932,'MySQL5_OA',1,2,45024,1430106717,4),(3933,'Office_Index',1,0,5908,1430106717,4),(3934,'Office_POP3',1,0,5132,1430106717,4),(3935,'Office_Web',1,0,5060,1430106717,4),(3936,'Office_Redis',1,0,3300,1430106717,1),(3937,'Office_IM',1,0,1020,1430106837,4),(3938,'Office_Mail',1,0,6932,1430106837,4),(3939,'Office_Task',1,1,6496,1430106837,4),(3940,'MySQL5_OA',1,1,45196,1430106837,4),(3941,'Office_Index',1,0,5908,1430106837,4),(3942,'Office_POP3',1,0,5132,1430106837,4),(3943,'Office_Web',1,0,5140,1430106837,4),(3944,'Office_Redis',1,0,3300,1430106837,1),(3945,'Office_IM',1,0,1020,1430106957,4),(3946,'Office_Mail',1,0,6924,1430106957,4),(3947,'Office_Task',1,0,6516,1430106957,4),(3948,'MySQL5_OA',1,1,45208,1430106957,4),(3949,'Office_Index',1,0,5908,1430106957,4),(3950,'Office_POP3',1,0,5124,1430106957,4),(3951,'Office_Web',1,0,5220,1430106957,4),(3952,'Office_Redis',1,0,3300,1430106957,1),(3953,'Office_IM',1,0,1020,1430107077,4),(3954,'Office_Mail',1,0,6924,1430107077,4),(3955,'Office_Task',1,0,6520,1430107077,4),(3956,'MySQL5_OA',1,1,45220,1430107077,4),(3957,'Office_Index',1,0,5908,1430107077,4),(3958,'Office_POP3',1,0,5124,1430107077,4),(3959,'Office_Web',1,0,5284,1430107077,4),(3960,'Office_Redis',1,0,3300,1430107077,1),(3961,'Office_IM',1,0,1024,1430107480,4),(3962,'Office_Mail',1,0,6860,1430107480,4),(3963,'Office_Task',1,0,6496,1430107480,4),(3964,'MySQL5_OA',1,13,50420,1430107480,4),(3965,'Office_Index',1,0,5908,1430107480,4),(3966,'Office_POP3',1,0,5132,1430107480,4),(3967,'Office_Web',1,0,5056,1430107480,4),(3968,'Office_Redis',1,0,3300,1430107481,1),(3969,'Office_IM',1,0,1024,1430107600,4),(3970,'Office_Mail',1,0,6932,1430107600,4),(3971,'Office_Task',1,1,6508,1430107600,4),(3972,'MySQL5_OA',1,17,56376,1430107600,4),(3973,'Office_Index',1,0,5908,1430107600,4),(3974,'Office_POP3',1,0,5132,1430107600,4),(3975,'Office_Web',1,0,5136,1430107600,4),(3976,'Office_Redis',1,0,3300,1430107600,1),(3977,'Office_IM',1,0,1032,1430107720,4),(3978,'Office_Mail',1,0,6924,1430107720,4),(3979,'Office_Task',1,0,6520,1430107720,4),(3980,'MySQL5_OA',1,3,56260,1430107720,4),(3981,'Office_Index',1,0,5908,1430107720,4),(3982,'Office_POP3',1,0,5124,1430107720,4),(3983,'Office_Web',1,0,5220,1430107720,4),(3984,'Office_Redis',1,0,3300,1430107720,1),(3985,'Office_IM',1,0,1032,1430107840,4),(3986,'Office_Mail',1,0,6924,1430107840,4),(3987,'Office_Task',1,0,6524,1430107840,4),(3988,'MySQL5_OA',1,1,56368,1430107840,4),(3989,'Office_Index',1,0,5908,1430107840,4),(3990,'Office_POP3',1,0,5124,1430107840,4),(3991,'Office_Web',1,0,5280,1430107840,4),(3992,'Office_Redis',1,0,3300,1430107840,1),(3993,'Office_IM',1,0,1032,1430107960,4),(3994,'Office_Mail',1,0,6992,1430107960,4),(3995,'Office_Task',1,0,6544,1430107960,4),(3996,'MySQL5_OA',1,5,55176,1430107960,4),(3997,'Office_Index',1,0,5908,1430107960,4),(3998,'Office_POP3',1,0,5124,1430107960,4),(3999,'Office_Web',1,0,5356,1430107960,4),(4000,'Office_Redis',1,0,3300,1430107960,1),(4001,'Office_IM',1,0,1032,1430108080,4),(4002,'Office_Mail',1,0,6992,1430108080,4),(4003,'Office_Task',1,0,6548,1430108080,4),(4004,'MySQL5_OA',1,7,55004,1430108080,4),(4005,'Office_Index',1,0,5908,1430108080,4),(4006,'Office_POP3',1,0,5124,1430108080,4),(4007,'Office_Web',1,0,5416,1430108080,4),(4008,'Office_Redis',1,0,3300,1430108080,1),(4009,'Office_IM',1,0,1032,1430108200,4),(4010,'Office_Mail',1,0,6992,1430108200,4),(4011,'Office_Task',1,0,6552,1430108200,4),(4012,'MySQL5_OA',1,1,55052,1430108200,4),(4013,'Office_Index',1,0,5908,1430108200,4),(4014,'Office_POP3',1,0,5124,1430108200,4),(4015,'Office_Web',1,0,5488,1430108200,4),(4016,'Office_Redis',1,0,3300,1430108200,1),(4017,'Office_IM',1,1,1032,1430108320,4),(4018,'Office_Mail',1,0,6992,1430108320,4),(4019,'Office_Task',1,1,6552,1430108320,4),(4020,'MySQL5_OA',1,8,55188,1430108320,4),(4021,'Office_Index',1,0,5908,1430108320,4),(4022,'Office_POP3',1,0,5124,1430108320,4),(4023,'Office_Web',1,0,5564,1430108320,4),(4024,'Office_Redis',1,0,3300,1430108320,1),(4025,'Office_IM',1,0,1032,1430108440,4),(4026,'Office_Mail',1,0,6992,1430108440,4),(4027,'Office_Task',1,0,6552,1430108440,4),(4028,'MySQL5_OA',1,2,55296,1430108440,4),(4029,'Office_Index',1,0,5908,1430108440,4),(4030,'Office_POP3',1,0,5124,1430108440,4),(4031,'Office_Web',1,0,5624,1430108440,4),(4032,'Office_Redis',1,0,3300,1430108440,1),(4033,'Office_IM',1,0,1032,1430108560,4),(4034,'Office_Mail',1,0,7020,1430108560,4),(4035,'Office_Task',1,1,6552,1430108560,4),(4036,'MySQL5_OA',1,50,80400,1430108560,4),(4037,'Office_Index',1,0,5908,1430108560,4),(4038,'Office_POP3',1,0,5124,1430108560,4),(4039,'Office_Web',1,0,5700,1430108560,4),(4040,'Office_Redis',1,0,3300,1430108560,1),(4041,'Office_IM',1,0,1096,1430108680,4),(4042,'Office_Mail',1,0,7020,1430108680,4),(4043,'Office_Task',1,1,6552,1430108680,4),(4044,'MySQL5_OA',1,24,81828,1430108680,4),(4045,'Office_Index',1,0,5908,1430108680,4),(4046,'Office_POP3',1,0,5124,1430108680,4),(4047,'Office_Web',1,0,5760,1430108680,4),(4048,'Office_Redis',1,0,3300,1430108680,1),(4049,'Office_IM',1,0,1096,1430108800,4),(4050,'Office_Mail',1,0,7020,1430108800,4),(4051,'Office_Task',1,1,6552,1430108800,4),(4052,'MySQL5_OA',1,2,81748,1430108800,4),(4053,'Office_Index',1,0,5908,1430108800,4),(4054,'Office_POP3',1,0,5124,1430108800,4),(4055,'Office_Web',1,0,5832,1430108800,4),(4056,'Office_Redis',1,0,3300,1430108800,1),(4057,'Office_IM',1,0,1096,1430108920,4),(4058,'Office_Mail',1,0,7020,1430108920,4),(4059,'Office_Task',1,0,6556,1430108920,4),(4060,'MySQL5_OA',1,0,81708,1430108920,4),(4061,'Office_Index',1,0,5908,1430108920,4),(4062,'Office_POP3',1,0,5124,1430108920,4),(4063,'Office_Web',1,0,5908,1430108920,4),(4064,'Office_Redis',1,0,3300,1430108920,1),(4065,'Office_IM',1,0,1096,1430109040,4),(4066,'Office_Mail',1,0,7020,1430109040,4),(4067,'Office_Task',1,1,6556,1430109040,4),(4068,'MySQL5_OA',1,2,81664,1430109040,4),(4069,'Office_Index',1,0,5908,1430109040,4),(4070,'Office_POP3',1,0,5124,1430109040,4),(4071,'Office_Web',1,0,5968,1430109040,4),(4072,'Office_Redis',1,0,3300,1430109040,1),(4073,'Office_IM',1,0,1096,1430109160,4),(4074,'Office_Mail',1,0,7048,1430109160,4),(4075,'Office_Task',1,1,6572,1430109160,4),(4076,'MySQL5_OA',1,2,80336,1430109160,4),(4077,'Office_Index',1,0,5908,1430109160,4),(4078,'Office_POP3',1,0,5124,1430109160,4),(4079,'Office_Web',1,0,6044,1430109160,4),(4080,'Office_Redis',1,0,3300,1430109160,1),(4081,'Office_IM',1,0,1100,1430109280,4),(4082,'Office_Mail',1,0,7052,1430109280,4),(4083,'Office_Task',1,1,6576,1430109280,4),(4084,'MySQL5_OA',1,2,80412,1430109280,4),(4085,'Office_Index',1,0,5912,1430109280,4),(4086,'Office_POP3',1,0,5132,1430109280,4),(4087,'Office_Web',1,0,6120,1430109280,4),(4088,'Office_Redis',1,0,3300,1430109280,1),(4089,'Office_IM',1,0,1096,1430109400,4),(4090,'Office_Mail',1,0,7052,1430109400,4),(4091,'Office_Task',1,1,6576,1430109400,4),(4092,'MySQL5_OA',1,1,80420,1430109400,4),(4093,'Office_Index',1,0,5912,1430109400,4),(4094,'Office_POP3',1,0,5132,1430109400,4),(4095,'Office_Web',1,0,6188,1430109400,4),(4096,'Office_Redis',1,0,3300,1430109400,1),(4097,'Office_IM',1,0,1096,1430109520,4),(4098,'Office_Mail',1,0,7052,1430109520,4),(4099,'Office_Task',1,0,6576,1430109520,4),(4100,'MySQL5_OA',1,1,80420,1430109520,4),(4101,'Office_Index',1,0,5912,1430109520,4),(4102,'Office_POP3',1,0,5132,1430109520,4),(4103,'Office_Web',1,0,6256,1430109520,4),(4104,'Office_Redis',1,0,3300,1430109520,1),(4105,'Office_IM',1,0,1100,1430109640,4),(4106,'Office_Mail',1,1,7052,1430109640,4),(4107,'Office_Task',1,1,6576,1430109640,4),(4108,'MySQL5_OA',1,1,80420,1430109640,4),(4109,'Office_Index',1,0,5912,1430109640,4),(4110,'Office_POP3',1,0,5132,1430109640,4),(4111,'Office_Web',1,0,6324,1430109640,4),(4112,'Office_Redis',1,0,3300,1430109640,1),(4113,'Office_IM',1,0,1100,1430109760,4),(4114,'Office_Mail',1,0,7076,1430109760,4),(4115,'Office_Task',1,1,6576,1430109760,4),(4116,'MySQL5_OA',1,2,80396,1430109760,4),(4117,'Office_Index',1,0,5912,1430109760,4),(4118,'Office_POP3',1,0,5132,1430109760,4),(4119,'Office_Web',1,0,6392,1430109760,4),(4120,'Office_Redis',1,0,3300,1430109760,1),(4121,'Office_IM',1,0,1096,1430109880,4),(4122,'Office_Mail',1,0,7076,1430109880,4),(4123,'Office_Task',1,0,6576,1430109880,4),(4124,'MySQL5_OA',1,1,80464,1430109880,4),(4125,'Office_Index',1,0,5912,1430109880,4),(4126,'Office_POP3',1,0,5132,1430109880,4),(4127,'Office_Web',1,0,6460,1430109880,4),(4128,'Office_Redis',1,0,3300,1430109880,1),(4129,'Office_IM',1,0,1096,1430110000,4),(4130,'Office_Mail',1,0,7076,1430110000,4),(4131,'Office_Task',1,0,6576,1430110000,4),(4132,'MySQL5_OA',1,2,80476,1430110000,4),(4133,'Office_Index',1,0,5912,1430110000,4),(4134,'Office_POP3',1,0,5132,1430110000,4),(4135,'Office_Web',1,0,6528,1430110000,4),(4136,'Office_Redis',1,0,3300,1430110000,1),(4137,'Office_IM',1,0,1100,1430110120,4),(4138,'Office_Mail',1,0,7076,1430110120,4),(4139,'Office_Task',1,1,6576,1430110120,4),(4140,'MySQL5_OA',1,1,80476,1430110120,4),(4141,'Office_Index',1,0,5912,1430110120,4),(4142,'Office_POP3',1,0,5132,1430110120,4),(4143,'Office_Web',1,0,6596,1430110120,4),(4144,'Office_Redis',1,0,3300,1430110120,1),(4145,'Office_IM',1,0,1100,1430110240,4),(4146,'Office_Mail',1,0,7076,1430110240,4),(4147,'Office_Task',1,0,6576,1430110240,4),(4148,'MySQL5_OA',1,1,80492,1430110240,4),(4149,'Office_Index',1,0,5912,1430110240,4),(4150,'Office_POP3',1,0,5132,1430110240,4),(4151,'Office_Web',1,0,6664,1430110240,4),(4152,'Office_Redis',1,0,3300,1430110240,1),(4153,'Office_IM',1,0,1120,1430110360,4),(4154,'Office_Mail',1,0,7100,1430110360,4),(4155,'Office_Task',1,0,6576,1430110360,4),(4156,'MySQL5_OA',1,1,80504,1430110360,4),(4157,'Office_Index',1,0,5912,1430110360,4),(4158,'Office_POP3',1,0,5132,1430110360,4),(4159,'Office_Web',1,1,6732,1430110360,4),(4160,'Office_Redis',1,0,3300,1430110360,1),(4161,'Office_IM',1,0,1096,1430110480,4),(4162,'Office_Mail',1,0,7100,1430110480,4),(4163,'Office_Task',1,1,6576,1430110480,4),(4164,'MySQL5_OA',1,1,80508,1430110480,4),(4165,'Office_Index',1,0,5912,1430110480,4),(4166,'Office_POP3',1,0,5132,1430110480,4),(4167,'Office_Web',1,0,6804,1430110480,4),(4168,'Office_Redis',1,0,3300,1430110480,1),(4169,'Office_IM',1,0,1096,1430110600,4),(4170,'Office_Mail',1,0,7100,1430110600,4),(4171,'Office_Task',1,1,6576,1430110600,4),(4172,'MySQL5_OA',1,1,80500,1430110600,4),(4173,'Office_Index',1,0,5912,1430110600,4),(4174,'Office_POP3',1,0,5132,1430110600,4),(4175,'Office_Web',1,0,6872,1430110600,4),(4176,'Office_Redis',1,0,3300,1430110600,1),(4177,'Office_IM',1,0,1096,1430110720,4),(4178,'Office_Mail',1,0,7100,1430110720,4),(4179,'Office_Task',1,1,6576,1430110720,4),(4180,'MySQL5_OA',1,2,80508,1430110720,4),(4181,'Office_Index',1,0,5912,1430110720,4),(4182,'Office_POP3',1,0,5132,1430110720,4),(4183,'Office_Web',1,0,6940,1430110720,4),(4184,'Office_Redis',1,0,3300,1430110720,1),(4185,'Office_IM',1,0,1096,1430110840,4),(4186,'Office_Mail',1,0,7100,1430110840,4),(4187,'Office_Task',1,0,6576,1430110840,4),(4188,'MySQL5_OA',1,2,80476,1430110840,4),(4189,'Office_Index',1,0,5912,1430110840,4),(4190,'Office_POP3',1,0,5132,1430110840,4),(4191,'Office_Web',1,0,7008,1430110840,4),(4192,'Office_Redis',1,0,3300,1430110840,1),(4193,'Office_IM',1,0,1132,1430110961,4),(4194,'Office_Mail',1,0,7124,1430110961,4),(4195,'Office_Task',1,1,6588,1430110961,4),(4196,'MySQL5_OA',1,4,80516,1430110961,4),(4197,'Office_Index',1,0,5912,1430110961,4),(4198,'Office_POP3',1,0,5132,1430110961,4),(4199,'Office_Web',1,0,7076,1430110961,4),(4200,'Office_Redis',1,0,3300,1430110961,2),(4201,'Office_IM',1,0,1096,1430118588,4),(4202,'Office_Mail',1,5,7132,1430118588,4),(4203,'Office_Task',1,0,6588,1430118588,4),(4204,'MySQL5_OA',1,5,80336,1430118588,4),(4205,'Office_Index',1,0,5912,1430118588,4),(4206,'Office_POP3',1,0,5132,1430118588,4),(4207,'Office_Web',1,5,7148,1430118588,4),(4208,'Office_Redis',1,0,3300,1430118588,1),(4209,'Office_IM',1,1,1056,1430118708,4),(4210,'Office_Mail',1,0,7148,1430118708,4),(4211,'Office_Task',1,1,6672,1430118708,4),(4212,'MySQL5_OA',1,14,80948,1430118708,4),(4213,'Office_Index',1,0,5912,1430118708,4),(4214,'Office_POP3',1,0,5132,1430118708,4),(4215,'Office_Web',1,0,7216,1430118708,4),(4216,'Office_Redis',1,0,3300,1430118708,1),(4217,'Office_IM',1,0,1116,1430118886,4),(4218,'Office_Mail',1,0,7148,1430118886,4),(4219,'Office_Task',1,0,6664,1430118886,4),(4220,'MySQL5_OA',1,2,81228,1430118886,4),(4221,'Office_Index',1,0,5912,1430118886,4),(4222,'Office_POP3',1,1,5132,1430118886,4),(4223,'Office_Web',1,0,7284,1430118886,4),(4224,'Office_Redis',1,0,3300,1430118886,1),(4225,'Office_IM',1,1,732,1430119006,4),(4226,'Office_Mail',1,0,7148,1430119006,4),(4227,'Office_Task',1,1,6676,1430119006,4),(4228,'MySQL5_OA',1,2,81652,1430119006,4),(4229,'Office_Index',1,0,5912,1430119006,4),(4230,'Office_POP3',1,0,5132,1430119006,4),(4231,'Office_Web',1,0,7352,1430119006,4),(4232,'Office_Redis',1,0,3300,1430119006,1),(4233,'Office_IM',1,0,732,1430119126,4),(4234,'Office_Mail',1,0,7148,1430119126,4),(4235,'Office_Task',1,1,6676,1430119126,4),(4236,'MySQL5_OA',1,2,81728,1430119126,4),(4237,'Office_Index',1,0,5912,1430119126,4),(4238,'Office_POP3',1,0,5132,1430119126,4),(4239,'Office_Web',1,0,7420,1430119126,4),(4240,'Office_Redis',1,0,3300,1430119126,1),(4241,'Office_IM',1,1,732,1430119246,4),(4242,'Office_Mail',1,0,7172,1430119246,4),(4243,'Office_Task',1,1,6672,1430119246,4),(4244,'MySQL5_OA',1,5,81748,1430119246,4),(4245,'Office_Index',1,0,5912,1430119246,4),(4246,'Office_POP3',1,0,5132,1430119246,4),(4247,'Office_Web',1,1,7492,1430119246,4),(4248,'Office_Redis',1,0,3300,1430119246,1),(4249,'Office_IM',1,0,940,1430119366,4),(4250,'Office_Mail',1,0,7172,1430119366,4),(4251,'Office_Task',1,1,6664,1430119366,4),(4252,'MySQL5_OA',1,3,81128,1430119366,4),(4253,'Office_Index',1,0,5912,1430119366,4),(4254,'Office_POP3',1,0,5132,1430119366,4),(4255,'Office_Web',1,0,7564,1430119366,4),(4256,'Office_Redis',1,0,3300,1430119366,1),(4257,'Office_IM',1,0,512,1430119486,4),(4258,'Office_Mail',1,0,7172,1430119486,4),(4259,'Office_Task',1,0,6664,1430119486,4),(4260,'MySQL5_OA',1,1,81136,1430119486,4),(4261,'Office_Index',1,0,5912,1430119486,4),(4262,'Office_POP3',1,0,5132,1430119486,4),(4263,'Office_Web',1,0,7632,1430119486,4),(4264,'Office_Redis',1,0,3300,1430119486,1),(4265,'Office_IM',1,1,1072,1430119606,4),(4266,'Office_Mail',1,0,7172,1430119606,4),(4267,'Office_Task',1,1,6676,1430119606,4),(4268,'MySQL5_OA',1,2,81148,1430119606,4),(4269,'Office_Index',1,0,5912,1430119606,4),(4270,'Office_POP3',1,0,5132,1430119606,4),(4271,'Office_Web',1,0,7700,1430119606,4),(4272,'Office_Redis',1,0,3300,1430119606,1),(4273,'Office_IM',1,1,1068,1430119726,4),(4274,'Office_Mail',1,0,7172,1430119726,4),(4275,'Office_Task',1,1,6668,1430119726,4),(4276,'MySQL5_OA',1,2,81188,1430119726,4),(4277,'Office_Index',1,0,5912,1430119726,4),(4278,'Office_POP3',1,0,5132,1430119726,4),(4279,'Office_Web',1,0,7768,1430119726,4),(4280,'Office_Redis',1,0,3300,1430119726,1),(4281,'Office_IM',1,0,1008,1430120894,4),(4282,'Office_Mail',1,0,6492,1430120894,4),(4283,'Office_Task',1,1,8516,1430120894,4),(4284,'MySQL5_OA',1,2,71120,1430120894,4),(4285,'Office_IM',1,0,1016,1430143217,4),(4286,'Office_Mail',1,0,6864,1430143217,4),(4287,'Office_Task',1,0,6440,1430143217,4),(4288,'MySQL5_OA',1,521,106696,1430143217,4),(4289,'Office_POP3',1,0,5132,1430143217,4),(4290,'Office_Web',1,0,5056,1430143217,4),(4291,'Office_Redis',1,0,5020,1430143217,4);

--
